{"id":74,"date":"2026-03-31T18:09:37","date_gmt":"2026-03-31T21:09:37","guid":{"rendered":"https:\/\/eventos.ifg.edu.br\/xsemanadehistoriaifg\/?page_id=74"},"modified":"2026-04-07T16:15:39","modified_gmt":"2026-04-07T19:15:39","slug":"74-2","status":"publish","type":"page","link":"https:\/\/eventos.ifg.edu.br\/xsemanadehistoriaifg\/","title":{"rendered":"APRESENTA\u00c7\u00c3O"},"content":{"rendered":"\n<figure class=\"wp-block-gallery has-nested-images columns-default is-cropped wp-block-gallery-1 is-layout-flex wp-block-gallery-is-layout-flex\">\n<figure class=\"wp-block-image size-large\"><img fetchpriority=\"high\" decoding=\"async\" width=\"761\" height=\"212\" data-id=\"120\" src=\"https:\/\/eventos.ifg.edu.br\/xsemanadehistoriaifg\/wp-content\/uploads\/sites\/98\/2026\/04\/IMAGEM-2.png\" alt=\"\" class=\"wp-image-120\" srcset=\"https:\/\/eventos.ifg.edu.br\/xsemanadehistoriaifg\/wp-content\/uploads\/sites\/98\/2026\/04\/IMAGEM-2.png 761w, https:\/\/eventos.ifg.edu.br\/xsemanadehistoriaifg\/wp-content\/uploads\/sites\/98\/2026\/04\/IMAGEM-2-300x84.png 300w\" sizes=\"(max-width: 761px) 100vw, 761px\" \/><\/figure>\n<\/figure>\n\n\n\n<p><\/p>\n\n\n\n<p>A Semana de Licenciatura em Hist\u00f3ria do IFG, a ocorrer entre os dia 01 a 03 de junho de 2026, se constitui em um evento desenvolvido no \u00e2mbito das atividades acad\u00eamicas do Curso de Licenciatura em Hist\u00f3ria. Trata-se de evento acad\u00eamico composto por confer\u00eancias, mesas de debates, minicursos e simp\u00f3sios tem\u00e1ticos.<\/p>\n\n\n\n<p>Na sua d\u00e9cima edi\u00e7\u00e3o foi proposto como tema norteador \u201cContradi\u00e7\u00f5es e conflitos de uma (des)ordem mundial em ebuli\u00e7\u00e3o\u201d, em decorr\u00eancia do acirramento de contradi\u00e7\u00f5es e conflitos da ordem mundial formada no p\u00f3s-Segunda Guerra, sob a hegemonia dos Estados Unidos. Trata-se de mudan\u00e7as\/transforma\u00e7\u00f5es quantitativas e qualitativas dos fundamentos da referida ordem, com radicaliza\u00e7\u00e3o das contradi\u00e7\u00f5es e dos conflitos herdados, no tempo presente, e uma nova ordem mundial completamente incerta e indefinida.<\/p>\n\n\n\n<p>As referidas mundializa\u00e7\u00e3o e disputas se desenvolvem potencializando contradi\u00e7\u00f5es e conflitos pr\u00f3prios em termos econ\u00f4mico-sociais e pol\u00edtico-sociais no plano internacional, mas tamb\u00e9m entre sistema capitalista mundial e sistemas\/din\u00e2micas econ\u00f4micas e pol\u00edticas nacionais. Assim, s\u00e3o promovidas mobiliza\u00e7\u00f5es de estruturas, din\u00e2micas e processos econ\u00f4micos e pol\u00edticos por parte de interesses das classes dominantes dos diversos pa\u00edses.<\/p>\n\n\n\n<p>A mundializa\u00e7\u00e3o do capitalismo, hierarquizado em termos de desenvolvimento produtivo, financeiro, comercial e tecnol\u00f3gico, com centros econ\u00f4mico-sociais de elevado, m\u00e9dio e baixo desenvolvimento capitalista, alcan\u00e7ou avan\u00e7os in\u00e9ditos. A partir dessa mundializa\u00e7\u00e3o emergiram disputas de regimes\/governos com capacidade de proje\u00e7\u00e3o de poder global (EUA, China e R\u00fassia) e regional (\u00cdndia, pa\u00edses europeus, Brasil, Turquia, Ir\u00e3, Nig\u00e9ria).<\/p>\n\n\n\n<p>Tais processos ocorrem em um contexto que re\u00fane e colide uma diversidade de processos delet\u00e9rios, a saber: continuidade da tend\u00eancia de queda da taxa m\u00e9dia de acumula\u00e7\u00e3o capitalista; financeiriza\u00e7\u00e3o da economia internacional e da maior parte das economias nacionais; crise de superacumula\u00e7\u00e3o que pode transitar para uma crise de superdesvaloriza\u00e7\u00e3o capitalista; corrida tecnol\u00f3gica entre superpot\u00eancias e \u00e1reas de influ\u00eancia; disputas econ\u00f4mico geopol\u00edticas que envolvem guerras (militares abertas e por procura\u00e7\u00e3o, comerciais, h\u00edbridas, cognitivas e ideol\u00f3gico-culturais), a\u00e7\u00f5es militares (de decapita\u00e7\u00e3o de regimes\/governos e de lideran\u00e7as pol\u00edticas e militares) e disputas pelo controle de entroncamentos e rotas comerciais e de minerais estrat\u00e9gicos.<\/p>\n","protected":false},"excerpt":{"rendered":"<p>A Semana de Licenciatura em Hist\u00f3ria do IFG, a ocorrer entre os dia 01 a 03 de junho de 2026, se constitui em um evento desenvolvido no \u00e2mbito das atividades acad\u00eamicas do Curso de Licenciatura em Hist\u00f3ria. Trata-se de evento acad\u00eamico composto por confer\u00eancias, mesas de debates, minicursos e simp\u00f3sios tem\u00e1ticos. Na sua d\u00e9cima edi\u00e7\u00e3o&hellip;<a href=\"https:\/\/eventos.ifg.edu.br\/xsemanadehistoriaifg\/\">Leia mais <span class=\"screen-reader-text\">APRESENTA\u00c7\u00c3O<\/span><\/a><\/p>\n","protected":false},"author":155,"featured_media":0,"parent":0,"menu_order":0,"comment_status":"closed","ping_status":"closed","template":"","meta":{"ngg_post_thumbnail":0,"footnotes":""},"class_list":["post-74","page","type-page","status-publish","hentry"],"_links":{"self":[{"href":"https:\/\/eventos.ifg.edu.br\/xsemanadehistoriaifg\/wp-json\/wp\/v2\/pages\/74"}],"collection":[{"href":"https:\/\/eventos.ifg.edu.br\/xsemanadehistoriaifg\/wp-json\/wp\/v2\/pages"}],"about":[{"href":"https:\/\/eventos.ifg.edu.br\/xsemanadehistoriaifg\/wp-json\/wp\/v2\/types\/page"}],"author":[{"embeddable":true,"href":"https:\/\/eventos.ifg.edu.br\/xsemanadehistoriaifg\/wp-json\/wp\/v2\/users\/155"}],"replies":[{"embeddable":true,"href":"https:\/\/eventos.ifg.edu.br\/xsemanadehistoriaifg\/wp-json\/wp\/v2\/comments?post=74"}],"version-history":[{"count":17,"href":"https:\/\/eventos.ifg.edu.br\/xsemanadehistoriaifg\/wp-json\/wp\/v2\/pages\/74\/revisions"}],"predecessor-version":[{"id":144,"href":"https:\/\/eventos.ifg.edu.br\/xsemanadehistoriaifg\/wp-json\/wp\/v2\/pages\/74\/revisions\/144"}],"wp:attachment":[{"href":"https:\/\/eventos.ifg.edu.br\/xsemanadehistoriaifg\/wp-json\/wp\/v2\/media?parent=74"}],"curies":[{"name":"wp","href":"https:\/\/api.w.org\/{rel}","templated":true}]}}