{"id":58,"date":"2017-03-31T11:34:59","date_gmt":"2017-03-31T14:34:59","guid":{"rendered":"http:\/\/eventos.ifg.edu.br\/wetica2017\/?page_id=58"},"modified":"2017-03-31T11:34:59","modified_gmt":"2017-03-31T14:34:59","slug":"organizacao","status":"publish","type":"page","link":"https:\/\/eventos.ifg.edu.br\/wetica2017\/organizacao\/","title":{"rendered":"Organiza\u00e7\u00e3o"},"content":{"rendered":"<p>O\u00a0II WORKSHOP \u2013 MORALIDADE E CONDUTA \u00c9TICA \u2013 GEST\u00c3O DA \u00c9TICA NA INSTITUI\u00c7\u00c3O DE EDUCA\u00c7\u00c3O \u00e9 um evento organizado pela Comiss\u00e3o de \u00c9tica do IFG.<\/p>\n<p>Organizadores:<\/p>\n<p><strong>Marisa Alves Vento<\/strong> \u2013 Presidente<br \/>\n<strong>Rachel Benta Messias Bastos<\/strong> \u2013 Titular<br \/>\n<strong>Simone Souza Ramalho<\/strong> \u2013 Titular<br \/>\n<strong>Ildeu L\u00facio Siqueira<\/strong> \u2013 Suplente<br \/>\n<strong>Cristiano Domingues da Silva<\/strong> \u2013 Suplente<br \/>\n<strong>Anna Carolline Bai\u00e3o Malaquias<\/strong> \u2013 Secr\u00e9taria Executiva<\/p>\n<p>&nbsp;<\/p>\n","protected":false},"excerpt":{"rendered":"<p>O\u00a0II WORKSHOP \u2013 MORALIDADE E CONDUTA \u00c9TICA \u2013 GEST\u00c3O DA \u00c9TICA NA INSTITUI\u00c7\u00c3O DE EDUCA\u00c7\u00c3O \u00e9 um evento organizado pela Comiss\u00e3o de \u00c9tica do IFG. Organizadores: Marisa Alves Vento \u2013 Presidente Rachel Benta Messias Bastos \u2013 Titular Simone Souza Ramalho \u2013 Titular Ildeu L\u00facio Siqueira \u2013 Suplente Cristiano Domingues da Silva \u2013 Suplente Anna Carolline [&hellip;]<\/p>\n","protected":false},"author":42,"featured_media":0,"parent":0,"menu_order":0,"comment_status":"closed","ping_status":"closed","template":"","meta":{"ngg_post_thumbnail":0,"footnotes":""},"class_list":["post-58","page","type-page","status-publish","hentry"],"_links":{"self":[{"href":"https:\/\/eventos.ifg.edu.br\/wetica2017\/wp-json\/wp\/v2\/pages\/58"}],"collection":[{"href":"https:\/\/eventos.ifg.edu.br\/wetica2017\/wp-json\/wp\/v2\/pages"}],"about":[{"href":"https:\/\/eventos.ifg.edu.br\/wetica2017\/wp-json\/wp\/v2\/types\/page"}],"author":[{"embeddable":true,"href":"https:\/\/eventos.ifg.edu.br\/wetica2017\/wp-json\/wp\/v2\/users\/42"}],"replies":[{"embeddable":true,"href":"https:\/\/eventos.ifg.edu.br\/wetica2017\/wp-json\/wp\/v2\/comments?post=58"}],"version-history":[{"count":1,"href":"https:\/\/eventos.ifg.edu.br\/wetica2017\/wp-json\/wp\/v2\/pages\/58\/revisions"}],"predecessor-version":[{"id":59,"href":"https:\/\/eventos.ifg.edu.br\/wetica2017\/wp-json\/wp\/v2\/pages\/58\/revisions\/59"}],"wp:attachment":[{"href":"https:\/\/eventos.ifg.edu.br\/wetica2017\/wp-json\/wp\/v2\/media?parent=58"}],"curies":[{"name":"wp","href":"https:\/\/api.w.org\/{rel}","templated":true}]}}