{"id":42,"date":"2022-02-15T17:36:50","date_gmt":"2022-02-15T20:36:50","guid":{"rendered":"http:\/\/eventos.ifg.edu.br\/viiisemanadehistoria\/?page_id=42"},"modified":"2022-06-16T08:59:29","modified_gmt":"2022-06-16T11:59:29","slug":"cronograma","status":"publish","type":"page","link":"https:\/\/eventos.ifg.edu.br\/viiisemanadehistoria\/cronograma\/","title":{"rendered":"Cronograma"},"content":{"rendered":"<p><strong>&nbsp;<\/strong><\/p>\n<ul>\n<li><span style=\"text-decoration: underline\">02\/01 a 10\/02\/22:<\/span> Recebimento das propostas de minicursos e simp\u00f3sios tem\u00e1ticos.&nbsp;&nbsp;&nbsp;&nbsp;&nbsp;&nbsp;&nbsp;&nbsp;&nbsp;&nbsp;&nbsp;&nbsp;&nbsp;&nbsp;&nbsp;&nbsp;&nbsp;&nbsp;&nbsp;&nbsp;&nbsp;&nbsp;&nbsp;&nbsp;&nbsp;&nbsp;&nbsp;&nbsp;&nbsp;&nbsp;&nbsp;&nbsp;&nbsp;&nbsp;&nbsp;&nbsp;&nbsp;&nbsp;&nbsp;<\/li>\n<li><span style=\"text-decoration: underline\">15\/02\/22:<\/span> Divulga\u00e7\u00e3o dos minicursos e simp\u00f3sios tem\u00e1ticos aprovados.<\/li>\n<li><span style=\"text-decoration: underline\"><span style=\"color: #000000;text-decoration: underline\">17\/02 a <\/span><\/span><del><span style=\"text-decoration: underline\">18\/04\/22<\/span><\/del><span style=\"text-decoration: underline\"><span style=\"color: #ff0000\"> 01\/05\/22 (prorrogado):<\/span><\/span> Inscri\u00e7\u00f5es de propostas de apresenta\u00e7\u00e3o de trabalho nos simp\u00f3sios tem\u00e1ticos (comunica\u00e7\u00f5es).<\/li>\n<li><span style=\"text-decoration: underline\"><span style=\"color: #000000;text-decoration: underline\">17\/02 a <\/span><\/span><del><span style=\"text-decoration: underline\">18\/04\/22<\/span><\/del><span style=\"text-decoration: underline\"><span style=\"color: #ff0000\"> 01\/05\/22 (prorrogado):<\/span><\/span> Inscri\u00e7\u00f5es para participa\u00e7\u00e3o nos minicursos.<\/li>\n<li><span style=\"text-decoration: underline\"><span style=\"color: #ff0000\">03\/05\/22<\/span>:<\/span> Divulga\u00e7\u00e3o dos inscritos em minicursos e das comunica\u00e7\u00f5es aceitas nos Simp\u00f3sios Tem\u00e1ticos.<\/li>\n<li><span style=\"text-decoration: underline\"><span style=\"color: #ff0000\">01\/05\/22<\/span> a 16\/05:<\/span> Inscri\u00e7\u00f5es para ouvintes.<\/li>\n<li><span style=\"text-decoration: underline\">16\/05 a 20\/05\/22:<\/span> Realiza\u00e7\u00e3o do evento.<\/li>\n<li><span style=\"text-decoration: underline\">15\/07\/22:<\/span> Prazo m\u00e1ximo para submiss\u00e3o do trabalho final para publica\u00e7\u00e3o nos anais do evento. &nbsp;&nbsp;&nbsp;&nbsp;&nbsp;&nbsp;&nbsp;&nbsp;&nbsp;&nbsp;&nbsp;&nbsp;&nbsp;&nbsp;&nbsp;&nbsp;&nbsp;&nbsp;&nbsp;&nbsp;&nbsp;&nbsp;&nbsp;&nbsp;&nbsp;&nbsp;&nbsp;&nbsp;&nbsp;&nbsp;&nbsp;&nbsp;&nbsp;&nbsp;&nbsp;&nbsp;&nbsp;&nbsp;&nbsp;&nbsp;&nbsp;&nbsp;&nbsp;&nbsp;&nbsp;&nbsp;&nbsp;&nbsp;&nbsp;&nbsp;&nbsp;&nbsp;&nbsp;&nbsp;&nbsp;&nbsp;&nbsp;&nbsp; &nbsp; &nbsp; &nbsp; &nbsp; &nbsp; &nbsp; &nbsp;&nbsp;<\/li>\n<\/ul>\n<p>&nbsp;<\/p>\n","protected":false},"excerpt":{"rendered":"<p>&nbsp; 02\/01 a 10\/02\/22: Recebimento das propostas de minicursos e simp\u00f3sios tem\u00e1ticos.&nbsp;&nbsp;&nbsp;&nbsp;&nbsp;&nbsp;&nbsp;&nbsp;&nbsp;&nbsp;&nbsp;&nbsp;&nbsp;&nbsp;&nbsp;&nbsp;&nbsp;&nbsp;&nbsp;&nbsp;&nbsp;&nbsp;&nbsp;&nbsp;&nbsp;&nbsp;&nbsp;&nbsp;&nbsp;&nbsp;&nbsp;&nbsp;&nbsp;&nbsp;&nbsp;&nbsp;&nbsp;&nbsp;&nbsp; 15\/02\/22: Divulga\u00e7\u00e3o dos minicursos e simp\u00f3sios tem\u00e1ticos aprovados. 17\/02 a 18\/04\/22 01\/05\/22 (prorrogado): Inscri\u00e7\u00f5es de propostas de apresenta\u00e7\u00e3o de trabalho nos simp\u00f3sios tem\u00e1ticos (comunica\u00e7\u00f5es). 17\/02 a 18\/04\/22 01\/05\/22 (prorrogado): Inscri\u00e7\u00f5es para participa\u00e7\u00e3o nos minicursos. 03\/05\/22: Divulga\u00e7\u00e3o dos inscritos em minicursos e das comunica\u00e7\u00f5es&#8230; <a href=\"https:\/\/eventos.ifg.edu.br\/viiisemanadehistoria\/cronograma\/\" class=\"more-link\">Continue reading <span class=\"screen-reader-text\">Cronograma<\/span><\/a><\/p>\n","protected":false},"author":156,"featured_media":153,"parent":0,"menu_order":2,"comment_status":"closed","ping_status":"closed","template":"","meta":{"ngg_post_thumbnail":0,"footnotes":""},"class_list":["post-42","page","type-page","status-publish","has-post-thumbnail","hentry"],"_links":{"self":[{"href":"https:\/\/eventos.ifg.edu.br\/viiisemanadehistoria\/wp-json\/wp\/v2\/pages\/42"}],"collection":[{"href":"https:\/\/eventos.ifg.edu.br\/viiisemanadehistoria\/wp-json\/wp\/v2\/pages"}],"about":[{"href":"https:\/\/eventos.ifg.edu.br\/viiisemanadehistoria\/wp-json\/wp\/v2\/types\/page"}],"author":[{"embeddable":true,"href":"https:\/\/eventos.ifg.edu.br\/viiisemanadehistoria\/wp-json\/wp\/v2\/users\/156"}],"replies":[{"embeddable":true,"href":"https:\/\/eventos.ifg.edu.br\/viiisemanadehistoria\/wp-json\/wp\/v2\/comments?post=42"}],"version-history":[{"count":13,"href":"https:\/\/eventos.ifg.edu.br\/viiisemanadehistoria\/wp-json\/wp\/v2\/pages\/42\/revisions"}],"predecessor-version":[{"id":224,"href":"https:\/\/eventos.ifg.edu.br\/viiisemanadehistoria\/wp-json\/wp\/v2\/pages\/42\/revisions\/224"}],"wp:featuredmedia":[{"embeddable":true,"href":"https:\/\/eventos.ifg.edu.br\/viiisemanadehistoria\/wp-json\/wp\/v2\/media\/153"}],"wp:attachment":[{"href":"https:\/\/eventos.ifg.edu.br\/viiisemanadehistoria\/wp-json\/wp\/v2\/media?parent=42"}],"curies":[{"name":"wp","href":"https:\/\/api.w.org\/{rel}","templated":true}]}}