{"id":38,"date":"2022-01-27T19:17:31","date_gmt":"2022-01-27T22:17:31","guid":{"rendered":"http:\/\/eventos.ifg.edu.br\/viiisemanadehistoria\/?page_id=38"},"modified":"2022-04-20T08:54:34","modified_gmt":"2022-04-20T11:54:34","slug":"inscricoes-para-comunicacoes-nos-simposios-tematicos","status":"publish","type":"page","link":"https:\/\/eventos.ifg.edu.br\/viiisemanadehistoria\/inscricoes\/inscricoes-para-comunicacoes-nos-simposios-tematicos\/","title":{"rendered":"Inscri\u00e7\u00f5es para comunica\u00e7\u00f5es nos Simp\u00f3sios Tem\u00e1ticos"},"content":{"rendered":"<p><strong><span style=\"color: #ff0000\">PRORROGADAS AS INSCRI\u00c7\u00d5ES: 19\/04 &#8211; 01\/05\/2022<\/span><\/strong><\/p>\n<p><strong>Est\u00e1 aberto, entre os dias 17\/02\/2022 e <del>18\/04\/2022<\/del> <span style=\"color: #ff0000\">01\/05\/2022<\/span> <span style=\"color: #ff0000\">(PRORROGADO) <\/span>o per\u00edodo para envio de propostas de comunica\u00e7\u00e3o nos <a href=\"http:\/\/eventos.ifg.edu.br\/viiisemanadehistoria\/2022\/02\/15\/simposios-tematicos\/\">Simp\u00f3sios Tem\u00e1ticos<\/a>.<\/strong><\/p>\n<p><span style=\"color: #ff0000\"><strong>Para submeter sua proposta, \u00e9 preciso seguir as seguintes orienta\u00e7\u00f5es:<\/strong><\/span><\/p>\n<p><strong>Baixar e preencher o formul\u00e1rio anexo a esta p\u00e1gina e encaminh\u00e1-lo ao e-mail da coordenadora ou do coordenador do Simp\u00f3sio Tem\u00e1tico selecionado. <\/strong><\/p>\n<p><a href=\"http:\/\/eventos.ifg.edu.br\/viiisemanadehistoria\/wp-content\/uploads\/sites\/72\/2022\/01\/Ficha-de-proposta-de-comunica\u00e7\u00e3o-1.docx\">Ficha de proposta de comunica\u00e7\u00e3o<\/a><\/p>\n<p>Segue a lista de e-mails para envio:<\/p>\n<p><strong>ST 01: Linguagens e a escrita da Hist\u00f3ria<\/strong><br \/>\nCoordenadores\/as: Ana L\u00edvia Louren\u00e7o Ferreira e \u00c1tila Fernandes dos Santos<br \/>\n<strong>e-mail: analivialourencoferreira@hotmail.com<\/strong><\/p>\n<p><strong>ST 02: Ensinar, aprender e pesquisar sobre a Idade M\u00e9dia<\/strong><br \/>\nCoordenadores\/as: Andr\u00e9 Costa Aciole da Silva e Mariana Amorim Romero<br \/>\n<strong>e-mail: andre.silva2@ifg.edu.br<\/strong><\/p>\n<p><strong> ST 03: Vulnerabilidades do ensino de hist\u00f3ria: que espa\u00e7os perdemos na escola?<\/strong><br \/>\nCoordenadores\/as: Cristiano Nicolini e Luc\u00edlia Maria Santiso Dieguez<br \/>\n<strong>e-mail: cristianonicolini@ufg.br<\/strong><\/p>\n<p><strong> ST 04: Insurgindo a hist\u00f3ria nacional: g\u00eanero, sexualidades e outras dissid\u00eancias<\/strong><br \/>\nCoordenadoras\/es: Fl\u00e1via Pereira Machado e Rhanielly Pereira do Nascimento Pinto<br \/>\n<strong>e-mail: flavia.ifg.machado@gmail.com<\/strong><\/p>\n<p><strong> ST 05: O Ensino na Educa\u00e7\u00e3o de Jovens e Adultos: doc\u00eancia, sujeitos, saberes e pr\u00e1ticas da educa\u00e7\u00e3o popular<\/strong><br \/>\nCoordenadores: Josu\u00e9 Vidal Pereira e Sebasti\u00e3o Cl\u00e1udio Barbosa<br \/>\n<strong>e-mail: josue.pereira@ifg.edu.br<\/strong><\/p>\n<p><strong> ST 06: Hist\u00f3ria da \u00c1frica e da Cultura Afro-Brasileira<\/strong><br \/>\nCoordenadoras\/es: Janira Sodr\u00e9 Miranda e Yangley Adriano Marinho<br \/>\n<strong>e-mail: yangley.marinho@ifg.edu.br<\/strong><\/p>\n<p><strong> ST 07: O Antigo Regime e os imp\u00e9rios pluricontinentais: dimens\u00f5es pol\u00edticas, culturais e econ\u00f4micas<\/strong><br \/>\nCoordenador: Paulo Miguel Moreira da Fonseca<br \/>\n<strong>e-mail: paulo.fonseca@ifg.edu.br<\/strong><\/p>\n<p><strong> ST 08: Articula\u00e7\u00f5es entre a Ci\u00eancia Hist\u00f3rica e a Teoria Psicanal\u00edtica<\/strong><br \/>\nCoordenador: Diego A. Moraes Carvalho<br \/>\n<strong>e-mail: diego.carvalho@ifg.edu.br<\/strong><\/p>\n<p><strong> ST 09: Educa\u00e7\u00e3o Patrimonial: possibilidades e desafios<\/strong><br \/>\nCoordenadoras\/es: Dianina Raquel Silva Rabelo, Maria Dailza da Concei\u00e7\u00e3o Fagundes, Neemias Oliveira da Silva<br \/>\n<strong>e-mail: dianina.rabelo@ifg.edu.br<\/strong><\/p>\n<p><strong> ST 10: O historiador e as fontes: pesquisas sob novos olhares e abordagens<\/strong><br \/>\nCoordenadoras\/es: Dianina Raquel Silva Rabelo, Cleusa Teixeira de Sousa, Maicon da Silva Camargo<br \/>\n<strong>e-mail: dianina.rabelo@ifg.edu.br<\/strong><\/p>\n","protected":false},"excerpt":{"rendered":"<p>PRORROGADAS AS INSCRI\u00c7\u00d5ES: 19\/04 &#8211; 01\/05\/2022 Est\u00e1 aberto, entre os dias 17\/02\/2022 e 18\/04\/2022 01\/05\/2022 (PRORROGADO) o per\u00edodo para envio de propostas de comunica\u00e7\u00e3o nos Simp\u00f3sios Tem\u00e1ticos. Para submeter sua proposta, \u00e9 preciso seguir as seguintes orienta\u00e7\u00f5es: Baixar e preencher o formul\u00e1rio anexo a esta p\u00e1gina e encaminh\u00e1-lo ao e-mail da coordenadora ou do coordenador&#8230; <a href=\"https:\/\/eventos.ifg.edu.br\/viiisemanadehistoria\/inscricoes\/inscricoes-para-comunicacoes-nos-simposios-tematicos\/\" class=\"more-link\">Continue reading <span class=\"screen-reader-text\">Inscri\u00e7\u00f5es para comunica\u00e7\u00f5es nos Simp\u00f3sios Tem\u00e1ticos<\/span><\/a><\/p>\n","protected":false},"author":156,"featured_media":14,"parent":46,"menu_order":1,"comment_status":"closed","ping_status":"closed","template":"","meta":{"ngg_post_thumbnail":0,"footnotes":""},"class_list":["post-38","page","type-page","status-publish","has-post-thumbnail","hentry"],"_links":{"self":[{"href":"https:\/\/eventos.ifg.edu.br\/viiisemanadehistoria\/wp-json\/wp\/v2\/pages\/38"}],"collection":[{"href":"https:\/\/eventos.ifg.edu.br\/viiisemanadehistoria\/wp-json\/wp\/v2\/pages"}],"about":[{"href":"https:\/\/eventos.ifg.edu.br\/viiisemanadehistoria\/wp-json\/wp\/v2\/types\/page"}],"author":[{"embeddable":true,"href":"https:\/\/eventos.ifg.edu.br\/viiisemanadehistoria\/wp-json\/wp\/v2\/users\/156"}],"replies":[{"embeddable":true,"href":"https:\/\/eventos.ifg.edu.br\/viiisemanadehistoria\/wp-json\/wp\/v2\/comments?post=38"}],"version-history":[{"count":17,"href":"https:\/\/eventos.ifg.edu.br\/viiisemanadehistoria\/wp-json\/wp\/v2\/pages\/38\/revisions"}],"predecessor-version":[{"id":186,"href":"https:\/\/eventos.ifg.edu.br\/viiisemanadehistoria\/wp-json\/wp\/v2\/pages\/38\/revisions\/186"}],"up":[{"embeddable":true,"href":"https:\/\/eventos.ifg.edu.br\/viiisemanadehistoria\/wp-json\/wp\/v2\/pages\/46"}],"wp:featuredmedia":[{"embeddable":true,"href":"https:\/\/eventos.ifg.edu.br\/viiisemanadehistoria\/wp-json\/wp\/v2\/media\/14"}],"wp:attachment":[{"href":"https:\/\/eventos.ifg.edu.br\/viiisemanadehistoria\/wp-json\/wp\/v2\/media?parent=38"}],"curies":[{"name":"wp","href":"https:\/\/api.w.org\/{rel}","templated":true}]}}