{"id":37,"date":"2018-04-24T14:50:09","date_gmt":"2018-04-24T17:50:09","guid":{"rendered":"http:\/\/eventos.ifg.edu.br\/v-coloquio-matematica-centro-oeste\/?page_id=37"},"modified":"2018-08-21T03:37:07","modified_gmt":"2018-08-21T06:37:07","slug":"submissoes","status":"publish","type":"page","link":"https:\/\/eventos.ifg.edu.br\/v-coloquio-matematica-centro-oeste\/submissoes","title":{"rendered":"Submiss\u00f5es"},"content":{"rendered":"<p>[social_share style=&#8221;circle&#8221; align=&#8221;horizontal&#8221; heading_align=&#8221;inline&#8221; text=&#8221;&#8221; heading=&#8221;&#8221; facebook=&#8221;1&#8243; whatsapp=&#8221;1&#8243; telegram=&#8221;1&#8243; twitter=&#8221;1&#8243; google_plus=&#8221;1&#8243; linkedin=&#8221;1&#8243; pinterest=&#8221;1&#8243; link=&#8221;http:\/\/eventos.ifg.edu.br\/v-coloquio-matematica-centro-oeste\/submissoes&#8221; \/]<\/p>\n<ul>\n<li><a href=\"http:\/\/eventos.ifg.edu.br\/v-coloquio-matematica-centro-oeste\/submissoes\/minicursos-e-oficinas\"><strong>Submiss\u00e3o de propostas de minicursos e oficinas;<\/strong><\/a><\/li>\n<li><a href=\"http:\/\/eventos.ifg.edu.br\/v-coloquio-matematica-centro-oeste\/submissoes\/apresentacoes-orais-e-posteres\"><strong>Submiss\u00e3o de resumos de trabalhos (Apresenta\u00e7\u00f5es Orais e P\u00f4steres).<\/strong><\/a><\/li>\n<\/ul>\n","protected":false},"excerpt":{"rendered":"<p>[social_share style=&#8221;circle&#8221; align=&#8221;horizontal&#8221; heading_align=&#8221;inline&#8221; text=&#8221;&#8221; heading=&#8221;&#8221; facebook=&#8221;1&#8243; whatsapp=&#8221;1&#8243; telegram=&#8221;1&#8243; twitter=&#8221;1&#8243; google_plus=&#8221;1&#8243; linkedin=&#8221;1&#8243; pinterest=&#8221;1&#8243; link=&#8221;http:\/\/eventos.ifg.edu.br\/v-coloquio-matematica-centro-oeste\/submissoes&#8221; \/] Submiss\u00e3o de propostas de minicursos e oficinas; Submiss\u00e3o de resumos de trabalhos (Apresenta\u00e7\u00f5es Orais e P\u00f4steres).<\/p>\n","protected":false},"author":81,"featured_media":0,"parent":0,"menu_order":2,"comment_status":"closed","ping_status":"closed","template":"","meta":{"ngg_post_thumbnail":0,"footnotes":""},"class_list":["post-37","page","type-page","status-publish","hentry"],"_links":{"self":[{"href":"https:\/\/eventos.ifg.edu.br\/v-coloquio-matematica-centro-oeste\/wp-json\/wp\/v2\/pages\/37"}],"collection":[{"href":"https:\/\/eventos.ifg.edu.br\/v-coloquio-matematica-centro-oeste\/wp-json\/wp\/v2\/pages"}],"about":[{"href":"https:\/\/eventos.ifg.edu.br\/v-coloquio-matematica-centro-oeste\/wp-json\/wp\/v2\/types\/page"}],"author":[{"embeddable":true,"href":"https:\/\/eventos.ifg.edu.br\/v-coloquio-matematica-centro-oeste\/wp-json\/wp\/v2\/users\/81"}],"replies":[{"embeddable":true,"href":"https:\/\/eventos.ifg.edu.br\/v-coloquio-matematica-centro-oeste\/wp-json\/wp\/v2\/comments?post=37"}],"version-history":[{"count":9,"href":"https:\/\/eventos.ifg.edu.br\/v-coloquio-matematica-centro-oeste\/wp-json\/wp\/v2\/pages\/37\/revisions"}],"predecessor-version":[{"id":260,"href":"https:\/\/eventos.ifg.edu.br\/v-coloquio-matematica-centro-oeste\/wp-json\/wp\/v2\/pages\/37\/revisions\/260"}],"wp:attachment":[{"href":"https:\/\/eventos.ifg.edu.br\/v-coloquio-matematica-centro-oeste\/wp-json\/wp\/v2\/media?parent=37"}],"curies":[{"name":"wp","href":"https:\/\/api.w.org\/{rel}","templated":true}]}}

Submissões

<p>[social_share style=&#8221;circle&#8221; align=&#8221;horizontal&#8221; heading_align=&#8221;inline&#8221; text=&#8221;&#8221; heading=&#8221;&#8221; facebook=&#8221;1&#8243; whatsapp=&#8221;1&#8243; telegram=&#8221;1&#8243; twitter=&#8221;1&#8243; google_plus=&#8221;1&#8243; linkedin=&#8221;1&#8243; pinterest=&#8221;1&#8243; link=&#8221;http://eventos.ifg.edu.br/v-coloquio-matematica-centro-oeste/submissoes&#8221; /]</p>
<ul>
<li><a href="http://eventos.ifg.edu.br/v-coloquio-matematica-centro-oeste/submissoes/minicursos-e-oficinas"><strong>Submissão de propostas de minicursos e oficinas;</strong></a></li>
<li><a href="http://eventos.ifg.edu.br/v-coloquio-matematica-centro-oeste/submissoes/apresentacoes-orais-e-posteres"><strong>Submissão de resumos de trabalhos (Apresentações Orais e Pôsteres).</strong></a></li>
</ul>

<p>[social_share style=&#8221;circle&#8221; align=&#8221;horizontal&#8221; heading_align=&#8221;inline&#8221; text=&#8221;&#8221; heading=&#8221;&#8221; facebook=&#8221;1&#8243; whatsapp=&#8221;1&#8243; telegram=&#8221;1&#8243; twitter=&#8221;1&#8243; google_plus=&#8221;1&#8243; linkedin=&#8221;1&#8243; pinterest=&#8221;1&#8243; link=&#8221;http://eventos.ifg.edu.br/v-coloquio-matematica-centro-oeste/submissoes&#8221; /] Submissão de propostas de minicursos e oficinas; Submissão de resumos de trabalhos (Apresentações Orais e Pôsteres).</p>
