{"id":276,"date":"2018-09-05T02:28:48","date_gmt":"2018-09-05T05:28:48","guid":{"rendered":"http:\/\/eventos.ifg.edu.br\/v-coloquio-matematica-centro-oeste\/?page_id=276"},"modified":"2018-11-26T01:10:51","modified_gmt":"2018-11-26T03:10:51","slug":"programacao","status":"publish","type":"page","link":"https:\/\/eventos.ifg.edu.br\/v-coloquio-matematica-centro-oeste\/programacao","title":{"rendered":"Programa\u00e7\u00e3o"},"content":{"rendered":"<p>[social_share style=&#8221;circle&#8221; align=&#8221;horizontal&#8221; heading_align=&#8221;inline&#8221; text=&#8221;&#8221; heading=&#8221;&#8221; facebook=&#8221;1&#8243; twitter=&#8221;1&#8243; google_plus=&#8221;1&#8243; linkedin=&#8221;1&#8243; pinterest=&#8221;1&#8243; link=&#8221;http:\/\/eventos.ifg.edu.br\/v-coloquio-matematica-centro-oeste\/programacao&#8221; \/]<\/p>\n<p>Veja abaixo os detalhes sobre a programa\u00e7\u00e3o do evento!<\/p>\n<h3><img fetchpriority=\"high\" decoding=\"async\" class=\"aligncenter size-full wp-image-564\" src=\"http:\/\/eventos.ifg.edu.br\/v-coloquio-matematica-centro-oeste\/wp-content\/uploads\/sites\/38\/2018\/09\/Programa\u00e7\u00e3o.png\" alt=\"Programa\u00e7\u00e3o\" width=\"3808\" height=\"2703\"><\/h3>\n<h3 style=\"text-align: center\">[ <a href=\"http:\/\/eventos.ifg.edu.br\/v-coloquio-matematica-centro-oeste\/programacao\/conferencias\">Confer\u00eancias<\/a> | <a href=\"http:\/\/eventos.ifg.edu.br\/v-coloquio-matematica-centro-oeste\/programacao\/minicursos\">Minicursos<\/a> | <a href=\"http:\/\/eventos.ifg.edu.br\/v-coloquio-matematica-centro-oeste\/programacao\/oficinas\">Oficinas<\/a> | <a href=\"http:\/\/eventos.ifg.edu.br\/v-coloquio-matematica-centro-oeste\/programacao\/sessoes-tecnicas\">Sess\u00f5es T\u00e9cnicas<\/a> | <a href=\"http:\/\/eventos.ifg.edu.br\/v-coloquio-matematica-centro-oeste\/programacao\/posteres\">P\u00f4steres<\/a> ]<\/h3>\n","protected":false},"excerpt":{"rendered":"<p>[social_share style=&#8221;circle&#8221; align=&#8221;horizontal&#8221; heading_align=&#8221;inline&#8221; text=&#8221;&#8221; heading=&#8221;&#8221; facebook=&#8221;1&#8243; twitter=&#8221;1&#8243; google_plus=&#8221;1&#8243; linkedin=&#8221;1&#8243; pinterest=&#8221;1&#8243; link=&#8221;http:\/\/eventos.ifg.edu.br\/v-coloquio-matematica-centro-oeste\/programacao&#8221; \/] Veja abaixo os detalhes sobre a programa\u00e7\u00e3o do evento! [ Confer\u00eancias | Minicursos | Oficinas | Sess\u00f5es T\u00e9cnicas | P\u00f4steres ]<\/p>\n","protected":false},"author":81,"featured_media":0,"parent":0,"menu_order":3,"comment_status":"closed","ping_status":"closed","template":"","meta":{"ngg_post_thumbnail":0,"footnotes":""},"class_list":["post-276","page","type-page","status-publish","hentry"],"_links":{"self":[{"href":"https:\/\/eventos.ifg.edu.br\/v-coloquio-matematica-centro-oeste\/wp-json\/wp\/v2\/pages\/276"}],"collection":[{"href":"https:\/\/eventos.ifg.edu.br\/v-coloquio-matematica-centro-oeste\/wp-json\/wp\/v2\/pages"}],"about":[{"href":"https:\/\/eventos.ifg.edu.br\/v-coloquio-matematica-centro-oeste\/wp-json\/wp\/v2\/types\/page"}],"author":[{"embeddable":true,"href":"https:\/\/eventos.ifg.edu.br\/v-coloquio-matematica-centro-oeste\/wp-json\/wp\/v2\/users\/81"}],"replies":[{"embeddable":true,"href":"https:\/\/eventos.ifg.edu.br\/v-coloquio-matematica-centro-oeste\/wp-json\/wp\/v2\/comments?post=276"}],"version-history":[{"count":22,"href":"https:\/\/eventos.ifg.edu.br\/v-coloquio-matematica-centro-oeste\/wp-json\/wp\/v2\/pages\/276\/revisions"}],"predecessor-version":[{"id":565,"href":"https:\/\/eventos.ifg.edu.br\/v-coloquio-matematica-centro-oeste\/wp-json\/wp\/v2\/pages\/276\/revisions\/565"}],"wp:attachment":[{"href":"https:\/\/eventos.ifg.edu.br\/v-coloquio-matematica-centro-oeste\/wp-json\/wp\/v2\/media?parent=276"}],"curies":[{"name":"wp","href":"https:\/\/api.w.org\/{rel}","templated":true}]}}