{"id":93,"date":"2023-05-16T17:29:15","date_gmt":"2023-05-16T20:29:15","guid":{"rendered":"http:\/\/eventos.ifg.edu.br\/slict2023\/?page_id=93"},"modified":"2023-05-25T18:14:21","modified_gmt":"2023-05-25T21:14:21","slug":"inscricao","status":"publish","type":"page","link":"https:\/\/eventos.ifg.edu.br\/slict2023\/inscricao\/","title":{"rendered":"Inscri\u00e7\u00e3o"},"content":{"rendered":"<div style=\"font-size:18px;line-height:1.3cm\">\nA CPI\/GEPPEX\/C\u00e2mpus Goi\u00e2nia publicou a Chamada P\u00fablica do XI SLICT 2023 para inscri\u00e7\u00f5es dos projetos de PIBICTI no site do C\u00e2mpus Goi\u00e2nia do IFG no link: <a href=\"https:\/\/www.ifg.edu.br\/attachments\/article\/1076\/Chamada_Publica_9_2023_XI-SLICT.pdf\">https:\/\/www.ifg.edu.br\/attachments\/article\/1076\/Chamada_Publica_9_2023_XI-SLICT.pdf<\/a> em que os orientadores do PIBICTI\/IFG inscreveram os resultados parciais dos projetos de Pesquisa e os autores, coautores e alunos orientandos para apresenta\u00e7\u00e3o em Sess\u00f5es de Comunica\u00e7\u00e3o Oral.<br \/>\nAs inscri\u00e7\u00f5es dos projetos de pesquisa s\u00e3o OBRIGAT\u00d3RIAS no SLICT e caso n\u00e3o sejam realizadas ou a aus\u00eancia justificada n\u00e3o seja acatada pelo Comit\u00ea do PIBICTI, institu\u00eddo pela DPI\/PROPPG, o coordenador do projeto e coautores estar\u00e3o em situa\u00e7\u00e3o de pend\u00eancia junto a CPI\/GEPPEX e DPI\/PROPPG.<\/p>\n<p>O modelo indicado para as apresenta\u00e7\u00e3o do trabalho cient\u00edfico foi disponibilizado junto com o Edital de Chamada P\u00fablica, no link do SUGEP\/IFG, contendo os t\u00f3picos principais de uma apresenta\u00e7\u00e3o, bem como orienta\u00e7\u00f5es gerais para a cria\u00e7\u00e3o da apresenta\u00e7\u00e3o, contudo n\u00e3o \u00e9 obrigat\u00f3rio, podendo ser utilizado modelo pr\u00f3prio.<\/p>\n<h2>Inscri\u00e7\u00f5es para a categoria ouvinte<\/h2>\n<p>O link de inscri\u00e7\u00e3o para a categoria ouvinte est\u00e1 dispon\u00edvel no SUGEP\/IFG pelo link: <a href=\"https:\/\/sugep.ifg.edu.br\/eventos\/#\/publico\/eventos\/77b3ef3e-2c04-4682-a89c-68806209c477\/inscricao\">https:\/\/sugep.ifg.edu.br\/eventos\/#\/publico\/eventos\/77b3ef3e-2c04-4682-a89c-68806209c477\/inscricao<\/a> . Nesse link \u00e9 poss\u00edvel os participantes do evento realizarem sua inscri\u00e7\u00e3o no evento e conferirem a programa\u00e7\u00e3o do evento na \u00edntegra.\n<\/div>\n","protected":false},"excerpt":{"rendered":"<p>A CPI\/GEPPEX\/C\u00e2mpus Goi\u00e2nia publicou a Chamada P\u00fablica do XI SLICT 2023 para inscri\u00e7\u00f5es dos projetos de PIBICTI no site do C\u00e2mpus Goi\u00e2nia do IFG no link: https:\/\/www.ifg.edu.br\/attachments\/article\/1076\/Chamada_Publica_9_2023_XI-SLICT.pdf em que os orientadores do PIBICTI\/IFG inscreveram os resultados parciais dos projetos de Pesquisa e os autores, coautores e alunos orientandos para apresenta\u00e7\u00e3o em Sess\u00f5es de Comunica\u00e7\u00e3o Oral. <a href=\"https:\/\/eventos.ifg.edu.br\/slict2023\/inscricao\/\" rel=\"nofollow\"><span class=\"sr-only\">Read more about Inscri\u00e7\u00e3o<\/span>[&hellip;]<\/a><\/p>\n","protected":false},"author":193,"featured_media":0,"parent":0,"menu_order":0,"comment_status":"closed","ping_status":"closed","template":"","meta":{"ngg_post_thumbnail":0,"footnotes":""},"class_list":["post-93","page","type-page","status-publish","hentry"],"_links":{"self":[{"href":"https:\/\/eventos.ifg.edu.br\/slict2023\/wp-json\/wp\/v2\/pages\/93"}],"collection":[{"href":"https:\/\/eventos.ifg.edu.br\/slict2023\/wp-json\/wp\/v2\/pages"}],"about":[{"href":"https:\/\/eventos.ifg.edu.br\/slict2023\/wp-json\/wp\/v2\/types\/page"}],"author":[{"embeddable":true,"href":"https:\/\/eventos.ifg.edu.br\/slict2023\/wp-json\/wp\/v2\/users\/193"}],"replies":[{"embeddable":true,"href":"https:\/\/eventos.ifg.edu.br\/slict2023\/wp-json\/wp\/v2\/comments?post=93"}],"version-history":[{"count":7,"href":"https:\/\/eventos.ifg.edu.br\/slict2023\/wp-json\/wp\/v2\/pages\/93\/revisions"}],"predecessor-version":[{"id":137,"href":"https:\/\/eventos.ifg.edu.br\/slict2023\/wp-json\/wp\/v2\/pages\/93\/revisions\/137"}],"wp:attachment":[{"href":"https:\/\/eventos.ifg.edu.br\/slict2023\/wp-json\/wp\/v2\/media?parent=93"}],"curies":[{"name":"wp","href":"https:\/\/api.w.org\/{rel}","templated":true}]}}

Inscrição

<div style="font-size:18px;line-height:1.3cm">
A CPI/GEPPEX/Câmpus Goiânia publicou a Chamada Pública do XI SLICT 2023 para inscrições dos projetos de PIBICTI no site do Câmpus Goiânia do IFG no link: <a href="https://www.ifg.edu.br/attachments/article/1076/Chamada_Publica_9_2023_XI-SLICT.pdf">https://www.ifg.edu.br/attachments/article/1076/Chamada_Publica_9_2023_XI-SLICT.pdf</a> em que os orientadores do PIBICTI/IFG inscreveram os resultados parciais dos projetos de Pesquisa e os autores, coautores e alunos orientandos para apresentação em Sessões de Comunicação Oral.<br />
As inscrições dos projetos de pesquisa são OBRIGATÓRIAS no SLICT e caso não sejam realizadas ou a ausência justificada não seja acatada pelo Comitê do PIBICTI, instituído pela DPI/PROPPG, o coordenador do projeto e coautores estarão em situação de pendência junto a CPI/GEPPEX e DPI/PROPPG.</p>
<p>O modelo indicado para as apresentação do trabalho científico foi disponibilizado junto com o Edital de Chamada Pública, no link do SUGEP/IFG, contendo os tópicos principais de uma apresentação, bem como orientações gerais para a criação da apresentação, contudo não é obrigatório, podendo ser utilizado modelo próprio.</p>
<h2>Inscrições para a categoria ouvinte</h2>
<p>O link de inscrição para a categoria ouvinte está disponível no SUGEP/IFG pelo link: <a href="https://sugep.ifg.edu.br/eventos/#/publico/eventos/77b3ef3e-2c04-4682-a89c-68806209c477/inscricao">https://sugep.ifg.edu.br/eventos/#/publico/eventos/77b3ef3e-2c04-4682-a89c-68806209c477/inscricao</a> . Nesse link é possível os participantes do evento realizarem sua inscrição no evento e conferirem a programação do evento na íntegra.
</div>

<p>A CPI/GEPPEX/Câmpus Goiânia publicou a Chamada Pública do XI SLICT 2023 para inscrições dos projetos de PIBICTI no site do Câmpus Goiânia do IFG no link: https://www.ifg.edu.br/attachments/article/1076/Chamada_Publica_9_2023_XI-SLICT.pdf em que os orientadores do PIBICTI/IFG inscreveram os resultados parciais dos projetos de Pesquisa e os autores, coautores e alunos orientandos para apresentação em Sessões de Comunicação Oral. <a href="https://eventos.ifg.edu.br/slict2023/inscricao/" rel="nofollow"><span class="sr-only">Read more about Inscrição</span>[&hellip;]</a></p>
