{"id":89,"date":"2023-05-16T17:27:32","date_gmt":"2023-05-16T20:27:32","guid":{"rendered":"http:\/\/eventos.ifg.edu.br\/slict2023\/?page_id=89"},"modified":"2023-05-25T18:11:32","modified_gmt":"2023-05-25T21:11:32","slug":"programacao","status":"publish","type":"page","link":"https:\/\/eventos.ifg.edu.br\/slict2023\/programacao\/","title":{"rendered":"Evento"},"content":{"rendered":"<div style=\"font-size:18px;line-height:1.3cm\">\nO evento ocorrer\u00e1 nos dias 29, 30 e 31 de maio e excepcionalmente no dia 01 de junho de 2023 no C\u00e2mpus Goi\u00e2nai do IFG, nos tr\u00eas turnos.<\/p>\n<p>A divulga\u00e7\u00e3o das apresenta\u00e7\u00f5es e palestras est\u00e1 na Aba Apresenta\u00e7\u00f5es.<\/p>\n<p>A apresenta\u00e7\u00e3o dos trabalhos de Inicia\u00e7\u00e3o Cient\u00edfica e Tecnol\u00f3gica ocorrer\u00e1 nas turmas de Ensino Superior e Ensino M\u00e9dio do C\u00e2mpus Goi\u00e2nia ao qual o pesquisador orientador possui v\u00ednculo ou em forma de colabora\u00e7\u00e3o com outros Cursos e Departamentos de \u00c1reas do C\u00e2mpus apresentando as pesquisas em turmas diversas das que possui v\u00ednculo, at\u00e9 que todos os pesquisadores apresentem os resultados de suas pesquisas.<br \/>\nDessa forma, o pesquisador\/a orientador\/ poder\u00e1 apresentar com sua equipe (coautores e discentes orientandos) os resultados das pesquisas da seguinte forma:<\/p>\n<p>1 \u2013 Em turma\/s dos Cursos de Ensino M\u00e9dio e\/ou Superior em que leciona;<br \/>\n2 \u2013 Em turma\/s dos Cursos de Ensino M\u00e9dio e\/ou Superior de outros Cursos e Departamentos de forma colaborativa com outros docentes e pesquisadores;<br \/>\n3- No audit\u00f3rio reservado pela organiza\u00e7\u00e3o do evento em que uma ou mais turmas, bem como interessados no tema poder\u00e3o participar da apresenta\u00e7\u00e3o<\/p>\n<p>Esta din\u00e2mica de apresenta\u00e7\u00e3o visa oportunizar que as pesquisas do PIBICTI sejam divulgadas nos diferentes n\u00edveis de ensino e para os estudantes do C\u00e2mpus Goi\u00e2nia.<\/p>\n<p>O evento contar\u00e1 ainda com 03 oficinas de projetos de pesquisa, em que na oficina do Comit\u00ea de \u00c9tica em Pesquisa (CEP): trocas de experi\u00eancias, do Prof. Dr. Aldo Muro J\u00fanior ser\u00e3o abordados temas relevantes para o protocolo de projetos de ensino, pesquisa e extens\u00e3o que abordem pesquisas com seres humanos esclarecendo sobre os principais pontos \u00e9ticos da pesquisa e em que estejam previstas, por exemplo, aplica\u00e7\u00e3o de question\u00e1rios, entrevistas, grava\u00e7\u00f5es, uso de imagem, uso de insumos e amostras alimentares, cosm\u00e9ticas e medicinais e outros experimentos cient\u00edficos e tecnol\u00f3gicos com pessoas,  al\u00e9m de outros pontos essenciais para que as pesquisas tramitem e recebam o parecer consubstanciado do CEP\/CONEP, que oficializam as pesquisas perante as institui\u00e7\u00f5es.<\/p>\n<p>J\u00e1 nas oficinas de Oportunidades de editais de empresas privadas: Edital da Cargill ministrada pela prof.\u00aa Dra. Gis\u00e9lia Lima Carvalho e Prof.\u00aa Dra. Rebeca Elster Rubim e Conhecendo oportunidades com os editais da SETEC\/MEC ministrada pelo prof. Dr. Carlos Roberto da Silveira J\u00fanior, ser\u00e3o abordados os principais pontos dos editais de oportunidades para conquista de bolsas, servi\u00e7os e prospec\u00e7\u00e3o de incentivos financeiros para realiza\u00e7\u00e3o de projetos de pesquisa, extens\u00e3o, inova\u00e7\u00e3o e eventos, sendo uma oportunidade relevante de maior aprendizado para os pesquisadores ampliarem as oportunidades e incentivos financeiros nos projetos.<\/p>\n<p>O XI SLICT 2023 contar\u00e1 com a apresenta\u00e7\u00e3o de 69  projetos de pesquisa cient\u00edfica e tecnol\u00f3gica desenvolvidas no C\u00e2mpus Goi\u00e2nia do IFG no \u00e2mbito do Programa Institucional de Bolsas de Inicia\u00e7\u00e3o Cient\u00edfica e Tecnol\u00f3gica e Inova\u00e7\u00e3o (PIBICTI) do IFG no Ensino Superior e Ensino M\u00e9dio Integrado.\n<\/p><\/div>\n","protected":false},"excerpt":{"rendered":"<p>O evento ocorrer\u00e1 nos dias 29, 30 e 31 de maio e excepcionalmente no dia 01 de junho de 2023 no C\u00e2mpus Goi\u00e2nai do IFG, nos tr\u00eas turnos. A divulga\u00e7\u00e3o das apresenta\u00e7\u00f5es e palestras est\u00e1 na Aba Apresenta\u00e7\u00f5es. A apresenta\u00e7\u00e3o dos trabalhos de Inicia\u00e7\u00e3o Cient\u00edfica e Tecnol\u00f3gica ocorrer\u00e1 nas turmas de Ensino Superior e Ensino <a href=\"https:\/\/eventos.ifg.edu.br\/slict2023\/programacao\/\" rel=\"nofollow\"><span class=\"sr-only\">Read more about Evento<\/span>[&hellip;]<\/a><\/p>\n","protected":false},"author":193,"featured_media":0,"parent":0,"menu_order":0,"comment_status":"closed","ping_status":"closed","template":"","meta":{"ngg_post_thumbnail":0,"footnotes":""},"class_list":["post-89","page","type-page","status-publish","hentry"],"_links":{"self":[{"href":"https:\/\/eventos.ifg.edu.br\/slict2023\/wp-json\/wp\/v2\/pages\/89"}],"collection":[{"href":"https:\/\/eventos.ifg.edu.br\/slict2023\/wp-json\/wp\/v2\/pages"}],"about":[{"href":"https:\/\/eventos.ifg.edu.br\/slict2023\/wp-json\/wp\/v2\/types\/page"}],"author":[{"embeddable":true,"href":"https:\/\/eventos.ifg.edu.br\/slict2023\/wp-json\/wp\/v2\/users\/193"}],"replies":[{"embeddable":true,"href":"https:\/\/eventos.ifg.edu.br\/slict2023\/wp-json\/wp\/v2\/comments?post=89"}],"version-history":[{"count":6,"href":"https:\/\/eventos.ifg.edu.br\/slict2023\/wp-json\/wp\/v2\/pages\/89\/revisions"}],"predecessor-version":[{"id":135,"href":"https:\/\/eventos.ifg.edu.br\/slict2023\/wp-json\/wp\/v2\/pages\/89\/revisions\/135"}],"wp:attachment":[{"href":"https:\/\/eventos.ifg.edu.br\/slict2023\/wp-json\/wp\/v2\/media?parent=89"}],"curies":[{"name":"wp","href":"https:\/\/api.w.org\/{rel}","templated":true}]}}

<div style="font-size:18px;line-height:1.3cm">
O evento ocorrerá nos dias 29, 30 e 31 de maio e excepcionalmente no dia 01 de junho de 2023 no Câmpus Goiânai do IFG, nos três turnos.</p>
<p>A divulgação das apresentações e palestras está na Aba Apresentações.</p>
<p>A apresentação dos trabalhos de Iniciação Científica e Tecnológica ocorrerá nas turmas de Ensino Superior e Ensino Médio do Câmpus Goiânia ao qual o pesquisador orientador possui vínculo ou em forma de colaboração com outros Cursos e Departamentos de Áreas do Câmpus apresentando as pesquisas em turmas diversas das que possui vínculo, até que todos os pesquisadores apresentem os resultados de suas pesquisas.<br />
Dessa forma, o pesquisador/a orientador/ poderá apresentar com sua equipe (coautores e discentes orientandos) os resultados das pesquisas da seguinte forma:</p>
<p>1 – Em turma/s dos Cursos de Ensino Médio e/ou Superior em que leciona;<br />
2 – Em turma/s dos Cursos de Ensino Médio e/ou Superior de outros Cursos e Departamentos de forma colaborativa com outros docentes e pesquisadores;<br />
3- No auditório reservado pela organização do evento em que uma ou mais turmas, bem como interessados no tema poderão participar da apresentação</p>
<p>Esta dinâmica de apresentação visa oportunizar que as pesquisas do PIBICTI sejam divulgadas nos diferentes níveis de ensino e para os estudantes do Câmpus Goiânia.</p>
<p>O evento contará ainda com 03 oficinas de projetos de pesquisa, em que na oficina do Comitê de Ética em Pesquisa (CEP): trocas de experiências, do Prof. Dr. Aldo Muro Júnior serão abordados temas relevantes para o protocolo de projetos de ensino, pesquisa e extensão que abordem pesquisas com seres humanos esclarecendo sobre os principais pontos éticos da pesquisa e em que estejam previstas, por exemplo, aplicação de questionários, entrevistas, gravações, uso de imagem, uso de insumos e amostras alimentares, cosméticas e medicinais e outros experimentos científicos e tecnológicos com pessoas,  além de outros pontos essenciais para que as pesquisas tramitem e recebam o parecer consubstanciado do CEP/CONEP, que oficializam as pesquisas perante as instituições.</p>
<p>Já nas oficinas de Oportunidades de editais de empresas privadas: Edital da Cargill ministrada pela prof.ª Dra. Gisélia Lima Carvalho e Prof.ª Dra. Rebeca Elster Rubim e Conhecendo oportunidades com os editais da SETEC/MEC ministrada pelo prof. Dr. Carlos Roberto da Silveira Júnior, serão abordados os principais pontos dos editais de oportunidades para conquista de bolsas, serviços e prospecção de incentivos financeiros para realização de projetos de pesquisa, extensão, inovação e eventos, sendo uma oportunidade relevante de maior aprendizado para os pesquisadores ampliarem as oportunidades e incentivos financeiros nos projetos.</p>
<p>O XI SLICT 2023 contará com a apresentação de 69  projetos de pesquisa científica e tecnológica desenvolvidas no Câmpus Goiânia do IFG no âmbito do Programa Institucional de Bolsas de Iniciação Científica e Tecnológica e Inovação (PIBICTI) do IFG no Ensino Superior e Ensino Médio Integrado.
</p></div>

<p>O evento ocorrerá nos dias 29, 30 e 31 de maio e excepcionalmente no dia 01 de junho de 2023 no Câmpus Goiânai do IFG, nos três turnos. A divulgação das apresentações e palestras está na Aba Apresentações. A apresentação dos trabalhos de Iniciação Científica e Tecnológica ocorrerá nas turmas de Ensino Superior e Ensino <a href="https://eventos.ifg.edu.br/slict2023/programacao/" rel="nofollow"><span class="sr-only">Read more about Evento</span>[&hellip;]</a></p>
