{"id":77,"date":"2023-05-11T22:34:36","date_gmt":"2023-05-12T01:34:36","guid":{"rendered":"http:\/\/eventos.ifg.edu.br\/slict2023\/?page_id=77"},"modified":"2023-05-18T10:00:22","modified_gmt":"2023-05-18T13:00:22","slug":"home","status":"publish","type":"page","link":"https:\/\/eventos.ifg.edu.br\/slict2023\/","title":{"rendered":"In\u00edcio"},"content":{"rendered":"<div style=\"font-size:18px;line-height:1.5cm;text-align:justify;background-color:#04315B;color:#fff;padding:20px\">\n<img decoding=\"async\" src=\"http:\/\/eventos.ifg.edu.br\/slict2023\/wp-content\/uploads\/sites\/80\/2023\/05\/XI_SLICT_2023_Banner_WP.png\" style=\"width:100vw\" \/><\/p>\n<p>O Semin\u00e1rio Local de Inicia\u00e7\u00e3o Cient\u00edfica e Tecnol\u00f3gica \u00e9 um evento anual organizado pela Ger\u00eancia de Pesquisa, P\u00f3s-Gradua\u00e7\u00e3o e Extens\u00e3o atrav\u00e9s da Coordena\u00e7\u00e3o de Pesquisa e Inova\u00e7\u00e3o no C\u00e2mpus Goi\u00e2nia, aberto \u00e0 toda comunidade acad\u00eamica e p\u00fablico externo, que promove a integra\u00e7\u00e3o das pessoas e dos saberes, al\u00e9m de disseminar a cultura da pesquisa entre os estudantes e servidores do IFG. O objetivo central do evento \u00e9 a reuni\u00e3o da comunidade acad\u00eamica para divulgar os resultados parciais dos projetos de pesquisa desenvolvidos por estudantes de n\u00edvel m\u00e9dio e superior do c\u00e2mpus Goi\u00e2nia dos Programas Institucionais de Bolsas de Inicia\u00e7\u00e3o Cient\u00edfica, Tecnol\u00f3gica e de Inova\u00e7\u00e3o (PIBIC, PIBIC-EM e PIBITI) e promover a divulga\u00e7\u00e3o das pesquisas desenvolvidas pelos Grupos e N\u00facleos de Estudos e Pesquisas e de outros pesquisadores.\n<\/p><\/div>\n","protected":false},"excerpt":{"rendered":"<p>O Semin\u00e1rio Local de Inicia\u00e7\u00e3o Cient\u00edfica e Tecnol\u00f3gica \u00e9 um evento anual organizado pela Ger\u00eancia de Pesquisa, P\u00f3s-Gradua\u00e7\u00e3o e Extens\u00e3o atrav\u00e9s da Coordena\u00e7\u00e3o de Pesquisa e Inova\u00e7\u00e3o no C\u00e2mpus Goi\u00e2nia, aberto \u00e0 toda comunidade acad\u00eamica e p\u00fablico externo, que promove a integra\u00e7\u00e3o das pessoas e dos saberes, al\u00e9m de disseminar a cultura da pesquisa entre <a href=\"https:\/\/eventos.ifg.edu.br\/slict2023\/\" rel=\"nofollow\"><span class=\"sr-only\">Read more about In\u00edcio<\/span>[&hellip;]<\/a><\/p>\n","protected":false},"author":193,"featured_media":0,"parent":0,"menu_order":0,"comment_status":"closed","ping_status":"closed","template":"","meta":{"ngg_post_thumbnail":0,"footnotes":""},"class_list":["post-77","page","type-page","status-publish","hentry"],"_links":{"self":[{"href":"https:\/\/eventos.ifg.edu.br\/slict2023\/wp-json\/wp\/v2\/pages\/77"}],"collection":[{"href":"https:\/\/eventos.ifg.edu.br\/slict2023\/wp-json\/wp\/v2\/pages"}],"about":[{"href":"https:\/\/eventos.ifg.edu.br\/slict2023\/wp-json\/wp\/v2\/types\/page"}],"author":[{"embeddable":true,"href":"https:\/\/eventos.ifg.edu.br\/slict2023\/wp-json\/wp\/v2\/users\/193"}],"replies":[{"embeddable":true,"href":"https:\/\/eventos.ifg.edu.br\/slict2023\/wp-json\/wp\/v2\/comments?post=77"}],"version-history":[{"count":5,"href":"https:\/\/eventos.ifg.edu.br\/slict2023\/wp-json\/wp\/v2\/pages\/77\/revisions"}],"predecessor-version":[{"id":121,"href":"https:\/\/eventos.ifg.edu.br\/slict2023\/wp-json\/wp\/v2\/pages\/77\/revisions\/121"}],"wp:attachment":[{"href":"https:\/\/eventos.ifg.edu.br\/slict2023\/wp-json\/wp\/v2\/media?parent=77"}],"curies":[{"name":"wp","href":"https:\/\/api.w.org\/{rel}","templated":true}]}}

Início

<div style="font-size:18px;line-height:1.5cm;text-align:justify;background-color:#04315B;color:#fff;padding:20px">
<img decoding="async" src="http://eventos.ifg.edu.br/slict2023/wp-content/uploads/sites/80/2023/05/XI_SLICT_2023_Banner_WP.png" style="width:100vw" /></p>
<p>O Seminário Local de Iniciação Científica e Tecnológica é um evento anual organizado pela Gerência de Pesquisa, Pós-Graduação e Extensão através da Coordenação de Pesquisa e Inovação no Câmpus Goiânia, aberto à toda comunidade acadêmica e público externo, que promove a integração das pessoas e dos saberes, além de disseminar a cultura da pesquisa entre os estudantes e servidores do IFG. O objetivo central do evento é a reunião da comunidade acadêmica para divulgar os resultados parciais dos projetos de pesquisa desenvolvidos por estudantes de nível médio e superior do câmpus Goiânia dos Programas Institucionais de Bolsas de Iniciação Científica, Tecnológica e de Inovação (PIBIC, PIBIC-EM e PIBITI) e promover a divulgação das pesquisas desenvolvidas pelos Grupos e Núcleos de Estudos e Pesquisas e de outros pesquisadores.
</p></div>

<p>O Seminário Local de Iniciação Científica e Tecnológica é um evento anual organizado pela Gerência de Pesquisa, Pós-Graduação e Extensão através da Coordenação de Pesquisa e Inovação no Câmpus Goiânia, aberto à toda comunidade acadêmica e público externo, que promove a integração das pessoas e dos saberes, além de disseminar a cultura da pesquisa entre <a href="https://eventos.ifg.edu.br/slict2023/" rel="nofollow"><span class="sr-only">Read more about Início</span>[&hellip;]</a></p>
