{"id":122,"date":"2023-05-18T10:23:27","date_gmt":"2023-05-18T13:23:27","guid":{"rendered":"http:\/\/eventos.ifg.edu.br\/slict2023\/?page_id=122"},"modified":"2023-05-18T10:23:27","modified_gmt":"2023-05-18T13:23:27","slug":"cpigepex","status":"publish","type":"page","link":"https:\/\/eventos.ifg.edu.br\/slict2023\/cpigepex\/","title":{"rendered":"CPI\/GEPEX"},"content":{"rendered":"<div style=\"font-size:18px;line-height:1.3cm\">\nA Coordena\u00e7\u00e3o de Pesquisa e lnova\u00e7\u00e3o (CPI), subordinada \u00e0 GEPEX, \u00e9 respons\u00e1vel pelas a\u00e7\u00f5es de viabiliza\u00e7\u00e3o das atividades de pesquisa e inova\u00e7\u00e3o desenvolvidas no c\u00e2mpus Goi\u00e2nia. Compete \u00e0 CPI supervisionar a participa\u00e7\u00e3o de servidores e estudantes deste c\u00e2mpus nos programas e projetos de pesquisa e inova\u00e7\u00e3o, como os de bolsas de inicia\u00e7\u00e3o cient\u00edfica, tecnol\u00f3gica e inova\u00e7\u00e3o (PIBICTI), o de apoio \u00e0 produtividade em pesquisa (ProAPP) e o cadastro de projetos de pesquisa. Al\u00e9m disso, esta Coordena\u00e7\u00e3o acompanha as atividades dos Grupos e N\u00facleos de Estudos e Pesquisa ativos no c\u00e2mpus Goi\u00e2nia. Para mais informa\u00e7\u00f5es sobre a Coordena\u00e7\u00e3o acesse a aba Pesquisa e P\u00f3s-Gradua\u00e7\u00e3o no site ifg.edu.br\/goiania. Ou entre em contato diretamente pelo telefone (62) 3227-2886 ou pelo e-mail pesquisa.goiania@ifg.edu.br Equipe Prof. Dr. Carlos Roberto da Silveira (carlos.junior@ifg.edu.br) \u2013 Coordenador da CPI TAE Ma. Qu\u00e9ren dos Passos Freire Arbex (queren.freire@ifg.edu.br) \u2013 Assistente\n<\/div>\n","protected":false},"excerpt":{"rendered":"<p>A Coordena\u00e7\u00e3o de Pesquisa e lnova\u00e7\u00e3o (CPI), subordinada \u00e0 GEPEX, \u00e9 respons\u00e1vel pelas a\u00e7\u00f5es de viabiliza\u00e7\u00e3o das atividades de pesquisa e inova\u00e7\u00e3o desenvolvidas no c\u00e2mpus Goi\u00e2nia. Compete \u00e0 CPI supervisionar a participa\u00e7\u00e3o de servidores e estudantes deste c\u00e2mpus nos programas e projetos de pesquisa e inova\u00e7\u00e3o, como os de bolsas de inicia\u00e7\u00e3o cient\u00edfica, tecnol\u00f3gica e <a href=\"https:\/\/eventos.ifg.edu.br\/slict2023\/cpigepex\/\" rel=\"nofollow\"><span class=\"sr-only\">Read more about CPI\/GEPEX<\/span>[&hellip;]<\/a><\/p>\n","protected":false},"author":193,"featured_media":0,"parent":0,"menu_order":0,"comment_status":"closed","ping_status":"closed","template":"","meta":{"ngg_post_thumbnail":0,"footnotes":""},"class_list":["post-122","page","type-page","status-publish","hentry"],"_links":{"self":[{"href":"https:\/\/eventos.ifg.edu.br\/slict2023\/wp-json\/wp\/v2\/pages\/122"}],"collection":[{"href":"https:\/\/eventos.ifg.edu.br\/slict2023\/wp-json\/wp\/v2\/pages"}],"about":[{"href":"https:\/\/eventos.ifg.edu.br\/slict2023\/wp-json\/wp\/v2\/types\/page"}],"author":[{"embeddable":true,"href":"https:\/\/eventos.ifg.edu.br\/slict2023\/wp-json\/wp\/v2\/users\/193"}],"replies":[{"embeddable":true,"href":"https:\/\/eventos.ifg.edu.br\/slict2023\/wp-json\/wp\/v2\/comments?post=122"}],"version-history":[{"count":1,"href":"https:\/\/eventos.ifg.edu.br\/slict2023\/wp-json\/wp\/v2\/pages\/122\/revisions"}],"predecessor-version":[{"id":123,"href":"https:\/\/eventos.ifg.edu.br\/slict2023\/wp-json\/wp\/v2\/pages\/122\/revisions\/123"}],"wp:attachment":[{"href":"https:\/\/eventos.ifg.edu.br\/slict2023\/wp-json\/wp\/v2\/media?parent=122"}],"curies":[{"name":"wp","href":"https:\/\/api.w.org\/{rel}","templated":true}]}}

<div style="font-size:18px;line-height:1.3cm">
A Coordenação de Pesquisa e lnovação (CPI), subordinada à GEPEX, é responsável pelas ações de viabilização das atividades de pesquisa e inovação desenvolvidas no câmpus Goiânia. Compete à CPI supervisionar a participação de servidores e estudantes deste câmpus nos programas e projetos de pesquisa e inovação, como os de bolsas de iniciação científica, tecnológica e inovação (PIBICTI), o de apoio à produtividade em pesquisa (ProAPP) e o cadastro de projetos de pesquisa. Além disso, esta Coordenação acompanha as atividades dos Grupos e Núcleos de Estudos e Pesquisa ativos no câmpus Goiânia. Para mais informações sobre a Coordenação acesse a aba Pesquisa e Pós-Graduação no site ifg.edu.br/goiania. Ou entre em contato diretamente pelo telefone (62) 3227-2886 ou pelo e-mail pesquisa.goiania@ifg.edu.br Equipe Prof. Dr. Carlos Roberto da Silveira (carlos.junior@ifg.edu.br) – Coordenador da CPI TAE Ma. Quéren dos Passos Freire Arbex (queren.freire@ifg.edu.br) – Assistente
</div>

<p>A Coordenação de Pesquisa e lnovação (CPI), subordinada à GEPEX, é responsável pelas ações de viabilização das atividades de pesquisa e inovação desenvolvidas no câmpus Goiânia. Compete à CPI supervisionar a participação de servidores e estudantes deste câmpus nos programas e projetos de pesquisa e inovação, como os de bolsas de iniciação científica, tecnológica e <a href="https://eventos.ifg.edu.br/slict2023/cpigepex/" rel="nofollow"><span class="sr-only">Read more about CPI/GEPEX</span>[&hellip;]</a></p>
