{"id":9,"date":"2019-09-26T11:52:35","date_gmt":"2019-09-26T14:52:35","guid":{"rendered":"http:\/\/eventos.ifg.edu.br\/sipeexaparecida\/?page_id=9"},"modified":"2019-10-15T12:15:44","modified_gmt":"2019-10-15T15:15:44","slug":"programacao","status":"publish","type":"page","link":"https:\/\/eventos.ifg.edu.br\/sipeexaparecida\/programacao\/","title":{"rendered":"Programa\u00e7\u00e3o"},"content":{"rendered":"<p>A programa\u00e7\u00e3o da Secitec 2019 contar\u00e1 com palestras; mesas-redondas; minicursos; oficinas; comunica\u00e7\u00f5es orais\/ divulga\u00e7\u00e3o de pesquisas.<\/p>\n<p><a href=\"http:\/\/eventos.ifg.edu.br\/sipeexaparecida\/wp-content\/uploads\/sites\/51\/2019\/09\/Programa\u00e7\u00e3o-III-SECITEC-e-SIPEEX.pdf\">Acesse aqui<\/a> o guia da programa\u00e7\u00e3o.<\/p>\n","protected":false},"excerpt":{"rendered":"<p>A programa\u00e7\u00e3o da Secitec 2019 contar\u00e1 com palestras; mesas-redondas; minicursos; oficinas; comunica\u00e7\u00f5es orais\/ divulga\u00e7\u00e3o de pesquisas. Acesse aqui o guia da programa\u00e7\u00e3o.<\/p>\n","protected":false},"author":113,"featured_media":0,"parent":0,"menu_order":0,"comment_status":"closed","ping_status":"closed","template":"","meta":{"footnotes":""},"class_list":["post-9","page","type-page","status-publish","hentry"],"_links":{"self":[{"href":"https:\/\/eventos.ifg.edu.br\/sipeexaparecida\/wp-json\/wp\/v2\/pages\/9"}],"collection":[{"href":"https:\/\/eventos.ifg.edu.br\/sipeexaparecida\/wp-json\/wp\/v2\/pages"}],"about":[{"href":"https:\/\/eventos.ifg.edu.br\/sipeexaparecida\/wp-json\/wp\/v2\/types\/page"}],"author":[{"embeddable":true,"href":"https:\/\/eventos.ifg.edu.br\/sipeexaparecida\/wp-json\/wp\/v2\/users\/113"}],"replies":[{"embeddable":true,"href":"https:\/\/eventos.ifg.edu.br\/sipeexaparecida\/wp-json\/wp\/v2\/comments?post=9"}],"version-history":[{"count":4,"href":"https:\/\/eventos.ifg.edu.br\/sipeexaparecida\/wp-json\/wp\/v2\/pages\/9\/revisions"}],"predecessor-version":[{"id":33,"href":"https:\/\/eventos.ifg.edu.br\/sipeexaparecida\/wp-json\/wp\/v2\/pages\/9\/revisions\/33"}],"wp:attachment":[{"href":"https:\/\/eventos.ifg.edu.br\/sipeexaparecida\/wp-json\/wp\/v2\/media?parent=9"}],"curies":[{"name":"wp","href":"https:\/\/api.w.org\/{rel}","templated":true}]}}