{"id":31,"date":"2016-09-29T03:49:50","date_gmt":"2016-09-29T06:49:50","guid":{"rendered":"http:\/\/eventos.ifg.edu.br\/simpeex2016\/?page_id=31"},"modified":"2016-10-02T02:34:46","modified_gmt":"2016-10-02T05:34:46","slug":"sobre","status":"publish","type":"page","link":"https:\/\/eventos.ifg.edu.br\/simpeex2016\/sobre\/","title":{"rendered":"Sobre"},"content":{"rendered":"<p>Com o objetivo de promover e fortalecer, nos planos did\u00e1tico-pr\u00e1tico, metodol\u00f3gico e institucional, a indissociabilidade entre pesquisa, ensino e extens\u00e3o, o III Simp\u00f3sio de Pesquisa, Ensino e Extens\u00e3o do Instituto Federal de Goi\u00e1s (SIMPEEX) inova nesta terceira edi\u00e7\u00e3o. Al\u00e9m de trabalhos vinculados aos programas institucionais, em 2016 abre-se espa\u00e7o para a socializa\u00e7\u00e3o das demais experi\u00eancias acad\u00eamicas que integram o cotidiano institucional. Ser\u00e3o bem-vindas, portanto, todas as sistematiza\u00e7\u00f5es de experi\u00eancias oriundas das diversas atividades que comp\u00f5em a pesquisa, o ensino e a extens\u00e3o e a pesquisa que integram e justificam a miss\u00e3o das Institui\u00e7\u00f5es da Rede Federal de Educa\u00e7\u00e3o Profissional, Cient\u00edfica e Tecnol\u00f3gica.<\/p>\n<p>Concomitantemente ao III SIMPEEX, e fundamentado pelos mesmos objetivos institucionais, realiza-se, de forma extraordin\u00e1ria, o XIV Festival de Artes de Goi\u00e1s. Nessa perspectiva, acredita-se que o Festival ter\u00e1 a oportunidade de ampliar as fronteiras e proporcionar \u00e0 comunidade local e aos participantes das diversas regi\u00f5es do pa\u00eds, atividades art\u00edsticas diversas, reflex\u00f5es acerca do papel da arte na sociedade e o conhecimento das express\u00f5es e manifesta\u00e7\u00f5es art\u00edsticas e culturais da cidade e regi\u00e3o.<\/p>\n<p>Buscando consolidar o espa\u00e7o acad\u00eamico do Festival de Artes, realizam-se Grupos de Trabalhos \u2013 GT, com comunica\u00e7\u00f5es orais e relatos de experi\u00eancias para as linguagens art\u00edsticas: teatro, dan\u00e7a, m\u00fasica, artes visuais, audiovisual, literatura e interartes.<\/p>\n<p>Em conson\u00e2ncia com o III SIMPEEX, as atividades dos GT do XIV Festival de Artes de Goi\u00e1s se consolidar\u00e3o no Simp\u00f3sio, o que proporcionar\u00e1 maior amplitude dos debates voltados para a pesquisa em Arte.<\/p>\n","protected":false},"excerpt":{"rendered":"<p>Com o objetivo de promover e fortalecer, nos planos did\u00e1tico-pr\u00e1tico, metodol\u00f3gico e institucional, a indissociabilidade entre pesquisa, ensino e extens\u00e3o, o III Simp\u00f3sio de Pesquisa, Ensino e Extens\u00e3o do Instituto Federal de Goi\u00e1s (SIMPEEX) inova nesta terceira edi\u00e7\u00e3o. Al\u00e9m de trabalhos vinculados aos programas institucionais, em 2016 abre-se espa\u00e7o para a socializa\u00e7\u00e3o das demais experi\u00eancias [&hellip;]<\/p>\n","protected":false},"author":28,"featured_media":0,"parent":0,"menu_order":0,"comment_status":"closed","ping_status":"closed","template":"","meta":{"ngg_post_thumbnail":0,"footnotes":""},"class_list":["post-31","page","type-page","status-publish","hentry"],"_links":{"self":[{"href":"https:\/\/eventos.ifg.edu.br\/simpeex2016\/wp-json\/wp\/v2\/pages\/31"}],"collection":[{"href":"https:\/\/eventos.ifg.edu.br\/simpeex2016\/wp-json\/wp\/v2\/pages"}],"about":[{"href":"https:\/\/eventos.ifg.edu.br\/simpeex2016\/wp-json\/wp\/v2\/types\/page"}],"author":[{"embeddable":true,"href":"https:\/\/eventos.ifg.edu.br\/simpeex2016\/wp-json\/wp\/v2\/users\/28"}],"replies":[{"embeddable":true,"href":"https:\/\/eventos.ifg.edu.br\/simpeex2016\/wp-json\/wp\/v2\/comments?post=31"}],"version-history":[{"count":2,"href":"https:\/\/eventos.ifg.edu.br\/simpeex2016\/wp-json\/wp\/v2\/pages\/31\/revisions"}],"predecessor-version":[{"id":39,"href":"https:\/\/eventos.ifg.edu.br\/simpeex2016\/wp-json\/wp\/v2\/pages\/31\/revisions\/39"}],"wp:attachment":[{"href":"https:\/\/eventos.ifg.edu.br\/simpeex2016\/wp-json\/wp\/v2\/media?parent=31"}],"curies":[{"name":"wp","href":"https:\/\/api.w.org\/{rel}","templated":true}]}}