{"id":29,"date":"2023-08-30T15:36:01","date_gmt":"2023-08-30T18:36:01","guid":{"rendered":"http:\/\/eventos.ifg.edu.br\/sict\/?page_id=29"},"modified":"2023-10-12T10:18:58","modified_gmt":"2023-10-12T13:18:58","slug":"programacao","status":"publish","type":"page","link":"https:\/\/eventos.ifg.edu.br\/sict\/programacao\/","title":{"rendered":"Programa\u00e7\u00e3o"},"content":{"rendered":"<p><!--more--><\/p>\n<p>A programa\u00e7\u00e3o completa do SICT 2023 pode ser acessada atrav\u00e9s dos links abaixo:<\/p>\n<p><a href=\"https:\/\/docs.google.com\/document\/d\/1bnaMgAdqsGIluK2ruT1Ld2uZegBXS6mx\/edit\">Programa\u00e7\u00e3o\u00a0geral<\/a> &#8211; planilha<\/p>\n<p><a href=\"https:\/\/docs.google.com\/spreadsheets\/d\/1M-L6XvP2k75jnL9zVezAOvgVkAJAqJ6e\/edit#gid=2123692631\">Programa\u00e7\u00e3o completa das apresenta\u00e7\u00f5es<\/a>\u00a0&#8211; planilha<\/p>\n<p><a href=\"http:\/\/eventos.ifg.edu.br\/sict\/wp-content\/uploads\/sites\/82\/2023\/10\/Sess\u00e3o-oral-16-SICT.pdf\">Apresenta\u00e7\u00f5es Orais<\/a>\u00a0&#8211; pdf<\/p>\n<p><a href=\"http:\/\/eventos.ifg.edu.br\/sict\/wp-content\/uploads\/sites\/82\/2023\/10\/Sess\u00e3o-P\u00f4ster-16SICT.pdf\">Sess\u00e3o de P\u00f4steres<\/a>\u00a0&#8211; pdf<\/p>\n<p>\u00c0s 14h teremos a <a href=\"http:\/\/eventos.ifg.edu.br\/fecin\/wp-content\/uploads\/sites\/79\/2023\/10\/261f017d-09b3-49a6-9e06-9039eff4ad89.jpg\">confer\u00eancia de abertura<\/a>, com o professor\u00a0Renato Peixoto Dagnino da UNICAMP de tema &#8220;Venha conhecer a Tecnoci\u00eancia Solid\u00e1ria&#8221;. Essa confer\u00eancia tamb\u00e9m\u00a0ser\u00e1 transmitida pelo canal do Youtube <a href=\"https:\/\/www.youtube.com\/@EaDIFGoficial\">EADIFGoficial<\/a>.<\/p>\n<p>No dia 19 de outubro acontece a <a href=\"http:\/\/eventos.ifg.edu.br\/fecin\">FECIN<\/a>, a Feira Integrada de Ci\u00eancias do IFG.<\/p>\n","protected":false},"excerpt":{"rendered":"","protected":false},"author":175,"featured_media":42,"parent":0,"menu_order":0,"comment_status":"closed","ping_status":"closed","template":"","meta":{"footnotes":""},"class_list":["post-29","page","type-page","status-publish","has-post-thumbnail","hentry"],"_links":{"self":[{"href":"https:\/\/eventos.ifg.edu.br\/sict\/wp-json\/wp\/v2\/pages\/29"}],"collection":[{"href":"https:\/\/eventos.ifg.edu.br\/sict\/wp-json\/wp\/v2\/pages"}],"about":[{"href":"https:\/\/eventos.ifg.edu.br\/sict\/wp-json\/wp\/v2\/types\/page"}],"author":[{"embeddable":true,"href":"https:\/\/eventos.ifg.edu.br\/sict\/wp-json\/wp\/v2\/users\/175"}],"replies":[{"embeddable":true,"href":"https:\/\/eventos.ifg.edu.br\/sict\/wp-json\/wp\/v2\/comments?post=29"}],"version-history":[{"count":8,"href":"https:\/\/eventos.ifg.edu.br\/sict\/wp-json\/wp\/v2\/pages\/29\/revisions"}],"predecessor-version":[{"id":113,"href":"https:\/\/eventos.ifg.edu.br\/sict\/wp-json\/wp\/v2\/pages\/29\/revisions\/113"}],"wp:featuredmedia":[{"embeddable":true,"href":"https:\/\/eventos.ifg.edu.br\/sict\/wp-json\/wp\/v2\/media\/42"}],"wp:attachment":[{"href":"https:\/\/eventos.ifg.edu.br\/sict\/wp-json\/wp\/v2\/media?parent=29"}],"curies":[{"name":"wp","href":"https:\/\/api.w.org\/{rel}","templated":true}]}}