{"id":7,"date":"2017-05-04T18:24:02","date_gmt":"2017-05-04T21:24:02","guid":{"rendered":"http:\/\/eventos.ifg.edu.br\/senf\/?page_id=7"},"modified":"2017-05-05T17:57:06","modified_gmt":"2017-05-05T20:57:06","slug":"a-semana","status":"publish","type":"page","link":"https:\/\/eventos.ifg.edu.br\/senf\/a-semana\/","title":{"rendered":"A Semana"},"content":{"rendered":"<p>A Semana de Enfermagem possui como desafio estreitar a rela\u00e7\u00e3o entre pesquisadores, de modo a propiciar a discuss\u00e3o e a divulga\u00e7\u00e3o do conhecimento relacionado \u00e0 \u00e1rea de Enfermagem. Al\u00e9m disso, a Semana promove um momento de congra\u00e7amento da equipe de Enfermagem, professores e alunos de diferentes institui\u00e7\u00f5es de Enfermagem .<\/p>\n<p>Entende-se que a Semana da Enfermagem \u00e9 um per\u00edodo especial, revestido de muita import\u00e2ncia para todos os docentes, alunos e profissionais de Enfermagem, como oportunidade para a promo\u00e7\u00e3o da relev\u00e2ncia das a\u00e7\u00f5es de Enfermagem para o pleno atendimento \u00e0s demandas de sa\u00fade em resposta \u00e0s necessidades b\u00e1sicas afetadas da comunidade. \u00c9 tempo de refletir sobre o que buscamos durante o exerc\u00edcio profissional, de reconhecer que a atua\u00e7\u00e3o na pr\u00e1tica de Enfermagem pode auferir gratifica\u00e7\u00e3o e valoriza\u00e7\u00e3o, nos dando uma vis\u00e3o humana nova e rica do que \u00e9 priorit\u00e1rio para a valoriza\u00e7\u00e3o da vida. Por isso, o tema desta semana \u00e9 &#8220;Humaniza\u00e7\u00e3o e boas pr\u00e1ticas em Enfermagem&#8221;, em que se poder\u00e1 refletir experi\u00eancias, saberes e conhecimentos adquiridos por profissionais das Ci\u00eancias da Sa\u00fade, ou mesmo \u00e1reas correlatas que discutam a tem\u00e1tica.<\/p>\n<p>&nbsp;<\/p>\n","protected":false},"excerpt":{"rendered":"<p>A Semana de Enfermagem possui como desafio estreitar a rela\u00e7\u00e3o entre pesquisadores, de modo a propiciar a discuss\u00e3o e a divulga\u00e7\u00e3o do conhecimento relacionado \u00e0 \u00e1rea de Enfermagem. Al\u00e9m disso, a Semana promove um momento de congra\u00e7amento da equipe de Enfermagem, professores e alunos de diferentes institui\u00e7\u00f5es de Enfermagem . Entende-se que a Semana da [&hellip;]<\/p>\n","protected":false},"author":48,"featured_media":0,"parent":0,"menu_order":0,"comment_status":"closed","ping_status":"closed","template":"","meta":{"ngg_post_thumbnail":0,"footnotes":""},"class_list":["post-7","page","type-page","status-publish","hentry"],"_links":{"self":[{"href":"https:\/\/eventos.ifg.edu.br\/senf\/wp-json\/wp\/v2\/pages\/7"}],"collection":[{"href":"https:\/\/eventos.ifg.edu.br\/senf\/wp-json\/wp\/v2\/pages"}],"about":[{"href":"https:\/\/eventos.ifg.edu.br\/senf\/wp-json\/wp\/v2\/types\/page"}],"author":[{"embeddable":true,"href":"https:\/\/eventos.ifg.edu.br\/senf\/wp-json\/wp\/v2\/users\/48"}],"replies":[{"embeddable":true,"href":"https:\/\/eventos.ifg.edu.br\/senf\/wp-json\/wp\/v2\/comments?post=7"}],"version-history":[{"count":2,"href":"https:\/\/eventos.ifg.edu.br\/senf\/wp-json\/wp\/v2\/pages\/7\/revisions"}],"predecessor-version":[{"id":22,"href":"https:\/\/eventos.ifg.edu.br\/senf\/wp-json\/wp\/v2\/pages\/7\/revisions\/22"}],"wp:attachment":[{"href":"https:\/\/eventos.ifg.edu.br\/senf\/wp-json\/wp\/v2\/media?parent=7"}],"curies":[{"name":"wp","href":"https:\/\/api.w.org\/{rel}","templated":true}]}}

<p>A Semana de Enfermagem possui como desafio estreitar a relação entre pesquisadores, de modo a propiciar a discussão e a divulgação do conhecimento relacionado à área de Enfermagem. Além disso, a Semana promove um momento de congraçamento da equipe de Enfermagem, professores e alunos de diferentes instituições de Enfermagem .</p>
<p>Entende-se que a Semana da Enfermagem é um período especial, revestido de muita importância para todos os docentes, alunos e profissionais de Enfermagem, como oportunidade para a promoção da relevância das ações de Enfermagem para o pleno atendimento às demandas de saúde em resposta às necessidades básicas afetadas da comunidade. É tempo de refletir sobre o que buscamos durante o exercício profissional, de reconhecer que a atuação na prática de Enfermagem pode auferir gratificação e valorização, nos dando uma visão humana nova e rica do que é prioritário para a valorização da vida. Por isso, o tema desta semana é &#8220;Humanização e boas práticas em Enfermagem&#8221;, em que se poderá refletir experiências, saberes e conhecimentos adquiridos por profissionais das Ciências da Saúde, ou mesmo áreas correlatas que discutam a temática.</p>
<p>&nbsp;</p>

<p>A Semana de Enfermagem possui como desafio estreitar a relação entre pesquisadores, de modo a propiciar a discussão e a divulgação do conhecimento relacionado à área de Enfermagem. Além disso, a Semana promove um momento de congraçamento da equipe de Enfermagem, professores e alunos de diferentes instituições de Enfermagem . Entende-se que a Semana da [&hellip;]</p>
