{"id":20,"date":"2017-05-05T17:56:08","date_gmt":"2017-05-05T20:56:08","guid":{"rendered":"http:\/\/eventos.ifg.edu.br\/senf\/?page_id=20"},"modified":"2017-05-22T18:54:15","modified_gmt":"2017-05-22T21:54:15","slug":"noticias","status":"publish","type":"page","link":"https:\/\/eventos.ifg.edu.br\/senf\/noticias\/","title":{"rendered":"Not\u00edcias"},"content":{"rendered":"<p>Nesta p\u00e1gina est\u00e3o reunidas as mat\u00e9rias divulgadas a respeito do SENF 2017 no site do C\u00e2mpus \u00c1guas Lindas (<a href=\"http:\/\/www.ifg.edu.br\/aguaslindas\/\">www.ifg.edu.br\/aguaslindas<\/a>).<\/p>\n<p>Qui, 04\/05\/2017 \u2013 <a href=\"http:\/\/ifg.edu.br\/component\/content\/article\/155-ifg\/campus\/aguas-lindas\/noticias-campus-aguaslindas\/2579-oficinas-ii-sem-enfermagem\">Divulgada a Programa\u00e7\u00e3o de oficinas da II Semana de Enfermagem<\/a><\/p>\n<p>Seg, 08\/05\/2017 \u2013\u00a0<a href=\"http:\/\/ifg.edu.br\/component\/content\/article\/155-ifg\/campus\/aguas-lindas\/noticias-campus-aguaslindas\/2628-estao-abertas-as-inscricoes-para-ii-semana-de-enfermagem\">Est\u00e3o abertas as inscri\u00e7\u00f5es para II Semana de Enfermagem<\/a><\/p>\n<p>Seg, 22\/05\/2017 \u2013\u00a0<a href=\"http:\/\/ifg.edu.br\/component\/content\/article\/155-ifg\/campus\/aguas-lindas\/noticias-campus-aguaslindas\/2994-ii-semana-enfermagem\">C\u00e2mpus \u00c1guas Lindas realiza II Semana de Enfermagem<\/a><\/p>\n","protected":false},"excerpt":{"rendered":"<p>Nesta p\u00e1gina est\u00e3o reunidas as mat\u00e9rias divulgadas a respeito do SENF 2017 no site do C\u00e2mpus \u00c1guas Lindas (www.ifg.edu.br\/aguaslindas). Qui, 04\/05\/2017 \u2013 Divulgada a Programa\u00e7\u00e3o de oficinas da II Semana de Enfermagem Seg, 08\/05\/2017 \u2013\u00a0Est\u00e3o abertas as inscri\u00e7\u00f5es para II Semana de Enfermagem Seg, 22\/05\/2017 \u2013\u00a0C\u00e2mpus \u00c1guas Lindas realiza II Semana de Enfermagem<\/p>\n","protected":false},"author":48,"featured_media":0,"parent":0,"menu_order":0,"comment_status":"closed","ping_status":"closed","template":"","meta":{"ngg_post_thumbnail":0,"footnotes":""},"class_list":["post-20","page","type-page","status-publish","hentry"],"_links":{"self":[{"href":"https:\/\/eventos.ifg.edu.br\/senf\/wp-json\/wp\/v2\/pages\/20"}],"collection":[{"href":"https:\/\/eventos.ifg.edu.br\/senf\/wp-json\/wp\/v2\/pages"}],"about":[{"href":"https:\/\/eventos.ifg.edu.br\/senf\/wp-json\/wp\/v2\/types\/page"}],"author":[{"embeddable":true,"href":"https:\/\/eventos.ifg.edu.br\/senf\/wp-json\/wp\/v2\/users\/48"}],"replies":[{"embeddable":true,"href":"https:\/\/eventos.ifg.edu.br\/senf\/wp-json\/wp\/v2\/comments?post=20"}],"version-history":[{"count":5,"href":"https:\/\/eventos.ifg.edu.br\/senf\/wp-json\/wp\/v2\/pages\/20\/revisions"}],"predecessor-version":[{"id":42,"href":"https:\/\/eventos.ifg.edu.br\/senf\/wp-json\/wp\/v2\/pages\/20\/revisions\/42"}],"wp:attachment":[{"href":"https:\/\/eventos.ifg.edu.br\/senf\/wp-json\/wp\/v2\/media?parent=20"}],"curies":[{"name":"wp","href":"https:\/\/api.w.org\/{rel}","templated":true}]}}

Notícias

<p>Nesta página estão reunidas as matérias divulgadas a respeito do SENF 2017 no site do Câmpus Águas Lindas (<a href="http://www.ifg.edu.br/aguaslindas/">www.ifg.edu.br/aguaslindas</a>).</p>
<p>Qui, 04/05/2017 – <a href="http://ifg.edu.br/component/content/article/155-ifg/campus/aguas-lindas/noticias-campus-aguaslindas/2579-oficinas-ii-sem-enfermagem">Divulgada a Programação de oficinas da II Semana de Enfermagem</a></p>
<p>Seg, 08/05/2017 – <a href="http://ifg.edu.br/component/content/article/155-ifg/campus/aguas-lindas/noticias-campus-aguaslindas/2628-estao-abertas-as-inscricoes-para-ii-semana-de-enfermagem">Estão abertas as inscrições para II Semana de Enfermagem</a></p>
<p>Seg, 22/05/2017 – <a href="http://ifg.edu.br/component/content/article/155-ifg/campus/aguas-lindas/noticias-campus-aguaslindas/2994-ii-semana-enfermagem">Câmpus Águas Lindas realiza II Semana de Enfermagem</a></p>

<p>Nesta página estão reunidas as matérias divulgadas a respeito do SENF 2017 no site do Câmpus Águas Lindas (www.ifg.edu.br/aguaslindas). Qui, 04/05/2017 – Divulgada a Programação de oficinas da II Semana de Enfermagem Seg, 08/05/2017 – Estão abertas as inscrições para II Semana de Enfermagem Seg, 22/05/2017 – Câmpus Águas Lindas realiza II Semana de Enfermagem</p>
