{"id":18,"date":"2017-05-05T17:52:10","date_gmt":"2017-05-05T20:52:10","guid":{"rendered":"http:\/\/eventos.ifg.edu.br\/senf\/?page_id=18"},"modified":"2017-05-08T15:59:30","modified_gmt":"2017-05-08T18:59:30","slug":"inscricoes","status":"publish","type":"page","link":"https:\/\/eventos.ifg.edu.br\/senf\/inscricoes\/","title":{"rendered":"Inscri\u00e7\u00f5es"},"content":{"rendered":"<p><strong>Est\u00e3o abertas as inscri\u00e7\u00f5es para participa\u00e7\u00e3o na II Semana de Enfermagem do C\u00e2mpus \u00c1guas Lindas<\/strong><\/p>\n<p>O evento contar\u00e1 com a apresenta\u00e7\u00e3o e exposi\u00e7\u00e3o de trabalhos desenvolvidos\u00a0 sobre o tema &#8220;Humaniza\u00e7\u00e3o e boas\u00a0 pr\u00e1ticas em Enfermagem&#8221;, bem como por oficinas ministradas sobre o assunto.<\/p>\n<p>A organiza\u00e7\u00e3o do evento ressalta que s\u00f3 ser\u00e1 certificado o estudante devidamente inscrito na respectiva atividade. As inscri\u00e7\u00f5es podem ser realizadas <a href=\"http:\/\/gestaoeventos.ifg.edu.br\/eventos\/administracao\/inscricoes.html?q12we34rt56yu78io90p=4dSzLUfM+r02RBk9lYjjtg==\">clicando neste link<\/a>.<\/p>\n<p>&nbsp;<\/p>\n<p>&nbsp;<\/p>\n","protected":false},"excerpt":{"rendered":"<p>Est\u00e3o abertas as inscri\u00e7\u00f5es para participa\u00e7\u00e3o na II Semana de Enfermagem do C\u00e2mpus \u00c1guas Lindas O evento contar\u00e1 com a apresenta\u00e7\u00e3o e exposi\u00e7\u00e3o de trabalhos desenvolvidos\u00a0 sobre o tema &#8220;Humaniza\u00e7\u00e3o e boas\u00a0 pr\u00e1ticas em Enfermagem&#8221;, bem como por oficinas ministradas sobre o assunto. A organiza\u00e7\u00e3o do evento ressalta que s\u00f3 ser\u00e1 certificado o estudante devidamente [&hellip;]<\/p>\n","protected":false},"author":48,"featured_media":0,"parent":0,"menu_order":0,"comment_status":"closed","ping_status":"closed","template":"","meta":{"ngg_post_thumbnail":0,"footnotes":""},"class_list":["post-18","page","type-page","status-publish","hentry"],"_links":{"self":[{"href":"https:\/\/eventos.ifg.edu.br\/senf\/wp-json\/wp\/v2\/pages\/18"}],"collection":[{"href":"https:\/\/eventos.ifg.edu.br\/senf\/wp-json\/wp\/v2\/pages"}],"about":[{"href":"https:\/\/eventos.ifg.edu.br\/senf\/wp-json\/wp\/v2\/types\/page"}],"author":[{"embeddable":true,"href":"https:\/\/eventos.ifg.edu.br\/senf\/wp-json\/wp\/v2\/users\/48"}],"replies":[{"embeddable":true,"href":"https:\/\/eventos.ifg.edu.br\/senf\/wp-json\/wp\/v2\/comments?post=18"}],"version-history":[{"count":3,"href":"https:\/\/eventos.ifg.edu.br\/senf\/wp-json\/wp\/v2\/pages\/18\/revisions"}],"predecessor-version":[{"id":34,"href":"https:\/\/eventos.ifg.edu.br\/senf\/wp-json\/wp\/v2\/pages\/18\/revisions\/34"}],"wp:attachment":[{"href":"https:\/\/eventos.ifg.edu.br\/senf\/wp-json\/wp\/v2\/media?parent=18"}],"curies":[{"name":"wp","href":"https:\/\/api.w.org\/{rel}","templated":true}]}}

Inscrições

<p><strong>Estão abertas as inscrições para participação na II Semana de Enfermagem do Câmpus Águas Lindas</strong></p>
<p>O evento contará com a apresentação e exposição de trabalhos desenvolvidos  sobre o tema &#8220;Humanização e boas  práticas em Enfermagem&#8221;, bem como por oficinas ministradas sobre o assunto.</p>
<p>A organização do evento ressalta que só será certificado o estudante devidamente inscrito na respectiva atividade. As inscrições podem ser realizadas <a href="http://gestaoeventos.ifg.edu.br/eventos/administracao/inscricoes.html?q12we34rt56yu78io90p=4dSzLUfM+r02RBk9lYjjtg==">clicando neste link</a>.</p>
<p>&nbsp;</p>
<p>&nbsp;</p>

<p>Estão abertas as inscrições para participação na II Semana de Enfermagem do Câmpus Águas Lindas O evento contará com a apresentação e exposição de trabalhos desenvolvidos  sobre o tema &#8220;Humanização e boas  práticas em Enfermagem&#8221;, bem como por oficinas ministradas sobre o assunto. A organização do evento ressalta que só será certificado o estudante devidamente [&hellip;]</p>
