{"id":12,"date":"2017-05-05T17:39:03","date_gmt":"2017-05-05T20:39:03","guid":{"rendered":"http:\/\/eventos.ifg.edu.br\/senf\/?page_id=12"},"modified":"2017-05-18T16:06:00","modified_gmt":"2017-05-18T19:06:00","slug":"programacao","status":"publish","type":"page","link":"https:\/\/eventos.ifg.edu.br\/senf\/programacao\/","title":{"rendered":"Programa\u00e7\u00e3o"},"content":{"rendered":"<p>Confira aqui a programa\u00e7\u00e3o geral:<\/p>\n<p><img fetchpriority=\"high\" decoding=\"async\" class=\"aligncenter wp-image-13\" src=\"http:\/\/eventos.ifg.edu.br\/senf\/wp-content\/uploads\/sites\/20\/2017\/05\/WhatsApp-Image-2017-05-04-at-18.33.48.jpeg\" alt=\"WhatsApp Image 2017-05-04 at 18.33.48\" width=\"528\" height=\"829\" \/><\/p>\n<p><a href=\"http:\/\/ifg.edu.br\/attachments\/article\/2628\/2%C2%BA%20semana%20enfermagem.pdf\">Veja aqui a programa\u00e7\u00e3o detalhada.<\/a><\/p>\n<p>Mostra de trabalhos &#8211; <a href=\"http:\/\/www.ifg.edu.br\/attachments\/article\/2628\/RESULTADO-TRABALHOS-ii-sem-enfermagem.pdf\">Confira aqui a rela\u00e7\u00e3o de trabalhos aprovados.<\/a> <strong>[NOVO]<\/strong><\/p>\n","protected":false},"excerpt":{"rendered":"<p>Confira aqui a programa\u00e7\u00e3o geral: Veja aqui a programa\u00e7\u00e3o detalhada. Mostra de trabalhos &#8211; Confira aqui a rela\u00e7\u00e3o de trabalhos aprovados. [NOVO]<\/p>\n","protected":false},"author":48,"featured_media":0,"parent":0,"menu_order":0,"comment_status":"closed","ping_status":"closed","template":"","meta":{"ngg_post_thumbnail":0,"footnotes":""},"class_list":["post-12","page","type-page","status-publish","hentry"],"_links":{"self":[{"href":"https:\/\/eventos.ifg.edu.br\/senf\/wp-json\/wp\/v2\/pages\/12"}],"collection":[{"href":"https:\/\/eventos.ifg.edu.br\/senf\/wp-json\/wp\/v2\/pages"}],"about":[{"href":"https:\/\/eventos.ifg.edu.br\/senf\/wp-json\/wp\/v2\/types\/page"}],"author":[{"embeddable":true,"href":"https:\/\/eventos.ifg.edu.br\/senf\/wp-json\/wp\/v2\/users\/48"}],"replies":[{"embeddable":true,"href":"https:\/\/eventos.ifg.edu.br\/senf\/wp-json\/wp\/v2\/comments?post=12"}],"version-history":[{"count":6,"href":"https:\/\/eventos.ifg.edu.br\/senf\/wp-json\/wp\/v2\/pages\/12\/revisions"}],"predecessor-version":[{"id":41,"href":"https:\/\/eventos.ifg.edu.br\/senf\/wp-json\/wp\/v2\/pages\/12\/revisions\/41"}],"wp:attachment":[{"href":"https:\/\/eventos.ifg.edu.br\/senf\/wp-json\/wp\/v2\/media?parent=12"}],"curies":[{"name":"wp","href":"https:\/\/api.w.org\/{rel}","templated":true}]}}

Programação

<p>Confira aqui a programação geral:</p>
<p><img fetchpriority="high" decoding="async" class="aligncenter wp-image-13" src="http://eventos.ifg.edu.br/senf/wp-content/uploads/sites/20/2017/05/WhatsApp-Image-2017-05-04-at-18.33.48.jpeg" alt="WhatsApp Image 2017-05-04 at 18.33.48" width="528" height="829" /></p>
<p><a href="http://ifg.edu.br/attachments/article/2628/2%C2%BA%20semana%20enfermagem.pdf">Veja aqui a programação detalhada.</a></p>
<p>Mostra de trabalhos &#8211; <a href="http://www.ifg.edu.br/attachments/article/2628/RESULTADO-TRABALHOS-ii-sem-enfermagem.pdf">Confira aqui a relação de trabalhos aprovados.</a> <strong>[NOVO]</strong></p>

<p>Confira aqui a programação geral: Veja aqui a programação detalhada. Mostra de trabalhos &#8211; Confira aqui a relação de trabalhos aprovados. [NOVO]</p>
