{"id":984,"date":"2018-06-02T09:22:30","date_gmt":"2018-06-02T12:22:30","guid":{"rendered":"http:\/\/www.simposiomestradoifg.net.br\/semlic\/?page_id=984"},"modified":"2018-06-02T09:22:30","modified_gmt":"2018-06-02T12:22:30","slug":"semlic2014","status":"publish","type":"page","link":"https:\/\/eventos.ifg.edu.br\/semlic\/semlic2014\/","title":{"rendered":"semlic2014"},"content":{"rendered":"<h2>.::: XI Semana de Licenciatura\u00a0 :::.<\/h2>\n<h4>.::: II Semin\u00e1rio da P\u00f3s-Gradua\u00e7\u00e3o em Educa\u00e7\u00e3o para Ci\u00eancias e Matem\u00e1tica :::.<\/h4>\n<p>O Instituto Federal de Educa\u00e7\u00e3o, Ci\u00eancia e Tecnologia de Goi\u00e1s &#8211; C\u00e2mpus Jata\u00ed &#8211; convida para a XI Semana de Licenciatura e II Semin\u00e1rio da P\u00f3s-Gradua\u00e7\u00e3o em Educa\u00e7\u00e3o para Ci\u00eancias e Matem\u00e1tica. Nessa edi\u00e7\u00e3o, o tema &#8220;Pol\u00edticas P\u00fablicas e Forma\u00e7\u00e3o docente&#8221; guia nosso olhar sobre os processos educativos.<\/p>\n<p><strong>O sistema de submiss\u00e3o de trabalhos e inscri\u00e7\u00e3o j\u00e1 est\u00e3o em funcionamento.<\/strong><\/p>\n<p><b>O valor da inscri\u00e7\u00e3o \u00e9 dois (2) litros de leite em embalagens longa vida.<\/b><\/p>\n","protected":false},"excerpt":{"rendered":"<p>.::: XI Semana de Licenciatura\u00a0 :::. .::: II Semin\u00e1rio da P\u00f3s-Gradua\u00e7\u00e3o em Educa\u00e7\u00e3o para Ci\u00eancias e Matem\u00e1tica :::. O Instituto Federal de Educa\u00e7\u00e3o, Ci\u00eancia e Tecnologia de Goi\u00e1s &#8211; C\u00e2mpus Jata\u00ed &#8211; convida para a XI Semana de Licenciatura e II Semin\u00e1rio da P\u00f3s-Gradua\u00e7\u00e3o em Educa\u00e7\u00e3o para Ci\u00eancias e Matem\u00e1tica. Nessa edi\u00e7\u00e3o, o tema &#8220;Pol\u00edticas <a class=\"more-link\" href=\"https:\/\/eventos.ifg.edu.br\/semlic\/semlic2014\/\">&hellip; Continue lendo&hellip; &rarr;<\/a><\/p>\n","protected":false},"author":111,"featured_media":0,"parent":0,"menu_order":0,"comment_status":"closed","ping_status":"closed","template":"","meta":{"ngg_post_thumbnail":0,"footnotes":""},"class_list":["post-984","page","type-page","status-publish","hentry"],"_links":{"self":[{"href":"https:\/\/eventos.ifg.edu.br\/semlic\/wp-json\/wp\/v2\/pages\/984"}],"collection":[{"href":"https:\/\/eventos.ifg.edu.br\/semlic\/wp-json\/wp\/v2\/pages"}],"about":[{"href":"https:\/\/eventos.ifg.edu.br\/semlic\/wp-json\/wp\/v2\/types\/page"}],"author":[{"embeddable":true,"href":"https:\/\/eventos.ifg.edu.br\/semlic\/wp-json\/wp\/v2\/users\/111"}],"replies":[{"embeddable":true,"href":"https:\/\/eventos.ifg.edu.br\/semlic\/wp-json\/wp\/v2\/comments?post=984"}],"version-history":[{"count":0,"href":"https:\/\/eventos.ifg.edu.br\/semlic\/wp-json\/wp\/v2\/pages\/984\/revisions"}],"wp:attachment":[{"href":"https:\/\/eventos.ifg.edu.br\/semlic\/wp-json\/wp\/v2\/media?parent=984"}],"curies":[{"name":"wp","href":"https:\/\/api.w.org\/{rel}","templated":true}]}}