{"id":353,"date":"2015-10-09T16:05:46","date_gmt":"2015-10-09T19:05:46","guid":{"rendered":"http:\/\/www.simposiomestradoifg.net.br\/semlic\/?page_id=353"},"modified":"2015-10-09T16:05:46","modified_gmt":"2015-10-09T19:05:46","slug":"posteres-e-apresentacoes2015","status":"publish","type":"page","link":"https:\/\/eventos.ifg.edu.br\/semlic\/posteres-e-apresentacoes2015\/","title":{"rendered":"P\u00f4steres e Apresenta\u00e7\u00f5es 2015"},"content":{"rendered":"<h4 style=\"text-align: center\"><span style=\"color: #0000ff\">Sess\u00e3o de P\u00f4steres<\/span><\/h4>\n<h4 style=\"text-align: center\"><span style=\"color: #0000ff\">15\/10\/2015 (Quinta-Feira) \u2013 15:00 \u00e0s 15:45<\/span><\/h4>\n<h5 style=\"text-align: center\"><span style=\"color: #ff0000\">Hall de Entrada da Administra\u00e7\u00e3o<\/span><\/h5>\n<p style=\"text-align: justify\">P\u00f4ster n\u00ba 01 &#8211; <strong><span style=\"color: #000000\">Biblioteca Escolar: Ambiente de Ensino-Aprendizagem para Alunos Especiais<\/span><\/strong>. &#8211;\u00a0K\u00eania Reis de Souza,\u00a0Flomar Ambrosina Oliveira Chagas<\/p>\n<p style=\"text-align: justify\">P\u00f4ster n\u00ba 02 \u00a0&#8211; <strong>Elei\u00e7\u00e3o de Diretor: Algumas Reflex\u00f5es sobre Ingresso ao Cargo de Diretor<\/strong> &#8211; \u00a0Daniel Junior de Oliveira,\u00a0Fabiana Kalil Borges<\/p>\n<p style=\"text-align: justify\">P\u00f4ster n\u00ba 03 &#8211;\u00a0<strong>Ensino de Geometria Apoiado por TIC: Uma Abordagem Metodol\u00f3gica Baseada na Coletividade e Significa\u00e7\u00e3o dos Conceitos Utilizando Geogebra <\/strong>&#8211;<strong>\u00a0<\/strong>Thayza Ferreira Cabral Matos,\u00a0Leizer Fernandes Moraes<\/p>\n<p style=\"text-align: justify\">P\u00f4ster n\u00ba 04 &#8211; <strong>Matem\u00e1tica na Educa\u00e7\u00e3o Infantil e a Constru\u00e7\u00e3o de Conhecimentos pela Crian\u00e7a do Maternal <\/strong>&#8211;\u00a0Cl\u00e1udia Silva Rosa,\u00a0Rosemara Perpetua Lopes<\/p>\n<p style=\"text-align: justify\">P\u00f4ster n\u00ba 05 &#8211; <strong>Medidas dos Comprimentos de Onda do Espectro Vis\u00edvel: Uma Proposta Did\u00e1tica de Baixo Custo <\/strong>&#8211;<strong>\u00a0<\/strong>Cynthia Cabral Rodrigues Vailant,\u00a0Rodrigo Ferreira Marinho,\u00a0\u00cdcaro Lorran Lopes Costaco,\u00a0Luis Paulo Vieira da Silva<\/p>\n<p style=\"text-align: justify\">P\u00f4ster n\u00ba 06 &#8211; \u00a0<strong>Minha M\u00e3e Vem Me Buscar: A Esperan\u00e7a das Crian\u00e7as que Vivem Em Abrigo <\/strong>&#8211;\u00a0Dan\u00fabia Carvalho de Freitas Ramos,\u00a0Halline Mariana Santos Silva,\u00a0Suely dos Santos Silva<\/p>\n<p style=\"text-align: justify\">P\u00f4ster n\u00ba 07 &#8211; \u00a0<strong>O desempenho dos Alunos dos 1\u00aa Anos dos Cursos T\u00e9cnicos de uma Escola P\u00fablica Federal de Goi\u00e1s nos Anos de 2013 e 2014. <\/strong>&#8211;<strong>\u00a0<\/strong>Alex Santos Bandeira Barra,\u00a0Reginaldo de F\u00e1tima Gomes Pacheco<\/p>\n<p style=\"text-align: justify\">P\u00f4ster n\u00ba 08 &#8211; <strong>O Ensino de Qu\u00edmica no Curso de Secretariado na Modalidade EJA do IFG Campus Jata\u00ed: Uma Proposta de Atividades Experimentais Contextualizadas <\/strong>&#8211;\u00a0Ha\u00edlton Ferreira Pereira,\u00a0Carlos C\u00e9zar da Silva<\/p>\n<p style=\"text-align: justify\">P\u00f4ster n\u00ba 09 &#8211; <strong>O Meio Ambiente no Filme Infantil <\/strong>&#8211;<strong>\u00a0<\/strong>Luana Cabral de Carvalho,\u00a0M\u00e1rcia Santos Anjo Reis,<\/p>\n<p style=\"text-align: justify\">P\u00f4ster n\u00ba 10 &#8211; <strong>Saberes docentes na Pesquisas Em Did\u00e1tica: Um Estudo nos Anais da ANPED Entre 2002-2013\u00a0<\/strong>&#8211; Nayenne Helsan Santos,\u00a0Camila Alberto Vicente de Oliveira<\/p>\n<p style=\"text-align: justify\">P\u00f4ster n\u00ba 11 &#8211; <strong>Tecnologia e Educa\u00e7\u00e3o: Possibilidades Materiais de Uso da Tecnologia pelo Professor da Rede P\u00fablica Municipal da Cidade de Jata\u00ed Estado de Goi\u00e1s\u00a0<\/strong>&#8211; Leon de Assis Silva,\u00a0Rosemara Lopes Perpetua<\/p>\n<p style=\"text-align: justify\">P\u00f4ster n\u00ba 12 &#8211; <strong>Um Olhar Sobre a Trajet\u00f3ria Pol\u00edtica do Livro Did\u00e1tico no Brasil\u00a0<\/strong>&#8211; Suzanna Neves Ferreira,\u00a0Halline Mariana Santos Silva<\/p>\n<p style=\"text-align: justify\">P\u00f4ster n\u00ba 13 &#8211; <strong>Uso de V\u00eddeos como Atividade Experimental demonstrativa no Ensino de Qu\u00edmica <\/strong>&#8211;\u00a0Anna Gabriella da Silva Oliveira,\u00a0Carlos C\u00e9zar da Silva<\/p>\n<p style=\"text-align: justify\">P\u00f4ster n\u00ba 14\u00a0&#8211;\u00a0<strong>Webquest: O Conhecimento Etnomatem\u00e1tico nas Receitas de Rem\u00e9dios Caseiros Produzidos a partir das Plantas Medicinais\u00a0<\/strong>&#8211; V\u00e2nia H\u00f6rner de Almeida,\u00a0Fabiana Aparecida Leite<\/p>\n<h4 style=\"text-align: center\"><span style=\"color: #0000ff\">Apresenta\u00e7\u00f5es Orais<\/span><\/h4>\n<h4 style=\"text-align: center\"><span style=\"color: #0000ff\">16\/10\/2015 (Sexta-Feira) \u2013 09:00 \u00e0s 11:00<\/span><\/h4>\n<h4 style=\"text-align: center\"><span style=\"color: #0000ff\">Bloco 400 e Sala de V\u00eddeo<\/span><\/h4>\n<h5 style=\"text-align: center\"><span style=\"color: #ff0000\">Sala 401<\/span><\/h5>\n<p style=\"text-align: justify\">09:00 &#8211; <strong>A Inser\u00e7\u00e3o de Textos de Divulga\u00e7\u00e3o Cient\u00edfica no ensino M\u00e9dio por Meio das Tecnologias de Informa\u00e7\u00e3o e Comunica\u00e7\u00e3o<\/strong>\u00a0&#8211; Viviane Ferreira Furtado,\u00a0Flomar Ambrosina Oliveira Chagas,\u00a0Jana\u00edna Aparecida Silva Bassani, Kelly Cristine Ferreira Prado Duarte<\/p>\n<p style=\"text-align: justify\">09:30 &#8211; <strong>Diversifica\u00e7\u00e3o, Validade e Utiliza\u00e7\u00e3o dos Resultados dos Instrumentos Avaliativos &#8211; Um estudo Feito com Professores da Rede Municipal.<\/strong>\u00a0&#8211; H\u00e9lia Luzia de Freitas,\u00a0Nilda Maria de Carvalho<\/p>\n<p style=\"text-align: justify\">10:00 &#8211; <strong>Um estudo sobre Avali(A)\u00c7\u00e3o e suas Interlocu\u00e7\u00f5es com o Processo ensino-Aprendizagem no Proeja <\/strong>&#8211; Daniella Souza Bezerra,\u00a0Oct\u00e1vio Marcos Martins Mani,<\/p>\n<p style=\"text-align: justify\">10:30 &#8211; <strong>Uma Abordagem da Rela\u00e7\u00e3o Sociedade\/Natureza em Duas Vertentes de Educa\u00e7\u00e3o Ambiental<\/strong>\u00a0&#8211; Eliakim Oliveira K\u00fcster,\u00a0Jorge Lima Loiola,\u00a0Kathynne Carvalho Freitas Ferri,\u00a0Stephany Siqueira Barbosa Nascimento<\/p>\n<h5 style=\"text-align: center\"><span style=\"color: #ff0000\">Sala \u00a0402<\/span><\/h5>\n<p style=\"text-align: justify\">09:00 &#8211; <strong>A Import\u00e2ncia do Trabalho com a Linguagem no Programa Mulheres Mil<\/strong>\u00a0&#8211; Kelly Cristine Ferreira Prado Duarte,\u00a0Maria de Lourdes Faria dos S. Paniago,\u00a0Viviane Ferreira Furtado,\u00a0Jana\u00edna Aparecida Silva Bassani<\/p>\n<p style=\"text-align: justify\">09:30 &#8211;<strong> O Corpo na escola: Uma An\u00e1lise a Partir do Livro Did\u00e1tico de Biologia<\/strong>\u00a0-Estef\u00e2nia Ferreira Costa Machado,\u00a0Andr\u00e9 Valente de Barros Barreto<\/p>\n<p style=\"text-align: justify\">10:00 &#8211; <strong>Sujeito e Linguagem em Pierre L\u00e9vy, Michel Foucault e no Romance Vidas Secas <\/strong>&#8211; Silvon Alves Guimar\u00e3es,\u00a0 Nat\u00e1lia Cristina Souza Pereira<\/p>\n<h5 style=\"text-align: center\"><span style=\"color: #ff0000\">Sala 403<\/span><\/h5>\n<p style=\"text-align: justify\">09:00 &#8211; <strong>A Forma\u00e7\u00e3o Inicial do Professor de Ci\u00eancias: Contribui\u00e7\u00f5es do Pibid<\/strong>\u00a0 &#8211; Josiane Lopes Medeiros,\u00a0Luciene Lima de Assis Pires<\/p>\n<p style=\"text-align: justify\">09:30 &#8211; <strong>Educa\u00e7\u00e3o F\u00edsica em Ber\u00e7\u00e1rios: A Pr\u00e1tica Docente das Professoras<\/strong>\u00a0 &#8211; Ana Fl\u00e1via Oliveira de Souza,\u00a0Renata Machado de Assis<\/p>\n<p style=\"text-align: justify\">10:00 \u00a0&#8211; <strong>Educa\u00e7\u00e3o F\u00edsica no Ensino M\u00e9dio em Jata\u00ed-GO: Metodologia Utilizada pelos Professores<\/strong>\u00a0&#8211; Raiane Ketully Vieira Lima,\u00a0Renata Machado de Assis<\/p>\n<p style=\"text-align: justify\">10:30 &#8211; <strong>Limites e Possibilidades do Trabalho com Alunos Autistas nas Aulas de Educa\u00e7\u00e3o F\u00edsica<\/strong>\u00a0&#8211; Jessica Rezende Souza,\u00a0Renata Machado de Assis<\/p>\n<h5 style=\"text-align: center\"><span style=\"color: #ff0000\">Sala 410<\/span><\/h5>\n<p style=\"text-align: justify\">09:00 &#8211; <strong>Concep\u00e7\u00f5es e Pr\u00e1ticas Pedag\u00f3gicas na EJA e o ensino de Matem\u00e1tica<\/strong>\u00a0 -Elita Assis de Lima,\u00a0Luciene Lima de Assis Pires<\/p>\n<p style=\"text-align: justify\">09:30 &#8211; <strong>Leitura e Escrita nas Aulas de Matem\u00e1tica: An\u00e1lise das Condi\u00e7\u00f5es de Produ\u00e7\u00e3o nos Efeitos e Sentido dessas Pr\u00e1ticas\u00a0<\/strong>&#8211; Elita Assis de Lima,\u00a0Luciene Lima de Assis Pires<\/p>\n<p style=\"text-align: justify\">10:00 &#8211; <strong>Participa\u00e7\u00e3o da Comunidade e Democracia: A Influ\u00eancia da Legisla\u00e7\u00e3o Educacional nas Atribui\u00e7\u00f5es do Gestor Democr\u00e1tico em Organiza\u00e7\u00f5es Escolares<\/strong>\u00a0 -Eveline da Silva Gontijo Moreira,\u00a0Cl\u00e9sio Feliciano de Souza<\/p>\n<p style=\"text-align: justify\">10:30 &#8211; <strong>O Uso das TIC pelos Professores de Ci\u00eancias e Biologia do Munic\u00edpio de Pontal do Araguaia-MT<\/strong>\u00a0&#8211; Eliakim Oliveira K\u00fcster,\u00a0Kathynne Carvalho Freitas Ferri,\u00a0Stephany Siqueira Barbosa Nascimento<\/p>\n<h5 style=\"text-align: center\"><span style=\"color: #ff0000\">Sala \u00a0412<\/span><\/h5>\n<p style=\"text-align: justify\">09:00 &#8211; <strong>As Contribui\u00e7\u00f5es das Tend\u00eancias da educa\u00e7\u00e3o Matem\u00e1tica na Forma\u00e7\u00e3o Inicial de Professores de Matem\u00e1tica<\/strong>\u00a0&#8211; V\u00e2nia H\u00f6rner de Almeida,\u00a0Adelino C\u00e2ndido Pimenta<\/p>\n<p style=\"text-align: justify\">09:30 &#8211; <strong>Modelagem Matem\u00e1tica e a edifica\u00e7\u00f5es: Refletindo Sobre a Consci\u00eancia Ambiental dos Discentes do IFPR\/ Campus Foz do Igua\u00e7u<\/strong>\u00a0 &#8211; Ana Maria Lib\u00f3rio de Oliveira,\u00a0Elenilson de Vargas Fortes,\u00a0Wendell Telles de Lima,\u00a0Geovan Soethe<\/p>\n<p style=\"text-align: justify\">10:00 &#8211; <strong>Desfazendo A Ideia Substancialista de Sombras na EJA atrav\u00e9s do Ensino de Ci\u00eancias por Investiga\u00e7\u00e3o<\/strong>\u00a0&#8211; Milton Batista Ferreira Junior,\u00a0Paulo Henrique de Souza<\/p>\n<p style=\"text-align: justify\">10:30 &#8211; <strong>O Uso da Realidade Aumentada como\u00a0Recurso Did\u00e1tico para o Estudo do Sistema Solar<\/strong>\u00a0&#8211; Renato Oliveira Abreu,\u00a0Paulo Henrique de Souza<\/p>\n<h5 style=\"text-align: center\"><span style=\"color: #ff0000\">Sala de V\u00eddeo<\/span><\/h5>\n<p style=\"text-align: justify\">09:00 &#8211; <strong>O Jogo de Tabuleiro como Recurso Did\u00e1tico no Ensino M\u00e9dio: Uma Contextualiza\u00e7\u00e3o do Ensino de Qu\u00edmica<\/strong>\u00a0&#8211; Kathynne Carvalho Freitas Ferri,\u00a0L\u00edvia Maria Ara\u00fajo Soares<\/p>\n<p style=\"text-align: justify\">09:30 &#8211; <strong>A Defici\u00eancia F\u00edsica: Abordagens Pr\u00e1ticas para o Ensino de Ci\u00eancias<\/strong>\u00a0 &#8211; Kathynne Carvalho Freitas Ferri,\u00a0Eliakim Oliveira K\u00fcster,\u00a0Stephany Siqueira Barbosa Nascimento<\/p>\n<p style=\"text-align: justify\">10:00 &#8211; <strong>Software \u201cCerrado \u2013 Degrada\u00e7\u00e3o X Preserva\u00e7\u00e3o\u201d: Elabora\u00e7\u00e3o e Aplica\u00e7\u00e3o de um Software Educativo como Recurso Pedag\u00f3gico no Ensino de Ci\u00eancias<\/strong>\u00a0&#8211; Stephany Siqueira Barbosa Nascimento,\u00a0Eliakim Oliveira K\u00fcster,\u00a0Eduardo dos Santos Silva,\u00a0Jorge Lima Loiola<\/p>\n","protected":false},"excerpt":{"rendered":"<p>Sess\u00e3o de P\u00f4steres 15\/10\/2015 (Quinta-Feira) \u2013 15:00 \u00e0s 15:45 Hall de Entrada da Administra\u00e7\u00e3o P\u00f4ster n\u00ba 01 &#8211; Biblioteca Escolar: Ambiente de Ensino-Aprendizagem para Alunos Especiais. &#8211;\u00a0K\u00eania Reis de Souza,\u00a0Flomar Ambrosina Oliveira Chagas P\u00f4ster n\u00ba 02 \u00a0&#8211; Elei\u00e7\u00e3o de Diretor: Algumas Reflex\u00f5es sobre Ingresso ao Cargo de Diretor &#8211; \u00a0Daniel Junior de Oliveira,\u00a0Fabiana Kalil Borges <a class=\"more-link\" href=\"https:\/\/eventos.ifg.edu.br\/semlic\/posteres-e-apresentacoes2015\/\">&hellip; Continue lendo&hellip; &rarr;<\/a><\/p>\n","protected":false},"author":111,"featured_media":0,"parent":0,"menu_order":0,"comment_status":"closed","ping_status":"closed","template":"","meta":{"ngg_post_thumbnail":0,"footnotes":""},"class_list":["post-353","page","type-page","status-publish","hentry"],"_links":{"self":[{"href":"https:\/\/eventos.ifg.edu.br\/semlic\/wp-json\/wp\/v2\/pages\/353"}],"collection":[{"href":"https:\/\/eventos.ifg.edu.br\/semlic\/wp-json\/wp\/v2\/pages"}],"about":[{"href":"https:\/\/eventos.ifg.edu.br\/semlic\/wp-json\/wp\/v2\/types\/page"}],"author":[{"embeddable":true,"href":"https:\/\/eventos.ifg.edu.br\/semlic\/wp-json\/wp\/v2\/users\/111"}],"replies":[{"embeddable":true,"href":"https:\/\/eventos.ifg.edu.br\/semlic\/wp-json\/wp\/v2\/comments?post=353"}],"version-history":[{"count":0,"href":"https:\/\/eventos.ifg.edu.br\/semlic\/wp-json\/wp\/v2\/pages\/353\/revisions"}],"wp:attachment":[{"href":"https:\/\/eventos.ifg.edu.br\/semlic\/wp-json\/wp\/v2\/media?parent=353"}],"curies":[{"name":"wp","href":"https:\/\/api.w.org\/{rel}","templated":true}]}}