{"id":2818,"date":"2023-06-30T09:35:30","date_gmt":"2023-06-30T12:35:30","guid":{"rendered":"http:\/\/eventos.ifg.edu.br\/semlic\/?page_id=2818"},"modified":"2023-11-07T10:51:07","modified_gmt":"2023-11-07T13:51:07","slug":"oficinas-2023","status":"publish","type":"page","link":"https:\/\/eventos.ifg.edu.br\/semlic\/oficinas-2023\/","title":{"rendered":"Minicursos e Oficinas 2023"},"content":{"rendered":"<h4><span style=\"color: #ff0000\"><strong>&nbsp;Obs.:&nbsp;As oficinas e minicursos&nbsp;ocorrer\u00e3o na Unidade Flamboyant do IFG<\/strong><\/span>&nbsp;<\/h4>\n<p><a href=\"https:\/\/maps.app.goo.gl\/6HBQUrjtEhwgcJxZ7\" target=\"_blank\"><img decoding=\"async\" class=\"alignnone size-full wp-image-3050\" src=\"http:\/\/eventos.ifg.edu.br\/semlic\/wp-content\/uploads\/sites\/49\/2023\/06\/location-point-icon-on-map.png\" alt=\"Localiza\u00e7\u00e3o da Unidade Flamboyant do IFG\" width=\"50\" height=\"50\">&nbsp;Ver&nbsp;localiza\u00e7\u00e3o<\/a><\/p>\n<p><img fetchpriority=\"high\" decoding=\"async\" class=\"alignnone size-full wp-image-3024\" src=\"http:\/\/eventos.ifg.edu.br\/semlic\/wp-content\/uploads\/sites\/49\/2023\/06\/minicurso_oficinas_site1.png\" alt=\"minicurso_oficinas_site1\" width=\"925\" height=\"1352\"><\/p>\n<h4><span style=\"color: #000000\"><strong>Minicursos e Oficinas aprovados!&nbsp;<\/strong><\/span><\/h4>\n<p><strong><a href=\"https:\/\/docs.google.com\/document\/d\/1G7xsHe-ucrUid7srT1vWKclMpg-2P4sWpUH0dvhnLXA\/edit\" target=\"_blank\">Clique Aqui!!!<\/a><\/strong><\/p>\n","protected":false},"excerpt":{"rendered":"<p>&nbsp;Obs.:&nbsp;As oficinas e minicursos&nbsp;ocorrer\u00e3o na Unidade Flamboyant do IFG&nbsp; &nbsp;Ver&nbsp;localiza\u00e7\u00e3o Minicursos e Oficinas aprovados!&nbsp; Clique Aqui!!!<\/p>\n","protected":false},"author":112,"featured_media":0,"parent":0,"menu_order":0,"comment_status":"closed","ping_status":"closed","template":"","meta":{"ngg_post_thumbnail":0,"footnotes":""},"class_list":["post-2818","page","type-page","status-publish","hentry"],"_links":{"self":[{"href":"https:\/\/eventos.ifg.edu.br\/semlic\/wp-json\/wp\/v2\/pages\/2818"}],"collection":[{"href":"https:\/\/eventos.ifg.edu.br\/semlic\/wp-json\/wp\/v2\/pages"}],"about":[{"href":"https:\/\/eventos.ifg.edu.br\/semlic\/wp-json\/wp\/v2\/types\/page"}],"author":[{"embeddable":true,"href":"https:\/\/eventos.ifg.edu.br\/semlic\/wp-json\/wp\/v2\/users\/112"}],"replies":[{"embeddable":true,"href":"https:\/\/eventos.ifg.edu.br\/semlic\/wp-json\/wp\/v2\/comments?post=2818"}],"version-history":[{"count":15,"href":"https:\/\/eventos.ifg.edu.br\/semlic\/wp-json\/wp\/v2\/pages\/2818\/revisions"}],"predecessor-version":[{"id":3053,"href":"https:\/\/eventos.ifg.edu.br\/semlic\/wp-json\/wp\/v2\/pages\/2818\/revisions\/3053"}],"wp:attachment":[{"href":"https:\/\/eventos.ifg.edu.br\/semlic\/wp-json\/wp\/v2\/media?parent=2818"}],"curies":[{"name":"wp","href":"https:\/\/api.w.org\/{rel}","templated":true}]}}