{"id":2275,"date":"2019-10-21T21:50:47","date_gmt":"2019-10-22T00:50:47","guid":{"rendered":"http:\/\/eventos.ifg.edu.br\/semlic\/?page_id=2275"},"modified":"2019-10-21T21:50:47","modified_gmt":"2019-10-22T00:50:47","slug":"anaisminof2019","status":"publish","type":"page","link":"https:\/\/eventos.ifg.edu.br\/semlic\/anaisminof2019\/","title":{"rendered":"Anais Minicursos e Oficinas 2019"},"content":{"rendered":"<h3 style=\"text-align: center\">Anais Minicursos\/Oficinas&nbsp; 2019<\/h3>\n<h3 style=\"text-align: center\">XVI Semana de Licenciatura<\/h3>\n<h6 style=\"text-align: center\">&nbsp;<span style=\"color: #0000ff\"><strong>Minicurso 1 &#8211; <\/strong><\/span><strong><span style=\"color: #0000ff\">A DUPLA DETERMINA\u00c7\u00c3O DO TRABALHO DOCENTE EM PAUTA: HUMANIZA\u00c7\u00c3O X ALIENA\u00c7\u00c3O<\/span><\/strong><br \/>\n<strong>Camila Carolina Alves Assis, La\u00eds Leni Oliveira Lima, Ana Paula Ferreira Trindade<\/strong><\/h6>\n<p><strong>Objetivos:<\/strong><br \/>\nRefletir sobre o trabalho docente na sociedade do capital;<br \/>\nConceituar aliena\u00e7\u00e3o e discutir sobre trabalho alienado;<br \/>\nPonderar sobre a import\u00e2ncia do trabalho docente para a forma\u00e7\u00e3o humana.<\/p>\n<p style=\"text-align: center\"><a href=\"https:\/\/drive.google.com\/uc?export=download&amp;id=1iwLGayFc7SrlHGI9KIyRQg39EktsbzBi\">Clique aqui e baixe o pdf da proposta completa<\/a><\/p>\n<hr>\n<h6 style=\"text-align: center\"><span style=\"color: #0000ff\"><strong>Oficina 2 &#8211; <\/strong><\/span><strong><span style=\"color: #0000ff\">A ROB\u00d3TICA LEGO MINDSTORMS EV3 NA PROPOSTA STEM<\/span><\/strong><br \/>\n<strong>Vagner Lucio Paulino<\/strong><\/h6>\n<p><strong>Objetivos:<\/strong><br \/>\nRefletir sobre o movimento STEM e a possibilidade do uso de rob\u00f3tica para abordar conceitos de f\u00edsica e matem\u00e1tica segundo essa proposta.<\/p>\n<p style=\"text-align: center\"><a href=\"https:\/\/drive.google.com\/uc?export=download&amp;id=1ILQimm4YhX_Sy0JyGsTsQNJTrc5EjeF4\">Clique aqui e baixe o pdf da proposta completa<\/a><\/p>\n<hr>\n<h6 style=\"text-align: center\"><span style=\"color: #0000ff\"><strong>Minicurso 3 &#8211; <\/strong><\/span><strong><span style=\"color: #0000ff\">EDUCA\u00c7\u00c3O AMBIENTAL NO CAMPO \u2013 ENTENDENDO OS SERVI\u00c7OS ECOSSIST\u00caMICOS<\/span><\/strong><br \/>\n<strong>Christiano Peres Coelho, <\/strong><\/h6>\n<p><strong>Objetivos:<\/strong><br \/>\nTrazer de forma clara e objetiva esclarecimentos sobre os principais servi\u00e7os ecossist\u00eamicos nos ambientes naturais, destacando a import\u00e2ncia desses servi\u00e7os para o equil\u00edbrio ambiental e a participa\u00e7\u00e3o dele em nossas vidas, destacando a import\u00e2ncia desse conhecimento para uma Educa\u00e7\u00e3o Ambiental duradoura.<\/p>\n<p style=\"text-align: center\"><a href=\"https:\/\/drive.google.com\/uc?export=download&amp;id=16XCWZUolDZ0WRfMiDcYGuTJkFbv6Qnkp\">Clique aqui e baixe o pdf da proposta completa<\/a><\/p>\n<hr>\n<h6 style=\"text-align: center\"><span style=\"color: #0000ff\"><strong>Minicurso 4 &#8211; <\/strong><\/span><strong><span style=\"color: #0000ff\">FANZINE: RECURSO PEDAG\u00d3GICO PARA INCENTIVAR A PRODU\u00c7\u00c3O TEXTUAL EM CI\u00caNCIAS E MATEM\u00c1TICA<\/span><\/strong><br \/>\n<strong>Shirley Alves de Souza Fernandes, Flomar Ambrosina Oliveira Chagas, Alexandre Fermaniam Neto, Lu\u00eds Pereira de Amorim, Nelma Goulart Santos<\/strong><\/h6>\n<p style=\"text-align: justify\"><strong>Objetivos:<\/strong><br \/>\nInstrumentar professores, futuros professores e demais interessados para confec\u00e7\u00e3o de fanzines \u2013 recursos pedag\u00f3gicos e suportes de diferentes g\u00eaneros textuais;<br \/>\nDivulgar o fanzine como recurso pedag\u00f3gico para incentivo de produ\u00e7\u00e3o textual na \u00e1rea de Ci\u00eancias e Matem\u00e1tica;<br \/>\nFomentar a divulga\u00e7\u00e3o de assuntos do cotidiano e express\u00e3o de ideias, na produ\u00e7\u00e3o de fanzines como forma de manifesta\u00e7\u00e3o e resist\u00eancia;<br \/>\nDespertar o escritor que existe em cada pessoa, meio da produ\u00e7\u00e3o, publica\u00e7\u00e3o e divulga\u00e7\u00e3o, livre e artesanal do fanzine.<\/p>\n<p style=\"text-align: center\"><a href=\"https:\/\/drive.google.com\/uc?export=download&amp;id=167DC400lcwOZs0P7WfdP1VA77CEqJsjF\">Clique aqui e baixe o pdf da proposta completa<\/a><\/p>\n<hr>\n<h6 style=\"text-align: center\"><span style=\"color: #0000ff\"><strong>Oficina 5 &#8211; <\/strong><\/span><strong><span style=\"color: #0000ff\">FORMA\u00c7\u00c3O CONTINUADA DE PROFESSORES QUE ENSINAM MATEM\u00c1TICA NUMA PERSPECTIVA INCLUSIVA: TABUADA GEOM\u00c9TRICA PARA LIDAR COM AS ESPECIFICIDADES DA DISCALCULIA<\/span><\/strong>&nbsp;<br \/>\n<strong>Ewerson Tavares da Silva, Ana Paula de Souza, Gabriela Silva Lemes, Jordana de Oliveira do Amaral, Luciana Alves da Silva Costa, <\/strong><\/h6>\n<p><strong>Objetivos:<\/strong><br \/>\nDiscutir sobre a import\u00e2ncia de pr\u00e1ticas Inclusivas para o Ensino de Matem\u00e1tica;<br \/>\nVerificar os conhecimentos que estes professores possuem sobre transtornos de aprendizados;<br \/>\nDialogar sobre a discalculia enquanto um transtorno de aprendizado;<br \/>\nApresentar propostas de atividades que exploram a tabuada geom\u00e9trica enquanto instrumento para Ensino de Matem\u00e1tica numa perspectiva Inclusiva.<\/p>\n<p style=\"text-align: center\"><a href=\"https:\/\/drive.google.com\/uc?export=download&amp;id=14d8cepKGPP7-SG_bYaDBqZO1Rz0TgDGl\">Clique aqui e baixe o pdf da proposta completa<\/a><\/p>\n<hr>\n<h6 style=\"text-align: center\"><span style=\"color: #0000ff\"><strong>Oficina 6 &#8211; <\/strong><\/span><strong><span style=\"color: #0000ff\">INTERDISCIPLINARIDADE E COMPOSTAGEM<\/span><\/strong><br \/>\n<strong>Kenia Alves Pereira Lacerda, Alline Braga Silva, Carlos C\u00e9zar da Silva, Celso de Carvalho Braga, La\u00edsse Silva Lemos, Marluce Silva Souza, Patr\u00edcia Tinoco Santos<\/strong><\/h6>\n<p style=\"text-align: justify\"><strong>Objetivos:<\/strong><br \/>\nValorar a atitude interdisciplinar e o olhar interdisciplinar na pr\u00e1tica pedag\u00f3gica;<br \/>\nRefletir sobre o consumo consciente;<br \/>\nConfeccionar um modelo de composteira alternativo;<br \/>\nConhecer o m\u00e9todo de compostagem org\u00e2nica, seus benef\u00edcios e utiliza\u00e7\u00e3o no cotidiano.<\/p>\n<p style=\"text-align: center\"><a href=\"https:\/\/drive.google.com\/uc?export=download&amp;id=1u6lgRDX2k_HiQpQKN2LA9jFOe22FpFT4\">Clique aqui e baixe o pdf da proposta completa<\/a><\/p>\n<hr>\n<h6 style=\"text-align: center\"><span style=\"color: #0000ff\"><strong>Minicurso 7 &#8211; <\/strong><\/span><strong><span style=\"color: #0000ff\">O FETICHISMO DA INF\u00c2NCIA E O TRABALHO DOCENTE: LIMITES E POSSIBILIDADES DE UM ENSINO INTENCIONAL E PLANEJADO NA EDUCA\u00c7\u00c3O INFANTIL<\/span><\/strong><br \/>\n<strong>Ana Paula Ferreira Trindade, La\u00eds Leni Oliveira Lima, Camila Carolina Alves Assis<\/strong><\/h6>\n<p style=\"text-align: justify\"><strong>Objetivos:<\/strong><br \/>\nAnalisar o papel do professor mediante um trabalho pedag\u00f3gico intencional e planejado para crian\u00e7as de 0 a 5 anos.<br \/>\nCompreender a educa\u00e7\u00e3o infantil como um lugar de cultura elaborada para a forma\u00e7\u00e3o humanizadora da crian\u00e7a.<br \/>\nRefletir sobre o trabalho docente e a desvaloriza\u00e7\u00e3o da educa\u00e7\u00e3o escolar na educa\u00e7\u00e3o infantil.<\/p>\n<p style=\"text-align: center\"><a href=\"https:\/\/drive.google.com\/uc?export=download&amp;id=1gvWTeoT-Zi_yhTVolLgtl6H1xIAKdSYj\">Clique aqui e baixe o pdf da proposta completa<\/a><\/p>\n<hr>\n<h6 style=\"text-align: center\"><span style=\"color: #0000ff\"><strong>Minicurso 8 &#8211; <\/strong><\/span><strong><span style=\"color: #0000ff\">O FUTURE-SE E OS ATAQUES \u00c0 EDUCA\u00c7\u00c3O<\/span><\/strong><br \/>\n<strong>Evaldo Gon\u00e7alves Silva, Elenilson de Vargas Fortes <\/strong><\/h6>\n<p style=\"text-align: justify\"><strong>Objetivos:<\/strong><br \/>\nApresentar os princ\u00edpios do future-se e o modelo de capitaliza\u00e7\u00e3o e precariza\u00e7\u00e3o dos ensino t\u00e9cnico e superior p\u00fablicos<\/p>\n<hr>\n<h6 style=\"text-align: center\"><span style=\"color: #0000ff\"><strong>Oficina 9 &#8211; <\/strong><\/span><strong><span style=\"color: #0000ff\">OFICINA DE AN\u00c1LISE TEXTUAL DISCURSIVA DE DADOS EM INVESTIGA\u00c7\u00d5ES EM ENSINO DE CI\u00caNCIAS E EDUCA\u00c7\u00c3O MATEM\u00c1TICA<\/span><\/strong><br \/>\n<strong>Felippe Guimar\u00e3es Maciel, Gabriel de Jesus Ogregon, Jos\u00e9 Luiz de Carvalho Filho, Luiz Cesar Leite Filho <\/strong><\/h6>\n<p style=\"text-align: justify\"><strong>Objetivos:<\/strong><br \/>\nLocalizar e exemplificar as an\u00e1lises textuais utilizadas em pesquisas na \u00e1rea de Ensino de Ci\u00eancias e Educa\u00e7\u00e3o Matem\u00e1tica;<br \/>\nApresentar os elementos b\u00e1sicos da ATD: unitariza\u00e7\u00e3o, codifica\u00e7\u00e3o, agrupamento, categoriza\u00e7\u00e3o e metatexto;<br \/>\nRealizar pr\u00e1ticas orientadas para demonstrar as possibilidades da ATD em pesquisas qualitativas.<\/p>\n<p style=\"text-align: center\"><a href=\"https:\/\/drive.google.com\/uc?export=download&amp;id=1v2w-QtCsOTfSVcF27pxsWKq49Fr5OiGB\">Clique aqui e baixe o pdf da proposta completa<\/a><\/p>\n<hr>\n<h6 style=\"text-align: center\"><span style=\"color: #0000ff\"><strong>Oficina 10 &#8211; <\/strong><\/span><strong><span style=\"color: #0000ff\">OPERA\u00c7\u00d5ES B\u00c1SICAS E JOGOS MATEM\u00c1TICOS<\/span><\/strong><br \/>\n<strong>Hyanka Cezario de Paula, Emiliana Batista de Oliveira, Adriana Aparecida Molina Gomes<\/strong><\/h6>\n<p style=\"text-align: justify\"><strong>Objetivos:<\/strong><br \/>\nTrabalhar as opera\u00e7\u00f5es b\u00e1sica (adi\u00e7\u00e3o, subtra\u00e7\u00e3o, multiplica\u00e7\u00e3o e divis\u00e3o) por meio de jogos; Conhecer alguns jogos para \u201ctreinamento\u201d das opera\u00e7\u00f5es b\u00e1sicas; Desenvolver habilidades com express\u00f5es num\u00e9ricas mental e escrita; Desenvolver racioc\u00ednio l\u00f3gico matem\u00e1tico; Trabalhar e desenvolver a coopera\u00e7\u00e3o entre os alunos.<\/p>\n<p style=\"text-align: center\"><a href=\"https:\/\/drive.google.com\/uc?export=download&amp;id=1rm5-mjDGknLANNU-_dblS0pXZ1NXq1PB\">Clique aqui e baixe o pdf da proposta completa<\/a><\/p>\n<hr>\n<h6 style=\"text-align: center\"><span style=\"color: #0000ff\"><strong>Oficina 11 &#8211; <\/strong><\/span><strong><span style=\"color: #0000ff\">R\u00c1DIO DO S\u00c9CULO XXI: PODCAST PARA EDUCA\u00c7\u00c3O E DIVULGA\u00c7\u00c3O CIENT\u00cdFICA<\/span><\/strong><br \/>\n<strong>James Dean Leal Rocha, Ana Paula de Souza, Rafael Clemonez De Abreu, Marco Ant\u00f4nio de Abreu Freitas <\/strong><\/h6>\n<p style=\"text-align: justify\"><strong>Objetivos:<\/strong><br \/>\nUtilizar t\u00e9cnicas de produ\u00e7\u00e3o de programas de \u00e1udio para divulga\u00e7\u00e3o cient\u00edfica e ferramentas educacionais.<\/p>\n<p style=\"text-align: center\"><a href=\"https:\/\/drive.google.com\/uc?export=download&amp;id=1UzK2cLg4Vi5-9DOwc_NLeI7zObRdDXiz\">Clique aqui e baixe o pdf da proposta completa<\/a><\/p>\n<hr>\n<h6 style=\"text-align: center\"><span style=\"color: #0000ff\"><strong>Oficina 12 &#8211; <\/strong><\/span><strong><span style=\"color: #0000ff\">TEATRO E MATEM\u00c1TICA NO MESMO PALCO<\/span><\/strong><br \/>\n<strong>Aires Francisco de Oliveira<\/strong><\/h6>\n<p style=\"text-align: justify\"><strong>Objetivos:<\/strong><br \/>\nOferecer aos participantes a viv\u00eancia pr\u00e1tica de jogos teatrais de diversas vertentes metodol\u00f3gicas, bem como a an\u00e1lise cr\u00edtica sobre as atividades experimentadas; oferecer ao aluno a oportunidade criar cenas atrav\u00e9s da improvisa\u00e7\u00e3o, jogos teatrais e din\u00e2micas de grupo, em que os sujeitos envolvidos sejam parte criativa da constru\u00e7\u00e3o de conhecimentos de matem\u00e1tica relacionados ao dia a dia.<\/p>\n<p style=\"text-align: center\"><a href=\"https:\/\/drive.google.com\/uc?export=download&amp;id=1QHPG7zKijWqtfSnRFHwS6aQ0a2rTDezb\">Clique aqui e baixe o pdf da proposta completa<\/a><\/p>\n<hr>\n<h6 style=\"text-align: center\"><span style=\"color: #0000ff\"><strong>Minicurso 13 &#8211; <\/strong><\/span><strong><span style=\"color: #0000ff\">TECNOLOGIAS M\u00d3VEIS E METODOLOGIAS ATIVAS<\/span><\/strong><br \/>\n<strong>Rosemara Perpetua Lopes, M\u00e1rcia Le\u00e3o da Silva Pacheco <\/strong><\/h6>\n<p style=\"text-align: justify\"><strong>Objetivos:<\/strong><br \/>\nIntroduzir aos estudos sobre educa\u00e7\u00e3o e tecnologias, priorizando as digitais e m\u00f3veis, perpassando m\u00eddias, e seu potencial pedag\u00f3gico na sociedade contempor\u00e2nea.<br \/>\nPropiciar a apropria\u00e7\u00e3o de conceitos b\u00e1sicos sobre tecnologias, m\u00eddias e educa\u00e7\u00e3o.<br \/>\nPossibilitar a identifica\u00e7\u00e3o de metodologias ativas que incluem tecnologias digitais em seu design.<br \/>\nProblematizar a realidade da escola p\u00fablica goiana para integra\u00e7\u00e3o de tecnologias \u00e0 pr\u00e1tica pedag\u00f3gica, a partir de resultados de pesquisa cient\u00edfica sobre a infraestrutura e a forma\u00e7\u00e3o de professores para uso de tecnologias digitais e m\u00f3veis na regi\u00e3o de Jata\u00ed, Goi\u00e1s.<\/p>\n<p style=\"text-align: center\"><a href=\"https:\/\/drive.google.com\/uc?export=download&amp;id=1CEcOtxeok4U90gjnXxGKbKKVdcBVIEFr\">Clique aqui e baixe o pdf da proposta completa<\/a><\/p>\n<hr>\n<h6 style=\"text-align: center\"><span style=\"color: #0000ff\"><strong>Minicurso 14 &#8211; <\/strong><\/span><strong><span style=\"color: #0000ff\">VIGOTSKI, LEONTIEV E ELKONIN: O PAPEL DO PROFESSOR NA EDUCA\u00c7\u00c3O INFANTIL<\/span><\/strong> &#8221;<br \/>\n<strong>La\u00eds Leni Oliveira Lima, Taira Carvalho de Assis <\/strong><\/h6>\n<p style=\"text-align: justify\"><strong>Objetivos:<\/strong><br \/>\nInvestigar a rela\u00e7\u00e3o entre desenvolvimento e ensino;<br \/>\nDebater sobre o papel do professor e do ensino na perspectiva de Vigotski, Leontiev e Elkonin;<br \/>\nCompreender que a produ\u00e7\u00e3o te\u00f3rica da psicologia Hist\u00f3rico-Cultural sustenta a defesa do ensino como elemento fundante do papel do professor<\/p>\n<p style=\"text-align: center\"><a href=\"https:\/\/drive.google.com\/uc?export=download&amp;id=1lQnjFa-wGwgotgqkT_P73mHKMIgrx2RX\">Clique aqui e baixe o pdf da proposta completa<\/a><\/p>\n<hr>\n","protected":false},"excerpt":{"rendered":"<p>Anais Minicursos\/Oficinas&nbsp; 2019 XVI Semana de Licenciatura &nbsp;Minicurso 1 &#8211; A DUPLA DETERMINA\u00c7\u00c3O DO TRABALHO DOCENTE EM PAUTA: HUMANIZA\u00c7\u00c3O X ALIENA\u00c7\u00c3O Camila Carolina Alves Assis, La\u00eds Leni Oliveira Lima, Ana Paula Ferreira Trindade Objetivos: Refletir sobre o trabalho docente na sociedade do capital; Conceituar aliena\u00e7\u00e3o e discutir sobre trabalho alienado; Ponderar sobre a import\u00e2ncia do <a class=\"more-link\" href=\"https:\/\/eventos.ifg.edu.br\/semlic\/anaisminof2019\/\">&hellip; Continue lendo&hellip; &rarr;<\/a><\/p>\n","protected":false},"author":111,"featured_media":0,"parent":0,"menu_order":0,"comment_status":"closed","ping_status":"closed","template":"","meta":{"ngg_post_thumbnail":0,"footnotes":""},"class_list":["post-2275","page","type-page","status-publish","hentry"],"_links":{"self":[{"href":"https:\/\/eventos.ifg.edu.br\/semlic\/wp-json\/wp\/v2\/pages\/2275"}],"collection":[{"href":"https:\/\/eventos.ifg.edu.br\/semlic\/wp-json\/wp\/v2\/pages"}],"about":[{"href":"https:\/\/eventos.ifg.edu.br\/semlic\/wp-json\/wp\/v2\/types\/page"}],"author":[{"embeddable":true,"href":"https:\/\/eventos.ifg.edu.br\/semlic\/wp-json\/wp\/v2\/users\/111"}],"replies":[{"embeddable":true,"href":"https:\/\/eventos.ifg.edu.br\/semlic\/wp-json\/wp\/v2\/comments?post=2275"}],"version-history":[{"count":1,"href":"https:\/\/eventos.ifg.edu.br\/semlic\/wp-json\/wp\/v2\/pages\/2275\/revisions"}],"predecessor-version":[{"id":2276,"href":"https:\/\/eventos.ifg.edu.br\/semlic\/wp-json\/wp\/v2\/pages\/2275\/revisions\/2276"}],"wp:attachment":[{"href":"https:\/\/eventos.ifg.edu.br\/semlic\/wp-json\/wp\/v2\/media?parent=2275"}],"curies":[{"name":"wp","href":"https:\/\/api.w.org\/{rel}","templated":true}]}}