{"id":1981,"date":"2019-06-25T15:47:43","date_gmt":"2019-06-25T18:47:43","guid":{"rendered":"http:\/\/eventos.ifg.edu.br\/semlic\/?page_id=1981"},"modified":"2021-02-15T16:59:41","modified_gmt":"2021-02-15T19:59:41","slug":"semlic2019-2","status":"publish","type":"page","link":"https:\/\/eventos.ifg.edu.br\/semlic\/semlic2019-2\/","title":{"rendered":"Semlic 2019"},"content":{"rendered":"<h5 style=\"text-align: center\"><strong>XVI Semana de Licenciatura<br \/>\n<\/strong><strong>VII Semin\u00e1rio da P\u00f3s-Gradua\u00e7\u00e3o em Educa\u00e7\u00e3o para Ci\u00eancias e Matem\u00e1tica<br \/>\n<\/strong><strong>01 a 04 de outubro de 2019<br \/>\n<\/strong><b>IFG &#8211; C\u00e2mpus Jata\u00ed<\/b><\/h5>\n<h5 style=\"text-align: center\"><span style=\"color: #0000ff\">Certificados de Participa\u00e7\u00e3o Enviados por e-mail<br \/>\n<\/span><span style=\"color: #ff0000\">Certificados de Apresenta\u00e7\u00e3o enviados por e-mail<br \/>\n<a href=\"http:\/\/revistas.ifg.edu.br\/semlic\"><span style=\"color: #0000ff\">Anais publicados &#8211; clique aqui<\/span><\/a><\/span><\/h5>\n<h5 style=\"text-align: center\">Facebook: <a href=\"https:\/\/www.facebook.com\/semlic\/\">https:\/\/www.facebook.com\/semlic\/<\/a><br \/>\nInstagram: <a href=\"https:\/\/www.instagram.com\/semlic_jatai\/\">https:\/\/www.instagram.com\/semlic_jatai\/<\/a><\/h5>\n<p style=\"text-align: center\">Apoio:<\/p>\n<p style=\"text-align: center\"><img fetchpriority=\"high\" decoding=\"async\" class=\"alignnone size-full wp-image-2244\" src=\"http:\/\/eventos.ifg.edu.br\/semlic\/wp-content\/uploads\/sites\/49\/2019\/06\/apoio.png\" alt=\"apoio\" width=\"1012\" height=\"405\"><\/p>\n","protected":false},"excerpt":{"rendered":"<p>XVI Semana de Licenciatura VII Semin\u00e1rio da P\u00f3s-Gradua\u00e7\u00e3o em Educa\u00e7\u00e3o para Ci\u00eancias e Matem\u00e1tica 01 a 04 de outubro de 2019 IFG &#8211; C\u00e2mpus Jata\u00ed Certificados de Participa\u00e7\u00e3o Enviados por e-mail Certificados de Apresenta\u00e7\u00e3o enviados por e-mail Anais publicados &#8211; clique aqui Facebook: https:\/\/www.facebook.com\/semlic\/ Instagram: https:\/\/www.instagram.com\/semlic_jatai\/ Apoio:<\/p>\n","protected":false},"author":111,"featured_media":0,"parent":0,"menu_order":0,"comment_status":"closed","ping_status":"closed","template":"","meta":{"ngg_post_thumbnail":0,"footnotes":""},"class_list":["post-1981","page","type-page","status-publish","hentry"],"_links":{"self":[{"href":"https:\/\/eventos.ifg.edu.br\/semlic\/wp-json\/wp\/v2\/pages\/1981"}],"collection":[{"href":"https:\/\/eventos.ifg.edu.br\/semlic\/wp-json\/wp\/v2\/pages"}],"about":[{"href":"https:\/\/eventos.ifg.edu.br\/semlic\/wp-json\/wp\/v2\/types\/page"}],"author":[{"embeddable":true,"href":"https:\/\/eventos.ifg.edu.br\/semlic\/wp-json\/wp\/v2\/users\/111"}],"replies":[{"embeddable":true,"href":"https:\/\/eventos.ifg.edu.br\/semlic\/wp-json\/wp\/v2\/comments?post=1981"}],"version-history":[{"count":19,"href":"https:\/\/eventos.ifg.edu.br\/semlic\/wp-json\/wp\/v2\/pages\/1981\/revisions"}],"predecessor-version":[{"id":2303,"href":"https:\/\/eventos.ifg.edu.br\/semlic\/wp-json\/wp\/v2\/pages\/1981\/revisions\/2303"}],"wp:attachment":[{"href":"https:\/\/eventos.ifg.edu.br\/semlic\/wp-json\/wp\/v2\/media?parent=1981"}],"curies":[{"name":"wp","href":"https:\/\/api.w.org\/{rel}","templated":true}]}}

<h5 style="text-align: center"><strong>XVI Semana de Licenciatura<br />
</strong><strong>VII Seminário da Pós-Graduação em Educação para Ciências e Matemática<br />
</strong><strong>01 a 04 de outubro de 2019<br />
</strong><b>IFG &#8211; Câmpus Jataí</b></h5>
<h5 style="text-align: center"><span style="color: #0000ff">Certificados de Participação Enviados por e-mail<br />
</span><span style="color: #ff0000">Certificados de Apresentação enviados por e-mail<br />
<a href="http://revistas.ifg.edu.br/semlic"><span style="color: #0000ff">Anais publicados &#8211; clique aqui</span></a></span></h5>
<h5 style="text-align: center">Facebook: <a href="https://www.facebook.com/semlic/">https://www.facebook.com/semlic/</a><br />
Instagram: <a href="https://www.instagram.com/semlic_jatai/">https://www.instagram.com/semlic_jatai/</a></h5>
<p style="text-align: center">Apoio:</p>
<p style="text-align: center"><img fetchpriority="high" decoding="async" class="alignnone size-full wp-image-2244" src="http://eventos.ifg.edu.br/semlic/wp-content/uploads/sites/49/2019/06/apoio.png" alt="apoio" width="1012" height="405"></p>

<p>XVI Semana de Licenciatura VII Seminário da Pós-Graduação em Educação para Ciências e Matemática 01 a 04 de outubro de 2019 IFG &#8211; Câmpus Jataí Certificados de Participação Enviados por e-mail Certificados de Apresentação enviados por e-mail Anais publicados &#8211; clique aqui Facebook: https://www.facebook.com/semlic/ Instagram: https://www.instagram.com/semlic_jatai/ Apoio:</p>
