{"id":1651,"date":"2019-06-29T17:46:23","date_gmt":"2019-06-29T20:46:23","guid":{"rendered":"http:\/\/www.semlic.com.br\/semlic\/?page_id=1651"},"modified":"2021-06-21T21:41:49","modified_gmt":"2021-06-22T00:41:49","slug":"semlic2020-2021","status":"publish","type":"page","link":"https:\/\/eventos.ifg.edu.br\/semlic\/semlic2020-2021\/","title":{"rendered":"Programa\u00e7\u00e3o"},"content":{"rendered":"<h1 style=\"text-align: center\">PROGRAMA\u00c7\u00c3O<\/h1>\n<h1 style=\"text-align: left\"><strong>Dia 21\/06\/2021 &#8211; Segunda-Feira&nbsp;<\/strong><\/h1>\n<p style=\"text-align: left\"><a href=\"https:\/\/www.youtube.com\/watch?v=jVRGMmjzKOA\"><strong>14h &#8211;&nbsp;<\/strong><strong>Palestra de Abertura&nbsp; &#8211;&nbsp;<\/strong>Dr. Miguel A. Santos R\u00eago &#8211; Assistir ao vivo<\/a><\/p>\n<p style=\"text-align: left\"><strong>19:30min &#8211;&nbsp;Apresenta\u00e7\u00e3o de P\u00f4ster<\/strong><strong>&#8211; <\/strong>Local: Google Meet<\/p>\n<p style=\"text-align: left\">&nbsp;<\/p>\n<h2 style=\"text-align: left\"><strong>Dia 22\/06\/2021 &#8211; Ter\u00e7a-Feira<\/strong><\/h2>\n<p style=\"text-align: left\"><strong>14h &#8211;&nbsp;Comunica\u00e7\u00f5es Orais&nbsp;<\/strong><strong>&#8211;&nbsp;<\/strong>Local: Google Meet<\/p>\n<p style=\"text-align: left\"><a href=\"https:\/\/www.youtube.com\/watch?v=0lQKWbNgZrE\"><strong>19:30min &#8211;&nbsp;Mesa Re<\/strong><strong>donda&nbsp;<\/strong><strong>&#8211;&nbsp;<\/strong>Profa. Dra. Adda Daniela e&nbsp;Prof. Dr. M\u00e1rcio Urel Rodrigues&nbsp;&#8211; Assistir ao vivo<\/a><\/p>\n<p style=\"text-align: left\">&nbsp;<\/p>\n<h2 style=\"text-align: left\"><strong>Dia 23\/06\/2021 &#8211; Quarta-Feira<\/strong><\/h2>\n<p style=\"text-align: left\"><strong>14h &#8211;&nbsp;Comunica\u00e7\u00f5es Orais&nbsp;<\/strong><strong>&#8211;&nbsp;<\/strong>Local: Google Meet<\/p>\n<p style=\"text-align: left\"><strong>19:30min &#8211;&nbsp;Mesa Redonda&nbsp;<\/strong><strong>&#8211;&nbsp;<\/strong>Profa. Dra. Cleci Werner e&nbsp;Profa. Dra. Raquel Freitas<\/p>\n<p>&nbsp;<\/p>\n","protected":false},"excerpt":{"rendered":"<p>PROGRAMA\u00c7\u00c3O Dia 21\/06\/2021 &#8211; Segunda-Feira&nbsp; 14h &#8211;&nbsp;Palestra de Abertura&nbsp; &#8211;&nbsp;Dr. Miguel A. Santos R\u00eago &#8211; Assistir ao vivo 19:30min &#8211;&nbsp;Apresenta\u00e7\u00e3o de P\u00f4ster&#8211; Local: Google Meet &nbsp; Dia 22\/06\/2021 &#8211; Ter\u00e7a-Feira 14h &#8211;&nbsp;Comunica\u00e7\u00f5es Orais&nbsp;&#8211;&nbsp;Local: Google Meet 19:30min &#8211;&nbsp;Mesa Redonda&nbsp;&#8211;&nbsp;Profa. Dra. Adda Daniela e&nbsp;Prof. Dr. M\u00e1rcio Urel Rodrigues&nbsp;&#8211; Assistir ao vivo &nbsp; Dia 23\/06\/2021 &#8211; Quarta-Feira 14h <a class=\"more-link\" href=\"https:\/\/eventos.ifg.edu.br\/semlic\/semlic2020-2021\/\">&hellip; Continue lendo&hellip; &rarr;<\/a><\/p>\n","protected":false},"author":111,"featured_media":0,"parent":0,"menu_order":0,"comment_status":"closed","ping_status":"closed","template":"","meta":{"ngg_post_thumbnail":0,"footnotes":""},"class_list":["post-1651","page","type-page","status-publish","hentry"],"_links":{"self":[{"href":"https:\/\/eventos.ifg.edu.br\/semlic\/wp-json\/wp\/v2\/pages\/1651"}],"collection":[{"href":"https:\/\/eventos.ifg.edu.br\/semlic\/wp-json\/wp\/v2\/pages"}],"about":[{"href":"https:\/\/eventos.ifg.edu.br\/semlic\/wp-json\/wp\/v2\/types\/page"}],"author":[{"embeddable":true,"href":"https:\/\/eventos.ifg.edu.br\/semlic\/wp-json\/wp\/v2\/users\/111"}],"replies":[{"embeddable":true,"href":"https:\/\/eventos.ifg.edu.br\/semlic\/wp-json\/wp\/v2\/comments?post=1651"}],"version-history":[{"count":31,"href":"https:\/\/eventos.ifg.edu.br\/semlic\/wp-json\/wp\/v2\/pages\/1651\/revisions"}],"predecessor-version":[{"id":2546,"href":"https:\/\/eventos.ifg.edu.br\/semlic\/wp-json\/wp\/v2\/pages\/1651\/revisions\/2546"}],"wp:attachment":[{"href":"https:\/\/eventos.ifg.edu.br\/semlic\/wp-json\/wp\/v2\/media?parent=1651"}],"curies":[{"name":"wp","href":"https:\/\/api.w.org\/{rel}","templated":true}]}}