{"id":1646,"date":"2019-03-30T11:12:15","date_gmt":"2019-03-30T14:12:15","guid":{"rendered":"http:\/\/www.semlic.com.br\/semlic\/?page_id=1646"},"modified":"2021-02-26T15:40:58","modified_gmt":"2021-02-26T18:40:58","slug":"sobre-o-evento-2020-2021","status":"publish","type":"page","link":"https:\/\/eventos.ifg.edu.br\/semlic\/sobre-o-evento-2020-2021\/","title":{"rendered":"Sobre o Evento"},"content":{"rendered":"\r\n\r\nO Instituto Federal de Goi\u00e1s (IFG) &#8211; Campus Jata\u00ed realiza entre os dias 21 e 23 de junho de 2021, a XVII Semana de Licenciatura&nbsp;e VIII Semin\u00e1rio da P\u00f3s-Gradua\u00e7\u00e3o em Educa\u00e7\u00e3o para Ci\u00eancias e Matem\u00e1tica . O evento tem como tema &#8220;A import\u00e2ncia da Educa\u00e7\u00e3o e da Ci\u00eancia em Tempos de Crise&#8221;.\r\n\r\nO evento ser\u00e1 realizado online pelas plataformas Google Meet e Youtube, sendo o p\u00fablico alvo&nbsp;composto pelos servidores e discentes da Educa\u00e7\u00e3o B\u00e1sica, da gradua\u00e7\u00e3o e da p\u00f3s-gradua\u00e7\u00e3o do pr\u00f3prio IFG, bem como os de institui\u00e7\u00f5es de ensino do munic\u00edpio e regi\u00e3o.\r\n\r\n&nbsp;\r\n\r\n&nbsp;\r\n\r\n","protected":false},"excerpt":{"rendered":"<p>O Instituto Federal de Goi\u00e1s (IFG) &#8211; Campus Jata\u00ed realiza entre os dias 21 e 23 de junho de 2021, a XVII Semana de Licenciatura&nbsp;e VIII Semin\u00e1rio da P\u00f3s-Gradua\u00e7\u00e3o em Educa\u00e7\u00e3o para Ci\u00eancias e Matem\u00e1tica . O evento tem como tema &#8220;A import\u00e2ncia da Educa\u00e7\u00e3o e da Ci\u00eancia em Tempos de Crise&#8221;. O evento ser\u00e1 <a class=\"more-link\" href=\"https:\/\/eventos.ifg.edu.br\/semlic\/sobre-o-evento-2020-2021\/\">&hellip; Continue lendo&hellip; &rarr;<\/a><\/p>\n","protected":false},"author":111,"featured_media":0,"parent":0,"menu_order":0,"comment_status":"closed","ping_status":"closed","template":"","meta":{"ngg_post_thumbnail":0,"footnotes":""},"class_list":["post-1646","page","type-page","status-publish","hentry"],"_links":{"self":[{"href":"https:\/\/eventos.ifg.edu.br\/semlic\/wp-json\/wp\/v2\/pages\/1646"}],"collection":[{"href":"https:\/\/eventos.ifg.edu.br\/semlic\/wp-json\/wp\/v2\/pages"}],"about":[{"href":"https:\/\/eventos.ifg.edu.br\/semlic\/wp-json\/wp\/v2\/types\/page"}],"author":[{"embeddable":true,"href":"https:\/\/eventos.ifg.edu.br\/semlic\/wp-json\/wp\/v2\/users\/111"}],"replies":[{"embeddable":true,"href":"https:\/\/eventos.ifg.edu.br\/semlic\/wp-json\/wp\/v2\/comments?post=1646"}],"version-history":[{"count":4,"href":"https:\/\/eventos.ifg.edu.br\/semlic\/wp-json\/wp\/v2\/pages\/1646\/revisions"}],"predecessor-version":[{"id":2358,"href":"https:\/\/eventos.ifg.edu.br\/semlic\/wp-json\/wp\/v2\/pages\/1646\/revisions\/2358"}],"wp:attachment":[{"href":"https:\/\/eventos.ifg.edu.br\/semlic\/wp-json\/wp\/v2\/media?parent=1646"}],"curies":[{"name":"wp","href":"https:\/\/api.w.org\/{rel}","templated":true}]}}