{"id":12,"date":"2014-09-09T18:16:43","date_gmt":"2014-09-09T18:16:43","guid":{"rendered":"http:\/\/localhost\/wordpress\/?page_id=12"},"modified":"2014-09-09T18:16:43","modified_gmt":"2014-09-09T18:16:43","slug":"organizacao2017","status":"publish","type":"page","link":"https:\/\/eventos.ifg.edu.br\/semlic\/organizacao2017\/","title":{"rendered":"Organiza\u00e7\u00e3o 2017"},"content":{"rendered":"<h3>Comiss\u00e3o Organizadora 2017<\/h3>\n<div>Prof. Esp. Wagner Pereira Lopes (Presidente)<br \/>\nProf. Dr. Carlos C\u00e9sar da Silva<\/div>\n<div>Joviniano Jos\u00e9 Rodrigues Junior\u00a0(Representante dos Estudantes da Gradua\u00e7\u00e3o)<\/div>\n<div>Profa. Dra. K\u00eania Alves Pereira Lacerda<br \/>\nProfa. Ma. Marta Jo\u00e3o Francisco Silva Souza<\/div>\n<div>Esp. Mirela Lima Carvalho\u00a0(Servidora T\u00e9cnico-Administrativo)<br \/>\nProfa. Me. Naara Karolyne Morais Pereira<br \/>\nProf. Esp. Nilton L\u00e1saro Jesu\u00edno<br \/>\nProf. Dr. Paulo Henrique de Souza<br \/>\nProf. Dr. Rodrigo Claudino Diogo<br \/>\nProf. Me. Rodrigo Ferreira Marinho<strong><br \/>\n<\/strong><\/div>\n<div><\/div>\n<h4>Comiss\u00e3o Cient\u00edfica<\/h4>\n<div>Profa. Dra. \u00a0K\u00eania Alves Pereira Lacerda<\/div>\n<div>Profa. Ma. Marta Jo\u00e3o Francisco Silva Souza<\/div>\n<div>Prof. Me. Rodrigo\u00a0Ferreira Marinho<\/div>\n<p><strong>Nota:<\/strong> \u00a0Os trabalhos submetidos \u00e0 SEMANA DA LICENCIATURA E AO SEMIN\u00c1RIO DA P\u00d3S-GRADUA\u00c7\u00c3O s\u00e3o enviados pela Comiss\u00e3o Cient\u00edfica para avalia\u00e7\u00e3o, a dois especialistas diferentes. Em caso de diverg\u00eancia de avalia\u00e7\u00e3o o trabalho \u00e9 enviado para um terceiro parecerista para desempate.<\/p>\n","protected":false},"excerpt":{"rendered":"<p>Comiss\u00e3o Organizadora 2017 Prof. Esp. Wagner Pereira Lopes (Presidente) Prof. Dr. Carlos C\u00e9sar da Silva Joviniano Jos\u00e9 Rodrigues Junior\u00a0(Representante dos Estudantes da Gradua\u00e7\u00e3o) Profa. Dra. K\u00eania Alves Pereira Lacerda Profa. Ma. Marta Jo\u00e3o Francisco Silva Souza Esp. Mirela Lima Carvalho\u00a0(Servidora T\u00e9cnico-Administrativo) Profa. Me. Naara Karolyne Morais Pereira Prof. Esp. Nilton L\u00e1saro Jesu\u00edno Prof. Dr. Paulo <a class=\"more-link\" href=\"https:\/\/eventos.ifg.edu.br\/semlic\/organizacao2017\/\">&hellip; Continue lendo&hellip; &rarr;<\/a><\/p>\n","protected":false},"author":111,"featured_media":0,"parent":0,"menu_order":0,"comment_status":"closed","ping_status":"open","template":"","meta":{"ngg_post_thumbnail":0,"footnotes":""},"class_list":["post-12","page","type-page","status-publish","hentry"],"_links":{"self":[{"href":"https:\/\/eventos.ifg.edu.br\/semlic\/wp-json\/wp\/v2\/pages\/12"}],"collection":[{"href":"https:\/\/eventos.ifg.edu.br\/semlic\/wp-json\/wp\/v2\/pages"}],"about":[{"href":"https:\/\/eventos.ifg.edu.br\/semlic\/wp-json\/wp\/v2\/types\/page"}],"author":[{"embeddable":true,"href":"https:\/\/eventos.ifg.edu.br\/semlic\/wp-json\/wp\/v2\/users\/111"}],"replies":[{"embeddable":true,"href":"https:\/\/eventos.ifg.edu.br\/semlic\/wp-json\/wp\/v2\/comments?post=12"}],"version-history":[{"count":0,"href":"https:\/\/eventos.ifg.edu.br\/semlic\/wp-json\/wp\/v2\/pages\/12\/revisions"}],"wp:attachment":[{"href":"https:\/\/eventos.ifg.edu.br\/semlic\/wp-json\/wp\/v2\/media?parent=12"}],"curies":[{"name":"wp","href":"https:\/\/api.w.org\/{rel}","templated":true}]}}