{"id":1166,"date":"2018-06-08T00:38:29","date_gmt":"2018-06-08T03:38:29","guid":{"rendered":"http:\/\/www.semlic.com.br\/semlic\/?page_id=1166"},"modified":"2018-06-08T00:38:29","modified_gmt":"2018-06-08T03:38:29","slug":"organizacao2015","status":"publish","type":"page","link":"https:\/\/eventos.ifg.edu.br\/semlic\/organizacao2015\/","title":{"rendered":"Organiza\u00e7\u00e3o 2015"},"content":{"rendered":"<h4>Comiss\u00e3o Organizadora<\/h4>\n<h5>Felippe Guimar\u00e3es Maciel (Presidente)<br \/>\nAlfredo de Oliveira Assis<br \/>\nCarmencita Ferreira Silva Assis<br \/>\nGisela Franco Vilela<br \/>\nLuciana Bigolin Martini<br \/>\nRodrigo Ferreira Marinho<br \/>\nSilvana Ferreira Gon\u00e7alves<br \/>\nVin\u00edcio da Silva Teixeira (Representante dos Alunos da Gradua\u00e7\u00e3o)<\/h5>\n<h4>Comiss\u00e3o\u00a0Cient\u00edfica<\/h4>\n<h5>Luciene Lima de Assis Pires<br \/>\nMarta Jo\u00e3o Francisco Silva Souza<br \/>\nRodrigo Ferreira Marinho<\/h5>\n","protected":false},"excerpt":{"rendered":"<p>Comiss\u00e3o Organizadora Felippe Guimar\u00e3es Maciel (Presidente) Alfredo de Oliveira Assis Carmencita Ferreira Silva Assis Gisela Franco Vilela Luciana Bigolin Martini Rodrigo Ferreira Marinho Silvana Ferreira Gon\u00e7alves Vin\u00edcio da Silva Teixeira (Representante dos Alunos da Gradua\u00e7\u00e3o) Comiss\u00e3o\u00a0Cient\u00edfica Luciene Lima de Assis Pires Marta Jo\u00e3o Francisco Silva Souza Rodrigo Ferreira Marinho<\/p>\n","protected":false},"author":111,"featured_media":0,"parent":0,"menu_order":0,"comment_status":"closed","ping_status":"closed","template":"","meta":{"ngg_post_thumbnail":0,"footnotes":""},"class_list":["post-1166","page","type-page","status-publish","hentry"],"_links":{"self":[{"href":"https:\/\/eventos.ifg.edu.br\/semlic\/wp-json\/wp\/v2\/pages\/1166"}],"collection":[{"href":"https:\/\/eventos.ifg.edu.br\/semlic\/wp-json\/wp\/v2\/pages"}],"about":[{"href":"https:\/\/eventos.ifg.edu.br\/semlic\/wp-json\/wp\/v2\/types\/page"}],"author":[{"embeddable":true,"href":"https:\/\/eventos.ifg.edu.br\/semlic\/wp-json\/wp\/v2\/users\/111"}],"replies":[{"embeddable":true,"href":"https:\/\/eventos.ifg.edu.br\/semlic\/wp-json\/wp\/v2\/comments?post=1166"}],"version-history":[{"count":0,"href":"https:\/\/eventos.ifg.edu.br\/semlic\/wp-json\/wp\/v2\/pages\/1166\/revisions"}],"wp:attachment":[{"href":"https:\/\/eventos.ifg.edu.br\/semlic\/wp-json\/wp\/v2\/media?parent=1166"}],"curies":[{"name":"wp","href":"https:\/\/api.w.org\/{rel}","templated":true}]}}

Organização 2015

<h4>Comissão Organizadora</h4>
<h5>Felippe Guimarães Maciel (Presidente)<br />
Alfredo de Oliveira Assis<br />
Carmencita Ferreira Silva Assis<br />
Gisela Franco Vilela<br />
Luciana Bigolin Martini<br />
Rodrigo Ferreira Marinho<br />
Silvana Ferreira Gonçalves<br />
Vinício da Silva Teixeira (Representante dos Alunos da Graduação)</h5>
<h4>Comissão Científica</h4>
<h5>Luciene Lima de Assis Pires<br />
Marta João Francisco Silva Souza<br />
Rodrigo Ferreira Marinho</h5>

<p>Comissão Organizadora Felippe Guimarães Maciel (Presidente) Alfredo de Oliveira Assis Carmencita Ferreira Silva Assis Gisela Franco Vilela Luciana Bigolin Martini Rodrigo Ferreira Marinho Silvana Ferreira Gonçalves Vinício da Silva Teixeira (Representante dos Alunos da Graduação) Comissão Científica Luciene Lima de Assis Pires Marta João Francisco Silva Souza Rodrigo Ferreira Marinho</p>
