{"id":177,"date":"2019-04-04T12:20:07","date_gmt":"2019-04-04T15:20:07","guid":{"rendered":"http:\/\/eventos.ifg.edu.br\/seminario-local-ict\/?page_id=177"},"modified":"2019-05-17T17:44:02","modified_gmt":"2019-05-17T20:44:02","slug":"apresentacoes","status":"publish","type":"page","link":"https:\/\/eventos.ifg.edu.br\/seminario-local-ict\/slict-2019\/apresentacoes\/","title":{"rendered":"Apresenta\u00e7\u00f5es"},"content":{"rendered":"<p style=\"text-align: justify\">Os(As) participantes, bolsistas e volunt\u00e1rios(as), dos programas institucionais de bolsas de inicia\u00e7\u00e3o cient\u00edfica e tecnol\u00f3gica &#8211; PIBIC e PIBIC-Af (Edital 010\/2018), PIBITI (Edital 011\/\/2018) e PIBIC-EM (Edital 009\/2018), cujos projetos encerrar\u00e3o em julho de 2019 dever\u00e3o <strong>obrigatoriamente<\/strong> apresentar os seus trabalhos (resultados parciais).<\/p>\n<p style=\"text-align: justify\">A n\u00e3o apresenta\u00e7\u00e3o do trabalho pelo(a) discente nas atividades do evento implicar\u00e1 em sua inadimpl\u00eancia com a ProPPG\/IFG e, consequentemente, a n\u00e3o certifica\u00e7\u00e3o pelo programa conforme o Regulamento do Programa Institucional de Bolsas de Inicia\u00e7\u00e3o Cient\u00edfica e Tecnol\u00f3gica\/IFG.<\/p>\n<p style=\"text-align: justify\">O(a) orientador(a) dever\u00e1 enviar a apresenta\u00e7\u00e3o ao e-mail pesquisa.goiania@ifg.edu.br at\u00e9 o dia 17\/05, conforme modelo abaixo, contendo os nomes dos(as) membros da equipe \u2013 bolsista, volunt\u00e1rio(a), colaborador(a), &nbsp;coorientador(a), &nbsp;e orientador(a).<\/p>\n<p><a href=\"http:\/\/eventos.ifg.edu.br\/seminario-local-ict\/wp-content\/uploads\/sites\/37\/2019\/04\/Projetos-em-andamento_30.04.2019.pdf\">Projetos de IC em andamento_30.04.2019<\/a>&nbsp;(.pdf)<\/p>\n<p><a href=\"http:\/\/eventos.ifg.edu.br\/seminario-local-ict\/wp-content\/uploads\/sites\/37\/2019\/04\/Normas_Orienta\u00e7\u00f5es-de-Apresenta\u00e7\u00e3o-1.pdf\" target=\"_blank\">Normas_Orienta\u00e7\u00f5es de Apresenta\u00e7\u00e3o<\/a>&nbsp;(.pdf)<\/p>\n<p><a href=\"http:\/\/eventos.ifg.edu.br\/seminario-local-ict\/wp-content\/uploads\/sites\/37\/2019\/04\/Modelo-de-Apresenta\u00e7\u00e3o_SLICT-2019.pptx\">Modelo de Apresenta\u00e7\u00e3o_SLICT 2019<\/a>&nbsp;(.pptx)<\/p>\n<blockquote><p><a href=\"http:\/\/eventos.ifg.edu.br\/seminario-local-ict\/wp-content\/uploads\/sites\/37\/2019\/04\/Lista-de-Projetos-Sess\u00f5es-de-Comunica\u00e7\u00f5es-Orais-de-ICT-1.pdf\">Ordem de apresenta\u00e7\u00f5es &#8211; Sess\u00f5es de Comunica\u00e7\u00f5es Orais de ICT<\/a><\/p><\/blockquote>\n","protected":false},"excerpt":{"rendered":"<p>Os(As) participantes, bolsistas e volunt\u00e1rios(as), dos programas institucionais de bolsas de inicia\u00e7\u00e3o cient\u00edfica e tecnol\u00f3gica &#8211; PIBIC e PIBIC-Af (Edital 010\/2018), PIBITI (Edital 011\/\/2018) e PIBIC-EM (Edital 009\/2018), cujos projetos encerrar\u00e3o em julho de 2019 dever\u00e3o obrigatoriamente apresentar os seus trabalhos (resultados parciais). A n\u00e3o apresenta\u00e7\u00e3o do trabalho pelo(a) discente nas atividades do evento implicar\u00e1 [&hellip;]<\/p>\n","protected":false},"author":78,"featured_media":0,"parent":76,"menu_order":3,"comment_status":"closed","ping_status":"closed","template":"","meta":{"ngg_post_thumbnail":0,"footnotes":""},"class_list":["post-177","page","type-page","status-publish","hentry"],"_links":{"self":[{"href":"https:\/\/eventos.ifg.edu.br\/seminario-local-ict\/wp-json\/wp\/v2\/pages\/177"}],"collection":[{"href":"https:\/\/eventos.ifg.edu.br\/seminario-local-ict\/wp-json\/wp\/v2\/pages"}],"about":[{"href":"https:\/\/eventos.ifg.edu.br\/seminario-local-ict\/wp-json\/wp\/v2\/types\/page"}],"author":[{"embeddable":true,"href":"https:\/\/eventos.ifg.edu.br\/seminario-local-ict\/wp-json\/wp\/v2\/users\/78"}],"replies":[{"embeddable":true,"href":"https:\/\/eventos.ifg.edu.br\/seminario-local-ict\/wp-json\/wp\/v2\/comments?post=177"}],"version-history":[{"count":17,"href":"https:\/\/eventos.ifg.edu.br\/seminario-local-ict\/wp-json\/wp\/v2\/pages\/177\/revisions"}],"predecessor-version":[{"id":378,"href":"https:\/\/eventos.ifg.edu.br\/seminario-local-ict\/wp-json\/wp\/v2\/pages\/177\/revisions\/378"}],"up":[{"embeddable":true,"href":"https:\/\/eventos.ifg.edu.br\/seminario-local-ict\/wp-json\/wp\/v2\/pages\/76"}],"wp:attachment":[{"href":"https:\/\/eventos.ifg.edu.br\/seminario-local-ict\/wp-json\/wp\/v2\/media?parent=177"}],"curies":[{"name":"wp","href":"https:\/\/api.w.org\/{rel}","templated":true}]}}