{"id":110,"date":"2019-04-03T13:37:49","date_gmt":"2019-04-03T16:37:49","guid":{"rendered":"http:\/\/eventos.ifg.edu.br\/seminario-local-ict\/?page_id=110"},"modified":"2019-04-25T10:28:46","modified_gmt":"2019-04-25T13:28:46","slug":"inscricoes","status":"publish","type":"page","link":"https:\/\/eventos.ifg.edu.br\/seminario-local-ict\/slict-2019\/inscricoes\/","title":{"rendered":"Inscri\u00e7\u00f5es"},"content":{"rendered":"<p>Per\u00edodo: de&nbsp;25\/04 a 22\/05<\/p>\n<p>Clique <a href=\"https:\/\/sugep.ifg.edu.br\/eventos\/#\/publico\/eventos\/a43a41e3-36e3-497b-933e-5e0111908a1d\/inscricao\">aqui<\/a>&nbsp;para realizar a inscri\u00e7\u00e3o.&nbsp;<\/p>\n<p style=\"text-align: justify\"><strong>Aten\u00e7\u00e3o<\/strong>: os(as) estudantes que ir\u00e3o apresentar trabalhos devem se inscrever na Sess\u00e3o de Comunica\u00e7\u00e3o Oral em que se apresentar\u00e3o para receberem os certificados como ouvintes com a respectiva carga hor\u00e1ria.<\/p>\n","protected":false},"excerpt":{"rendered":"<p>Per\u00edodo: de&nbsp;25\/04 a 22\/05 Clique aqui&nbsp;para realizar a inscri\u00e7\u00e3o.&nbsp; Aten\u00e7\u00e3o: os(as) estudantes que ir\u00e3o apresentar trabalhos devem se inscrever na Sess\u00e3o de Comunica\u00e7\u00e3o Oral em que se apresentar\u00e3o para receberem os certificados como ouvintes com a respectiva carga hor\u00e1ria.<\/p>\n","protected":false},"author":78,"featured_media":0,"parent":76,"menu_order":2,"comment_status":"closed","ping_status":"closed","template":"","meta":{"ngg_post_thumbnail":0,"footnotes":""},"class_list":["post-110","page","type-page","status-publish","hentry"],"_links":{"self":[{"href":"https:\/\/eventos.ifg.edu.br\/seminario-local-ict\/wp-json\/wp\/v2\/pages\/110"}],"collection":[{"href":"https:\/\/eventos.ifg.edu.br\/seminario-local-ict\/wp-json\/wp\/v2\/pages"}],"about":[{"href":"https:\/\/eventos.ifg.edu.br\/seminario-local-ict\/wp-json\/wp\/v2\/types\/page"}],"author":[{"embeddable":true,"href":"https:\/\/eventos.ifg.edu.br\/seminario-local-ict\/wp-json\/wp\/v2\/users\/78"}],"replies":[{"embeddable":true,"href":"https:\/\/eventos.ifg.edu.br\/seminario-local-ict\/wp-json\/wp\/v2\/comments?post=110"}],"version-history":[{"count":19,"href":"https:\/\/eventos.ifg.edu.br\/seminario-local-ict\/wp-json\/wp\/v2\/pages\/110\/revisions"}],"predecessor-version":[{"id":353,"href":"https:\/\/eventos.ifg.edu.br\/seminario-local-ict\/wp-json\/wp\/v2\/pages\/110\/revisions\/353"}],"up":[{"embeddable":true,"href":"https:\/\/eventos.ifg.edu.br\/seminario-local-ict\/wp-json\/wp\/v2\/pages\/76"}],"wp:attachment":[{"href":"https:\/\/eventos.ifg.edu.br\/seminario-local-ict\/wp-json\/wp\/v2\/media?parent=110"}],"curies":[{"name":"wp","href":"https:\/\/api.w.org\/{rel}","templated":true}]}}