{"id":718,"date":"2021-09-16T22:56:55","date_gmt":"2021-09-17T01:56:55","guid":{"rendered":"http:\/\/eventos.ifg.edu.br\/semantec-jatai\/?page_id=718"},"modified":"2021-12-01T09:58:27","modified_gmt":"2021-12-01T12:58:27","slug":"inscricoes","status":"publish","type":"page","link":"https:\/\/eventos.ifg.edu.br\/semantec-jatai\/inscricoes\/","title":{"rendered":"Inscri\u00e7\u00f5es"},"content":{"rendered":"<p>As incri\u00e7\u00f5es para as atividades da Semantec que ocorre\u00e7\u00e3o conjuntamente com a Secitec\/Simpeex podem ser realizadas atrav\u00e9s do Sugep:<\/p>\n<p><a href=\"https:\/\/sugep.ifg.edu.br\/eventos\/#\/publico\/eventos\/534d38f5-add3-4f19-abc5-b59289ad0332\/inscricao\" target=\"_blank\">https:\/\/sugep.ifg.edu.br\/eventos\/#\/publico\/eventos\/534d38f5-add3-4f19-abc5-b59289ad0332\/inscricao<\/a><\/p>\n","protected":false},"excerpt":{"rendered":"<p>As incri\u00e7\u00f5es para as atividades da Semantec que ocorre\u00e7\u00e3o conjuntamente com a Secitec\/Simpeex podem ser realizadas atrav\u00e9s do Sugep: https:\/\/sugep.ifg.edu.br\/eventos\/#\/publico\/eventos\/534d38f5-add3-4f19-abc5-b59289ad0332\/inscricao<\/p>\n","protected":false},"author":65,"featured_media":0,"parent":0,"menu_order":0,"comment_status":"closed","ping_status":"closed","template":"","meta":{"ngg_post_thumbnail":0,"footnotes":""},"class_list":["post-718","page","type-page","status-publish","hentry","nodate","item-wrap"],"_links":{"self":[{"href":"https:\/\/eventos.ifg.edu.br\/semantec-jatai\/wp-json\/wp\/v2\/pages\/718"}],"collection":[{"href":"https:\/\/eventos.ifg.edu.br\/semantec-jatai\/wp-json\/wp\/v2\/pages"}],"about":[{"href":"https:\/\/eventos.ifg.edu.br\/semantec-jatai\/wp-json\/wp\/v2\/types\/page"}],"author":[{"embeddable":true,"href":"https:\/\/eventos.ifg.edu.br\/semantec-jatai\/wp-json\/wp\/v2\/users\/65"}],"replies":[{"embeddable":true,"href":"https:\/\/eventos.ifg.edu.br\/semantec-jatai\/wp-json\/wp\/v2\/comments?post=718"}],"version-history":[{"count":5,"href":"https:\/\/eventos.ifg.edu.br\/semantec-jatai\/wp-json\/wp\/v2\/pages\/718\/revisions"}],"predecessor-version":[{"id":791,"href":"https:\/\/eventos.ifg.edu.br\/semantec-jatai\/wp-json\/wp\/v2\/pages\/718\/revisions\/791"}],"wp:attachment":[{"href":"https:\/\/eventos.ifg.edu.br\/semantec-jatai\/wp-json\/wp\/v2\/media?parent=718"}],"curies":[{"name":"wp","href":"https:\/\/api.w.org\/{rel}","templated":true}]}}

Inscrições

<p>As incrições para as atividades da Semantec que ocorreção conjuntamente com a Secitec/Simpeex podem ser realizadas através do Sugep:</p>
<p><a href="https://sugep.ifg.edu.br/eventos/#/publico/eventos/534d38f5-add3-4f19-abc5-b59289ad0332/inscricao" target="_blank">https://sugep.ifg.edu.br/eventos/#/publico/eventos/534d38f5-add3-4f19-abc5-b59289ad0332/inscricao</a></p>

<p>As incrições para as atividades da Semantec que ocorreção conjuntamente com a Secitec/Simpeex podem ser realizadas através do Sugep: https://sugep.ifg.edu.br/eventos/#/publico/eventos/534d38f5-add3-4f19-abc5-b59289ad0332/inscricao</p>
