{"id":13,"date":"2016-08-23T15:55:59","date_gmt":"2016-08-23T18:55:59","guid":{"rendered":"http:\/\/eventos.ifg.edu.br\/semanai2c\/?page_id=13"},"modified":"2016-09-20T17:00:50","modified_gmt":"2016-09-20T20:00:50","slug":"programacao","status":"publish","type":"page","link":"https:\/\/eventos.ifg.edu.br\/semanai2c\/programacao\/","title":{"rendered":"Programa\u00e7\u00e3o"},"content":{"rendered":"<p>Clique no link abaixo para visualizar a programa\u00e7\u00e3o da I2C!<\/p>\n<p><a href=\"http:\/\/eventos.ifg.edu.br\/semanai2c\/wp-content\/uploads\/sites\/7\/2016\/09\/Programa\u00e7\u00e3o-I2C.pdf\">PROGRAMA\u00c7\u00c3O I2C<\/a><\/p>\n","protected":false},"excerpt":{"rendered":"<p>Clique no link abaixo para visualizar a programa\u00e7\u00e3o da I2C! PROGRAMA\u00c7\u00c3O I2C<\/p>\n","protected":false},"author":20,"featured_media":0,"parent":0,"menu_order":0,"comment_status":"closed","ping_status":"closed","template":"","meta":{"ngg_post_thumbnail":0,"footnotes":""},"class_list":["post-13","page","type-page","status-publish","hentry"],"_links":{"self":[{"href":"https:\/\/eventos.ifg.edu.br\/semanai2c\/wp-json\/wp\/v2\/pages\/13"}],"collection":[{"href":"https:\/\/eventos.ifg.edu.br\/semanai2c\/wp-json\/wp\/v2\/pages"}],"about":[{"href":"https:\/\/eventos.ifg.edu.br\/semanai2c\/wp-json\/wp\/v2\/types\/page"}],"author":[{"embeddable":true,"href":"https:\/\/eventos.ifg.edu.br\/semanai2c\/wp-json\/wp\/v2\/users\/20"}],"replies":[{"embeddable":true,"href":"https:\/\/eventos.ifg.edu.br\/semanai2c\/wp-json\/wp\/v2\/comments?post=13"}],"version-history":[{"count":6,"href":"https:\/\/eventos.ifg.edu.br\/semanai2c\/wp-json\/wp\/v2\/pages\/13\/revisions"}],"predecessor-version":[{"id":193,"href":"https:\/\/eventos.ifg.edu.br\/semanai2c\/wp-json\/wp\/v2\/pages\/13\/revisions\/193"}],"wp:attachment":[{"href":"https:\/\/eventos.ifg.edu.br\/semanai2c\/wp-json\/wp\/v2\/media?parent=13"}],"curies":[{"name":"wp","href":"https:\/\/api.w.org\/{rel}","templated":true}]}}