{"id":21,"date":"2021-06-13T23:43:47","date_gmt":"2021-06-14T02:43:47","guid":{"rendered":"http:\/\/eventos.ifg.edu.br\/semanadoempreendedorismo\/?page_id=21"},"modified":"2021-06-14T11:43:29","modified_gmt":"2021-06-14T14:43:29","slug":"webinars","status":"publish","type":"page","link":"https:\/\/eventos.ifg.edu.br\/semanadoempreendedorismo\/webinars\/","title":{"rendered":"Webinars"},"content":{"rendered":"<p style=\"text-align: justify;\">Em parceria com o Sebrae Goi\u00e1s, ser\u00e3o ministrados Webinars com a tem\u00e1tica do Empreendedorismo. As atividades ser\u00e3o todas no formato online e aberta aos alunos do IFG e comunidade em geral. Os participantes inscritos e com confirma\u00e7\u00e3o de presen\u00e7a receber\u00e3o certificado de participa\u00e7\u00e3o.<\/p>\n<h3 style=\"text-align: center;\"><strong>Programa\u00e7\u00e3o e Acesso aos Webinars<\/strong><\/h3>\n<p><strong>Orienta\u00e7\u00f5es<\/strong><\/p>\n<p>&#8211; Antes de realizar o acesso as atividades, <strong><a href=\"https:\/\/sugep.ifg.edu.br\/eventos\/#\/publico\/eventos\/60d94c96-7f6c-4494-a153-97e4a4b552ad\/inscricao\" target=\"_blank\">realize sua inscri\u00e7\u00e3o no evento\u00a0clicando aqui.<\/a><\/strong><br \/>\n&#8211; Ser\u00e1 utilizado o aplicativo Microsoft Teams para o evento online. <strong>Se for acessar pelo smartphone, instale o aplicativo Microsoft Teams antes da atividade<\/strong>. Se for acessar pelo computador, aao clicar no link de acesso a atividade, escolher a op\u00e7\u00e3o &#8220;Continuar neste navegador&#8221; ou, se preferir, instalar o aplicativo Teams em seu dispositivo.<br \/>\n&#8211; Ao entrar na sala do Teams, <strong>preencha seu nome completo <\/strong>para identifica\u00e7\u00e3o e confirma\u00e7\u00e3o de presen\u00e7a para possibilitar a emiss\u00e3o do certificado;<\/p>\n<p><strong>Atividades<\/strong><\/p>\n<ul>\n<li style=\"text-align: justify;\">14\/06\/2021 &#8211; 19:30<br \/>\nEmpreender sem abrir um neg\u00f3cio<br \/>\nDescubra formas de aplicar o empreendedorismo em sua vida sem ser dono de uma empresa.<br \/>\n<a href=\"https:\/\/teams.microsoft.com\/l\/meetup-join\/19%3ameeting_YzhmMzU0NjQtYTFlNy00MzIyLWJhYTctYjUyMDY3NzRlNTg4%40thread.v2\/0?context=%7b%22Tid%22%3a%22951ff754-f2b4-4049-93a9-7a10f3b00d94%22%2c%22Oid%22%3a%22b6050e40-fe43-46a7-86f0-5f07d48afadc%22%7d\" target=\"_blank\"><strong>Clique aqui para acessar<\/strong><\/a><\/li>\n<\/ul>\n<ul>\n<li>15\/06\/2021 &#8211; 19:30<br \/>\nCarreira e prop\u00f3sito<br \/>\nEncontrar caminhos profissionais alinhados \u00e0 personalidade, voca\u00e7\u00f5es e desejos internos.<br \/>\n<a href=\"https:\/\/teams.microsoft.com\/l\/meetup-join\/19%3ameeting_OGEzOTBmZDMtZmRlYS00NTU2LThmMTctMmU3MWZmNWE3OGVi%40thread.v2\/0?context=%7b%22Tid%22%3a%22951ff754-f2b4-4049-93a9-7a10f3b00d94%22%2c%22Oid%22%3a%22b6050e40-fe43-46a7-86f0-5f07d48afadc%22%7d\" target=\"_blank\"><strong>Clique aqui para acessar<\/strong><\/a><\/li>\n<\/ul>\n<ul>\n<li>16\/06\/2021 &#8211; 19:30<br \/>\nSoft skills<br \/>\nEntenda por que a forma\u00e7\u00e3o cidad\u00e3 e as habilidades socioemocioais s\u00e3o t\u00e3o importantes para o sucesso no mercado de trabalho (e da vida!).<br \/>\n<a href=\"https:\/\/teams.microsoft.com\/l\/meetup-join\/19%3ameeting_MWNjYjBiY2UtOTc0Ny00OWZmLThhMzUtYzAzZjdjMzU1OGJh%40thread.v2\/0?context=%7b%22Tid%22%3a%22951ff754-f2b4-4049-93a9-7a10f3b00d94%22%2c%22Oid%22%3a%22b6050e40-fe43-46a7-86f0-5f07d48afadc%22%7d\" target=\"_blank\"><strong>Clique aqui para acessar<\/strong><\/a><\/li>\n<\/ul>\n<ul>\n<li>17\/06\/2021 &#8211; 19:30<br \/>\nEduca\u00e7\u00e3o Financeira<br \/>\nFinan\u00e7as pessoais; or\u00e7amento familiar; poupan\u00e7a para situa\u00e7\u00f5es emergenciais (momentos de crise); poupan\u00e7a\/investimento para realizar sonhos e aposentadoria; consumo consciente (desejo x necessidade); comprar \u00e0 vista (vantagem de desconto) ou \u00e0 prazo (cuidado com os juros e o endividamento), dentre outros.<br \/>\n<a href=\"https:\/\/teams.microsoft.com\/l\/meetup-join\/19%3ameeting_Y2Q0NmVjYjgtZDIyYi00NjljLWIzOGQtNzc4Yjg1NTNkYTNk%40thread.v2\/0?context=%7b%22Tid%22%3a%22951ff754-f2b4-4049-93a9-7a10f3b00d94%22%2c%22Oid%22%3a%22b6050e40-fe43-46a7-86f0-5f07d48afadc%22%7d\" target=\"_blank\"><strong>Clique aqui para acessar<\/strong><\/a><\/li>\n<\/ul>\n<ul>\n<li style=\"text-align: justify;\">18\/06\/2021 &#8211; 19:30<br \/>\nEmo\u00e7\u00f5es! Como lidar com as suas?<br \/>\nAborda as compet\u00eancias socioemocionais da BNCC (Base Nacional Comum Curricular) e como trabalh\u00e1-las como fator de prote\u00e7\u00e3o \u00e0 sa\u00fade mental de professores, pais e alunos, especialmente, maneiras de lidar com o assunto durante a pandemia provocada pelo novo coronav\u00edrus.<br \/>\n<a href=\"https:\/\/teams.microsoft.com\/l\/meetup-join\/19%3ameeting_YWNjNDQ1NTAtMTk4My00MTA5LTk1OGUtNTI5ZTliNDBlNDBl%40thread.v2\/0?context=%7b%22Tid%22%3a%22951ff754-f2b4-4049-93a9-7a10f3b00d94%22%2c%22Oid%22%3a%22b6050e40-fe43-46a7-86f0-5f07d48afadc%22%7d\" target=\"_blank\"><strong>Clique aqui para acessar<\/strong><\/a><\/li>\n<\/ul>\n","protected":false},"excerpt":{"rendered":"<p>Em parceria com o Sebrae Goi\u00e1s, ser\u00e3o ministrados Webinars com a tem\u00e1tica do Empreendedorismo. As atividades ser\u00e3o todas no formato online e aberta aos alunos do IFG e comunidade em geral. Os participantes inscritos e com confirma\u00e7\u00e3o de presen\u00e7a receber\u00e3o certificado de participa\u00e7\u00e3o. Programa\u00e7\u00e3o e Acesso aos Webinars Orienta\u00e7\u00f5es &#8211; Antes de realizar o acesso [&hellip;]<\/p>\n","protected":false},"author":7,"featured_media":0,"parent":0,"menu_order":0,"comment_status":"closed","ping_status":"closed","template":"","meta":{"footnotes":""},"class_list":["post-21","page","type-page","status-publish","hentry"],"_links":{"self":[{"href":"https:\/\/eventos.ifg.edu.br\/semanadoempreendedorismo\/wp-json\/wp\/v2\/pages\/21"}],"collection":[{"href":"https:\/\/eventos.ifg.edu.br\/semanadoempreendedorismo\/wp-json\/wp\/v2\/pages"}],"about":[{"href":"https:\/\/eventos.ifg.edu.br\/semanadoempreendedorismo\/wp-json\/wp\/v2\/types\/page"}],"author":[{"embeddable":true,"href":"https:\/\/eventos.ifg.edu.br\/semanadoempreendedorismo\/wp-json\/wp\/v2\/users\/7"}],"replies":[{"embeddable":true,"href":"https:\/\/eventos.ifg.edu.br\/semanadoempreendedorismo\/wp-json\/wp\/v2\/comments?post=21"}],"version-history":[{"count":21,"href":"https:\/\/eventos.ifg.edu.br\/semanadoempreendedorismo\/wp-json\/wp\/v2\/pages\/21\/revisions"}],"predecessor-version":[{"id":84,"href":"https:\/\/eventos.ifg.edu.br\/semanadoempreendedorismo\/wp-json\/wp\/v2\/pages\/21\/revisions\/84"}],"wp:attachment":[{"href":"https:\/\/eventos.ifg.edu.br\/semanadoempreendedorismo\/wp-json\/wp\/v2\/media?parent=21"}],"curies":[{"name":"wp","href":"https:\/\/api.w.org\/{rel}","templated":true}]}}