{"id":2,"date":"2021-06-13T20:51:37","date_gmt":"2021-06-13T23:51:37","guid":{"rendered":"http:\/\/eventos.ifg.edu.br\/semanaempreendedorismo\/?page_id=2"},"modified":"2021-06-14T19:12:07","modified_gmt":"2021-06-14T22:12:07","slug":"pagina-exemplo","status":"publish","type":"page","link":"https:\/\/eventos.ifg.edu.br\/semanadoempreendedorismo\/","title":{"rendered":"Sobre o evento"},"content":{"rendered":"<p><strong>Semana do Empreendedorismo do IFG C\u00e2mpus Jatai<\/strong><\/p>\n<p><strong>De 14 a 20 de junho de 2021<\/strong><\/p>\n<p>A Semana do Empreendedorismo do IFG C\u00e2mpus Jata\u00ed possui objetivo de promover a cultura empreendedora\u00a0junto aos alunos e comunidade.<\/p>\n<p>O evento se divide em duas a\u00e7\u00f5es:<\/p>\n<p style=\"text-align: justify\"><strong>Feira Gastron\u00f4mica Sabor IF:<\/strong> Realiza\u00e7\u00e3o de uma Feira Digital, com a produ\u00e7\u00e3o e oferta de produtos aliment\u00edcios em formato\u00a0<em>delivery<\/em>. Para isso, os alunos se dividiram em grupos, supervisionados pela professora de Administra\u00e7\u00e3o do C\u00e2mpus, para iniciar um neg\u00f3cio no ramo aliment\u00edcio (venda de doces, bolos, salgados, bebidas, pipoca, chocolates\u00a0entre\u00a0outras del\u00edcias)\u00a0aplicando os conte\u00fados e conhecimentos, adquiridos nas disciplinas de administra\u00e7\u00e3o, na idea\u00e7\u00e3o e cria\u00e7\u00e3o da empresa. O objetivo \u00e9 despertar o empreendedorismo nos alunos nesta atividade pr\u00e1tica, al\u00e9m de aplicar os conte\u00fados vistos em aula.<br \/>\n<a href=\"http:\/\/eventos.ifg.edu.br\/semanadoempreendedorismo\/feira-gastronomica-saborif\/\">Acesse mais informa\u00e7\u00f5es da Feira Gastron\u00f4mica Sabor IF.<\/a><\/p>\n<p style=\"text-align: justify\"><strong>Webinares:<\/strong> Em parceria com o Sebrae Goi\u00e1s, ser\u00e3o ministrados Webinars com a tem\u00e1tica do Empreendedorismo. As atividades ser\u00e3o todas no formato online e aberta aos alunos do IFG e comunidade em geral. Os participantes inscritos receber\u00e3o certificado de participa\u00e7\u00e3o.<br \/>\n<a href=\"http:\/\/eventos.ifg.edu.br\/semanadoempreendedorismo\/webinar\/\">Acesse a programa\u00e7\u00e3o e links das atividades.<\/a><\/p>\n<h2 style=\"text-align: center\"><a href=\"https:\/\/sugep.ifg.edu.br\/eventos\/#\/publico\/eventos\/60d94c96-7f6c-4494-a153-97e4a4b552ad\/inscricao\" target=\"_blank\"><strong>Clique aqui e fa\u00e7a sua inscri\u00e7\u00e3o no evento!<\/strong><\/a><\/h2>\n","protected":false},"excerpt":{"rendered":"<p>Semana do Empreendedorismo do IFG C\u00e2mpus Jatai De 14 a 20 de junho de 2021 A Semana do Empreendedorismo do IFG C\u00e2mpus Jata\u00ed possui objetivo de promover a cultura empreendedora\u00a0junto aos alunos e comunidade. O evento se divide em duas a\u00e7\u00f5es: Feira Gastron\u00f4mica Sabor IF: Realiza\u00e7\u00e3o de uma Feira Digital, com a produ\u00e7\u00e3o e oferta [&hellip;]<\/p>\n","protected":false},"author":150,"featured_media":0,"parent":0,"menu_order":0,"comment_status":"closed","ping_status":"open","template":"","meta":{"footnotes":""},"class_list":["post-2","page","type-page","status-publish","hentry"],"_links":{"self":[{"href":"https:\/\/eventos.ifg.edu.br\/semanadoempreendedorismo\/wp-json\/wp\/v2\/pages\/2"}],"collection":[{"href":"https:\/\/eventos.ifg.edu.br\/semanadoempreendedorismo\/wp-json\/wp\/v2\/pages"}],"about":[{"href":"https:\/\/eventos.ifg.edu.br\/semanadoempreendedorismo\/wp-json\/wp\/v2\/types\/page"}],"author":[{"embeddable":true,"href":"https:\/\/eventos.ifg.edu.br\/semanadoempreendedorismo\/wp-json\/wp\/v2\/users\/150"}],"replies":[{"embeddable":true,"href":"https:\/\/eventos.ifg.edu.br\/semanadoempreendedorismo\/wp-json\/wp\/v2\/comments?post=2"}],"version-history":[{"count":12,"href":"https:\/\/eventos.ifg.edu.br\/semanadoempreendedorismo\/wp-json\/wp\/v2\/pages\/2\/revisions"}],"predecessor-version":[{"id":85,"href":"https:\/\/eventos.ifg.edu.br\/semanadoempreendedorismo\/wp-json\/wp\/v2\/pages\/2\/revisions\/85"}],"wp:attachment":[{"href":"https:\/\/eventos.ifg.edu.br\/semanadoempreendedorismo\/wp-json\/wp\/v2\/media?parent=2"}],"curies":[{"name":"wp","href":"https:\/\/api.w.org\/{rel}","templated":true}]}}