{"id":38,"date":"2017-10-03T18:36:40","date_gmt":"2017-10-03T21:36:40","guid":{"rendered":"http:\/\/eventos.ifg.edu.br\/secitecuruacu2017\/?page_id=38"},"modified":"2022-10-26T10:13:25","modified_gmt":"2022-10-26T13:13:25","slug":"contato","status":"publish","type":"page","link":"https:\/\/eventos.ifg.edu.br\/secitecuruacu\/contato\/","title":{"rendered":"Contato"},"content":{"rendered":"<p style=\"text-align: justify\">GEPPEX \u2013 Ger\u00eancia de Pesquisa, P\u00f3s-Gradua\u00e7\u00e3o e Extens\u00e3o<\/p>\n<p style=\"text-align: justify\">&nbsp;<\/p>\n<p style=\"text-align: justify\">Rua Formosa, Qds. 28\/29, Loteamento Santana \u2013 GO, CEP 76400-000 (62) 3357-8188 \/ 3357-8196<\/p>\n<p style=\"text-align: justify\">E-mail: gepex.uruacu@ifg.edu.b<\/p>\n","protected":false},"excerpt":{"rendered":"<p>GEPPEX \u2013 Ger\u00eancia de Pesquisa, P\u00f3s-Gradua\u00e7\u00e3o e Extens\u00e3o &nbsp; Rua Formosa, Qds. 28\/29, Loteamento Santana \u2013 GO, CEP 76400-000 (62) 3357-8188 \/ 3357-8196 E-mail: gepex.uruacu@ifg.edu.b<\/p>\n","protected":false},"author":67,"featured_media":0,"parent":0,"menu_order":4,"comment_status":"closed","ping_status":"closed","template":"","meta":{"ngg_post_thumbnail":0,"footnotes":""},"class_list":["post-38","page","type-page","status-publish","hentry"],"_links":{"self":[{"href":"https:\/\/eventos.ifg.edu.br\/secitecuruacu\/wp-json\/wp\/v2\/pages\/38"}],"collection":[{"href":"https:\/\/eventos.ifg.edu.br\/secitecuruacu\/wp-json\/wp\/v2\/pages"}],"about":[{"href":"https:\/\/eventos.ifg.edu.br\/secitecuruacu\/wp-json\/wp\/v2\/types\/page"}],"author":[{"embeddable":true,"href":"https:\/\/eventos.ifg.edu.br\/secitecuruacu\/wp-json\/wp\/v2\/users\/67"}],"replies":[{"embeddable":true,"href":"https:\/\/eventos.ifg.edu.br\/secitecuruacu\/wp-json\/wp\/v2\/comments?post=38"}],"version-history":[{"count":4,"href":"https:\/\/eventos.ifg.edu.br\/secitecuruacu\/wp-json\/wp\/v2\/pages\/38\/revisions"}],"predecessor-version":[{"id":388,"href":"https:\/\/eventos.ifg.edu.br\/secitecuruacu\/wp-json\/wp\/v2\/pages\/38\/revisions\/388"}],"wp:attachment":[{"href":"https:\/\/eventos.ifg.edu.br\/secitecuruacu\/wp-json\/wp\/v2\/media?parent=38"}],"curies":[{"name":"wp","href":"https:\/\/api.w.org\/{rel}","templated":true}]}}