{"id":376,"date":"2022-10-26T09:36:36","date_gmt":"2022-10-26T12:36:36","guid":{"rendered":"http:\/\/eventos.ifg.edu.br\/secitecuruacu\/?page_id=376"},"modified":"2022-10-26T09:46:20","modified_gmt":"2022-10-26T12:46:20","slug":"x-secitec-2021","status":"publish","type":"page","link":"https:\/\/eventos.ifg.edu.br\/secitecuruacu\/edicoes-anteriores\/x-secitec-2021\/","title":{"rendered":"X SECITEC (2021)"},"content":{"rendered":"<p style=\"text-align: justify\">No ano de 2021. em virtude da pandemia, a Semana de Educa\u00e7\u00e3o, Ci\u00eancia e Tecnologia &#8211; SECITEC, foi realizada de forma remota.&nbsp;<\/p>\n<p style=\"text-align: justify\">Confira no canal no YouTube do IFG C\u00e2mpus Urua\u00e7u a playlist completa da X SECITEC, clicando <a href=\"https:\/\/youtube.com\/playlist?list=PLdGSVyaNWr4bWmwGVwZa6wWhNHdZL9eCG\">aqui<\/a>.<\/p>\n<p style=\"text-align: justify\">&nbsp;<\/p>\n<p style=\"text-align: justify\">Outras p\u00e1ginas da X SECITEC (2022):<\/p>\n<p style=\"text-align: justify\"><a href=\"http:\/\/eventos.ifg.edu.br\/secitecuruacu\/edicao-atual\/anais-secitec-2021\/\">Anais<\/a><br \/>\n<a href=\"http:\/\/eventos.ifg.edu.br\/secitecuruacu\/edicao-atual\/datas-importantes\/\">Datas Importantes<\/a><br \/>\n<a href=\"http:\/\/eventos.ifg.edu.br\/secitecuruacu\/edicao-atual\/participante\/\">Inscri\u00e7\u00f5es<\/a><br \/>\n<a href=\"http:\/\/eventos.ifg.edu.br\/secitecuruacu\/edicao-atual\/submeter-trabalho\/\">Submiss\u00e3o de trabalhos<\/a><\/p>\n","protected":false},"excerpt":{"rendered":"<p>No ano de 2021. em virtude da pandemia, a Semana de Educa\u00e7\u00e3o, Ci\u00eancia e Tecnologia &#8211; SECITEC, foi realizada de forma remota.&nbsp; Confira no canal no YouTube do IFG C\u00e2mpus Urua\u00e7u a playlist completa da X SECITEC, clicando aqui. &nbsp; Outras p\u00e1ginas da X SECITEC (2022): Anais Datas Importantes Inscri\u00e7\u00f5es Submiss\u00e3o de trabalhos<\/p>\n","protected":false},"author":178,"featured_media":0,"parent":160,"menu_order":1,"comment_status":"closed","ping_status":"closed","template":"","meta":{"ngg_post_thumbnail":0,"footnotes":""},"class_list":["post-376","page","type-page","status-publish","hentry"],"_links":{"self":[{"href":"https:\/\/eventos.ifg.edu.br\/secitecuruacu\/wp-json\/wp\/v2\/pages\/376"}],"collection":[{"href":"https:\/\/eventos.ifg.edu.br\/secitecuruacu\/wp-json\/wp\/v2\/pages"}],"about":[{"href":"https:\/\/eventos.ifg.edu.br\/secitecuruacu\/wp-json\/wp\/v2\/types\/page"}],"author":[{"embeddable":true,"href":"https:\/\/eventos.ifg.edu.br\/secitecuruacu\/wp-json\/wp\/v2\/users\/178"}],"replies":[{"embeddable":true,"href":"https:\/\/eventos.ifg.edu.br\/secitecuruacu\/wp-json\/wp\/v2\/comments?post=376"}],"version-history":[{"count":1,"href":"https:\/\/eventos.ifg.edu.br\/secitecuruacu\/wp-json\/wp\/v2\/pages\/376\/revisions"}],"predecessor-version":[{"id":377,"href":"https:\/\/eventos.ifg.edu.br\/secitecuruacu\/wp-json\/wp\/v2\/pages\/376\/revisions\/377"}],"up":[{"embeddable":true,"href":"https:\/\/eventos.ifg.edu.br\/secitecuruacu\/wp-json\/wp\/v2\/pages\/160"}],"wp:attachment":[{"href":"https:\/\/eventos.ifg.edu.br\/secitecuruacu\/wp-json\/wp\/v2\/media?parent=376"}],"curies":[{"name":"wp","href":"https:\/\/api.w.org\/{rel}","templated":true}]}}