{"id":209,"date":"2018-09-27T11:18:49","date_gmt":"2018-09-27T14:18:49","guid":{"rendered":"http:\/\/eventos.ifg.edu.br\/secitecuruacu\/?page_id=209"},"modified":"2019-09-04T11:27:57","modified_gmt":"2019-09-04T14:27:57","slug":"programacao","status":"publish","type":"page","link":"https:\/\/eventos.ifg.edu.br\/secitecuruacu\/edicoes-anteriores\/viii-secitec-2018\/programacao\/","title":{"rendered":"Programa\u00e7\u00e3o"},"content":{"rendered":"<h2 style=\"text-align: center\"><span style=\"color: #000000\"><strong>VII Semana de Ci\u00eancia e Tecnologia do IFG\/C\u00e2mpus Urua\u00e7u<\/strong><strong><br \/>\nPrograma\u00e7\u00e3o Geral<\/strong><\/span><\/h2>\n<h2 style=\"text-align: center\"><span style=\"color: #000000\"><strong>18\/10\/18<\/strong><\/span><\/h2>\n<p><span style=\"color: #000000\"><strong>8h \u2013 10h \u2013 Credenciamento<\/strong><\/span><\/p>\n<p><span style=\"color: #000000\"><strong>09h \u2013 12h Minicursos e Oficinas<\/strong><\/span><\/p>\n<p style=\"padding-left: 30px\">&nbsp;<span style=\"color: #000000\"><strong>09h &#8211; 11h30 Oficinas:<\/strong><\/span><\/p>\n<p style=\"padding-left: 60px\"><span style=\"color: #000000\">1)&nbsp;Lendas da Amaz\u00f4nia nos contos de Inglez de Souza&nbsp;(Prof. Dra. Marcela Ferreira Matos \u2013 IFG\/C\u00e2mpus Urua\u00e7u)<\/span><\/p>\n<p style=\"padding-left: 30px\"><strong>10h &#8211; 12h Minicursos:<\/strong><\/p>\n<p style=\"padding-left: 60px\">1) Migra\u00e7\u00e3o Venezuelana e a politica externa brasileira (Prof. Me. Weliton de Farias Nascimento e Prof. Ms. Paulo Win\u00edcius Teixeira de Paula&nbsp;\u2013 IFG\/C\u00e2mpus Goi\u00e2nia)<\/p>\n<p style=\"padding-left: 60px\">2)&nbsp;Rob\u00f3tica Educacional de Baixo Custo (Prof. Esp. Alessandro Siqueira da Silva \u2013 IFG\/C\u00e2mpus Urua\u00e7u)<\/p>\n<p style=\"padding-left: 60px\">3)&nbsp;Metodologias de Projetos: Caminhos para Constru\u00e7\u00e3o da Pesquisa&nbsp;(Pedagoga Gilmara Barbosa de Jesus \u2013 IFG\/C\u00e2mpus Urua\u00e7u)<\/p>\n<p><span style=\"color: #000000\"><strong>14h&nbsp;Apresenta\u00e7\u00e3o Cultural<\/strong><\/span><\/p>\n<p style=\"padding-left: 60px\"><span style=\"color: #000000\">Viol\u00e3o e os Compositores Latino-Americanos (Prof. Me. Jo\u00e3o Henrique Correa Cardoso &#8211;&nbsp;IFG\/C\u00e2mpus Urua\u00e7u)<\/span><\/p>\n<p><span style=\"color: #000000\"><strong>14h &#8211; 16h&nbsp;Confer\u00eancia de abertura: \u201cDesigualdade e concentra\u00e7\u00e3o de renda no capitalismo do s\u00e9culo 21\u201d<\/strong><\/span><\/p>\n<p style=\"padding-left: 60px\"><span style=\"color: #000000\">Prof. Dr.&nbsp;Tiago Camarinha Lopes (UFG)<\/span><\/p>\n<p><span style=\"color: #000000\"><strong>16h &#8211; 18h Provas da Gincana<\/strong><\/span><\/p>\n<p><span style=\"color: #000000\"><strong>16h \u2013 18h Oficina: Excel B\u00e1sico<\/strong><\/span><\/p>\n<p><span style=\"color: #000000\">&nbsp; &nbsp; &nbsp; &nbsp; &nbsp; &nbsp; &nbsp; Engenheiro Civil Rodrigo do Nascimento Coelho \u2013 IFG\/C\u00e2mpus Urua\u00e7u<\/span><\/p>\n<p><span style=\"color: #000000\"><strong>16h \u2013 18h&nbsp;Mostra de Ci\u00eancias<\/strong><\/span><\/p>\n<p style=\"padding-left: 60px\">&#8211;&nbsp;Sess\u00e3o de P\u00f4steres<\/p>\n<p><span style=\"color: #000000\"><strong>19h15 \u2013 21h30&nbsp;Mesa-redonda: &#8220;As mulheres e a luta por uma ci\u00eancia que combate \u00e0s desigualdades.&#8221;<\/strong><\/span><\/p>\n<p style=\"padding-left: 60px\"><span style=\"color: #000000\">Prof. Dra.&nbsp;Elis\u00e2ngela da Silva Santos (UFG\/Regional Jata\u00ed)<\/span><\/p>\n<p style=\"padding-left: 60px\"><span style=\"color: #000000\">Prof. Ms. Renatha Candida da Cruz (IFG\/C\u00e2mpus Urua\u00e7u)<\/span><\/p>\n<p><span style=\"color: #000000\"><strong>19h15 \u2013 21h30&nbsp;Minicursos<\/strong><\/span><\/p>\n<p style=\"padding-left: 60px\"><span style=\"color: #000000\">1)Teorias cient\u00edficas e revolu\u00e7\u00f5es de pensamento (Prof. Ms.&nbsp;Pablo Henrique de Jesus -IFG\/C\u00e2mpus Urua\u00e7u)<\/span><\/p>\n<p style=\"padding-left: 60px\">1)&nbsp;Transfer\u00eancias de Dados em Massas Sens\u00edveis ao Consumo Energ\u00e9tico em Redes \u00d3pticas El\u00e1sticas&nbsp;(Prof. Esp.&nbsp;Maur\u00edlio Humberto Rodrigues Miranda \u2013 IFG\/C\u00e2mpus Urua\u00e7u)<\/p>\n<p style=\"padding-left: 30px\">&nbsp;<\/p>\n<h2 style=\"text-align: center;padding-left: 60px\"><span style=\"color: #000000\"><strong>19\/10\/18<\/strong><\/span><\/h2>\n<p><span style=\"color: #000000\"><strong>8h \u2013 10h&nbsp;Mostra de Ci\u00eancias<\/strong><\/span><\/p>\n<p style=\"padding-left: 60px\">&#8211; Apresenta\u00e7\u00f5es Orais<\/p>\n<p><span style=\"color: #000000\"><strong>10h \u2013 12h&nbsp;Mostra de Ci\u00eancias<\/strong><\/span><\/p>\n<p style=\"padding-left: 60px\">&#8211; Apresenta\u00e7\u00f5es Orais<\/p>\n<p><span style=\"color: #000000\"><strong>14h \u2013 16h Mesa Redonda: \u201cUrua\u00e7u e as desiguadades regionais\u201d<\/strong><\/span><\/p>\n<p style=\"padding-left: 60px\">Pe. Cr\u00e9sio Rodrigues (Secretaria de Desenvolvimento Social &#8211; Prefeitura Municipal de Urua\u00e7u)<\/p>\n<p style=\"padding-left: 60px\">Prof. Ms. Wolney Heleno de Matos&nbsp;(IFG\/C\u00e2mpus Urua\u00e7u)<\/p>\n<p><span style=\"color: #000000\"><strong>16h \u2013 18h <strong>Provas da Gincana<\/strong><\/strong><\/span><\/p>\n<p><span style=\"color: #000000\"><strong>16h \u2013 18h&nbsp;Oficina: Introdu\u00e7\u00e3o ao SICLAB<\/strong><\/span><\/p>\n<p style=\"padding-left: 60px\">Prof. Esp. Viviane Bessa Ferreira (IFG\/C\u00e2mpus Urua\u00e7u)<\/p>\n<p style=\"padding-left: 60px\">Prof. Danillo de Paula (IFG\/C\u00e2mpus Urua\u00e7u)<\/p>\n<p><span style=\"color: #000000\"><strong>19h15 \u2013 21h30 Oficina: &#8220;\u00c9tica, legisla\u00e7\u00e3o e valoriza\u00e7\u00e3o profissional&nbsp;<\/strong><\/span><\/p>\n<p style=\"padding-left: 60px\"><span style=\"color: #000000\">Ulisses Sena (CREA\/GO)&#8221;<\/span><\/p>\n<p><span style=\"color: #000000\"><strong>19h15 \u2013 21h30 Oficinas<\/strong><\/span><\/p>\n<p style=\"padding-left: 60px\"><span style=\"color: #000000\">1)&nbsp;Neg\u00f3cios Sociais: da ideia ao plano de neg\u00f3cios&nbsp;(Administradora Loyanne Moreira dos Santos \u2013 IFG\/C\u00e2mpus Urua\u00e7u)<\/span><\/p>\n<p style=\"padding-left: 60px\"><span style=\"color: #000000\">2)&nbsp;A educa\u00e7\u00e3o libert\u00e1ria de Mauricio Tragtenberg&nbsp;(Prof. Dr.&nbsp;Erisvaldo Pereira de Souza \u2013 UEG\/C\u00e2mpus Urua\u00e7u)<\/span><\/p>\n","protected":false},"excerpt":{"rendered":"<p>VII Semana de Ci\u00eancia e Tecnologia do IFG\/C\u00e2mpus Urua\u00e7u Programa\u00e7\u00e3o Geral 18\/10\/18 8h \u2013 10h \u2013 Credenciamento 09h \u2013 12h Minicursos e Oficinas &nbsp;09h &#8211; 11h30 Oficinas: 1)&nbsp;Lendas da Amaz\u00f4nia nos contos de Inglez de Souza&nbsp;(Prof. Dra. Marcela Ferreira Matos \u2013 IFG\/C\u00e2mpus Urua\u00e7u) 10h &#8211; 12h Minicursos: 1) Migra\u00e7\u00e3o Venezuelana e a politica externa brasileira (Prof. Me. Weliton de Farias Nascimento e Prof. Ms. Paulo [&hellip;]<\/p>\n","protected":false},"author":86,"featured_media":0,"parent":275,"menu_order":0,"comment_status":"closed","ping_status":"closed","template":"","meta":{"ngg_post_thumbnail":0,"footnotes":""},"class_list":["post-209","page","type-page","status-publish","hentry"],"_links":{"self":[{"href":"https:\/\/eventos.ifg.edu.br\/secitecuruacu\/wp-json\/wp\/v2\/pages\/209"}],"collection":[{"href":"https:\/\/eventos.ifg.edu.br\/secitecuruacu\/wp-json\/wp\/v2\/pages"}],"about":[{"href":"https:\/\/eventos.ifg.edu.br\/secitecuruacu\/wp-json\/wp\/v2\/types\/page"}],"author":[{"embeddable":true,"href":"https:\/\/eventos.ifg.edu.br\/secitecuruacu\/wp-json\/wp\/v2\/users\/86"}],"replies":[{"embeddable":true,"href":"https:\/\/eventos.ifg.edu.br\/secitecuruacu\/wp-json\/wp\/v2\/comments?post=209"}],"version-history":[{"count":17,"href":"https:\/\/eventos.ifg.edu.br\/secitecuruacu\/wp-json\/wp\/v2\/pages\/209\/revisions"}],"predecessor-version":[{"id":254,"href":"https:\/\/eventos.ifg.edu.br\/secitecuruacu\/wp-json\/wp\/v2\/pages\/209\/revisions\/254"}],"up":[{"embeddable":true,"href":"https:\/\/eventos.ifg.edu.br\/secitecuruacu\/wp-json\/wp\/v2\/pages\/275"}],"wp:attachment":[{"href":"https:\/\/eventos.ifg.edu.br\/secitecuruacu\/wp-json\/wp\/v2\/media?parent=209"}],"curies":[{"name":"wp","href":"https:\/\/api.w.org\/{rel}","templated":true}]}}