{"id":656,"date":"2017-09-13T14:15:51","date_gmt":"2017-09-13T17:15:51","guid":{"rendered":"http:\/\/eventos.ifg.edu.br\/secitecitumbiara\/?page_id=656"},"modified":"2017-10-03T09:46:11","modified_gmt":"2017-10-03T12:46:11","slug":"programacao-2017","status":"publish","type":"page","link":"https:\/\/eventos.ifg.edu.br\/secitecitumbiara\/programacao-2017\/","title":{"rendered":"Programa\u00e7\u00e3o 2017"},"content":{"rendered":"<h3>Acesse aqui a programa\u00e7\u00e3o geral do Evento<\/h3>\n<p><a href=\"http:\/\/eventos.ifg.edu.br\/secitecitumbiara\/wp-content\/uploads\/sites\/9\/2017\/09\/Programacao-SECITEC-2017.pdf\">Programacao &#8211; SECITEC- 2017<\/a><\/p>\n<p><a href=\"http:\/\/eventos.ifg.edu.br\/secitecitumbiara\/wp-content\/uploads\/sites\/9\/2017\/09\/Grade-Geral-Programacao-SECITEC-2017.pdf\">Grade Geral &#8211; Programacao SECITEC- 2017<\/a><\/p>\n<p><img decoding=\"async\" class=\"alignnone size-full wp-image-664\" src=\"http:\/\/eventos.ifg.edu.br\/secitecitumbiara\/wp-content\/uploads\/sites\/9\/2017\/09\/Programa\u00e7\u00e3o-17-10.png\" alt=\"Programa\u00e7\u00e3o - 17-10\" width=\"700\" \/><br \/>\n<img decoding=\"async\" class=\"alignnone size-medium wp-image-665\" src=\"http:\/\/eventos.ifg.edu.br\/secitecitumbiara\/wp-content\/uploads\/sites\/9\/2017\/09\/Programa\u00e7\u00e3o-18-10.png\" alt=\"Programa\u00e7\u00e3o - 18-10\" width=\"700\" \/><br \/>\n<img decoding=\"async\" class=\"alignnone size-medium wp-image-666\" src=\"http:\/\/eventos.ifg.edu.br\/secitecitumbiara\/wp-content\/uploads\/sites\/9\/2017\/09\/Programa\u00e7\u00e3o-19-10.png\" alt=\"Programa\u00e7\u00e3o - 19-10\" width=\"700\" \/><br \/>\n<img decoding=\"async\" class=\"alignnone size-medium wp-image-667\" src=\"http:\/\/eventos.ifg.edu.br\/secitecitumbiara\/wp-content\/uploads\/sites\/9\/2017\/09\/Programa\u00e7\u00e3o-20-10.png\" alt=\"Programa\u00e7\u00e3o - 20-10\" width=\"700\" \/><\/p>\n","protected":false},"excerpt":{"rendered":"<p>Acesse aqui a programa\u00e7\u00e3o geral do Evento Programacao &#8211; SECITEC- 2017 Grade Geral &#8211; Programacao SECITEC- 2017<\/p>\n","protected":false},"author":23,"featured_media":0,"parent":0,"menu_order":0,"comment_status":"closed","ping_status":"closed","template":"","meta":{"ngg_post_thumbnail":0,"footnotes":""},"class_list":["post-656","page","type-page","status-publish","hentry"],"_links":{"self":[{"href":"https:\/\/eventos.ifg.edu.br\/secitecitumbiara\/wp-json\/wp\/v2\/pages\/656"}],"collection":[{"href":"https:\/\/eventos.ifg.edu.br\/secitecitumbiara\/wp-json\/wp\/v2\/pages"}],"about":[{"href":"https:\/\/eventos.ifg.edu.br\/secitecitumbiara\/wp-json\/wp\/v2\/types\/page"}],"author":[{"embeddable":true,"href":"https:\/\/eventos.ifg.edu.br\/secitecitumbiara\/wp-json\/wp\/v2\/users\/23"}],"replies":[{"embeddable":true,"href":"https:\/\/eventos.ifg.edu.br\/secitecitumbiara\/wp-json\/wp\/v2\/comments?post=656"}],"version-history":[{"count":3,"href":"https:\/\/eventos.ifg.edu.br\/secitecitumbiara\/wp-json\/wp\/v2\/pages\/656\/revisions"}],"predecessor-version":[{"id":670,"href":"https:\/\/eventos.ifg.edu.br\/secitecitumbiara\/wp-json\/wp\/v2\/pages\/656\/revisions\/670"}],"wp:attachment":[{"href":"https:\/\/eventos.ifg.edu.br\/secitecitumbiara\/wp-json\/wp\/v2\/media?parent=656"}],"curies":[{"name":"wp","href":"https:\/\/api.w.org\/{rel}","templated":true}]}}