{"id":648,"date":"2017-09-06T12:38:28","date_gmt":"2017-09-06T15:38:28","guid":{"rendered":"http:\/\/eventos.ifg.edu.br\/secitecitumbiara\/?page_id=648"},"modified":"2025-10-17T10:53:59","modified_gmt":"2025-10-17T13:53:59","slug":"datas-importantes","status":"publish","type":"page","link":"https:\/\/eventos.ifg.edu.br\/secitecitumbiara\/datas-importantes\/","title":{"rendered":"Datas Importantes"},"content":{"rendered":"<p><b>CRONOGRAMA GERAL DA SUBMISS\u00c3O E AVALIA\u00c7\u00c3O DE TRABALHOS<\/b><\/p>\n<p style=\"text-align: justify\">&nbsp;<\/p>\n<table>\n<tbody>\n<tr>\n<td width=\"113\"><strong>DATA<\/strong><\/td>\n<td width=\"482\"><strong>ATIVIDADE<\/strong><\/td>\n<\/tr>\n<tr>\n<td width=\"113\">22\/10 a 02\/11<\/td>\n<td width=\"482\">Per\u00edodo de submiss\u00e3o de resumos de trabalhos<\/td>\n<\/tr>\n<tr>\n<td width=\"113\">17\/11<\/td>\n<td width=\"482\">Divulga\u00e7\u00e3o do resultado da avalia\u00e7\u00e3o dos trabalhos<\/td>\n<\/tr>\n<tr>\n<td width=\"113\">27\/11<\/td>\n<td width=\"482\">Sess\u00e3o de apresenta\u00e7\u00e3o de p\u00f4steres &#8211; SECITEC 2025 &#8211; 17h30min- 19h30min<\/td>\n<\/tr>\n<tr>\n<td width=\"113\">27\/11<\/td>\n<td width=\"482\">Sess\u00e3o de comunica\u00e7\u00f5es orais &#8211; SECITEC 2025 &#8211; 19h30min-21h30min<\/td>\n<\/tr>\n<\/tbody>\n<\/table>\n<p><span style=\"font-weight: 400\">*A distribui\u00e7\u00e3o dos trabalhos das sess\u00f5es orais seguir\u00e3o conforme defini\u00e7\u00f5es da comiss\u00e3o cient\u00edfica e&nbsp; ser\u00e3o divulgados na p\u00e1gina eletr\u00f4nica do evento (<\/span><a href=\"http:\/\/eventos.ifg.edu.br\/secitecitumbiara\/\"><span style=\"font-weight: 400\">http:\/\/eventos.ifg.edu.br\/secitecitumbiara\/<\/span><\/a><span style=\"font-weight: 400\">) e informado ao respons\u00e1vel pela submiss\u00e3o atrav\u00e9s do e-mail cadastrado no formul\u00e1rio de submiss\u00e3o.&nbsp;<\/span><\/p>\n","protected":false},"excerpt":{"rendered":"<p>CRONOGRAMA GERAL DA SUBMISS\u00c3O E AVALIA\u00c7\u00c3O DE TRABALHOS &nbsp; DATA ATIVIDADE 22\/10 a 02\/11 Per\u00edodo de submiss\u00e3o de resumos de trabalhos 17\/11 Divulga\u00e7\u00e3o do resultado da avalia\u00e7\u00e3o dos trabalhos 27\/11 Sess\u00e3o de apresenta\u00e7\u00e3o de p\u00f4steres &#8211; SECITEC 2025 &#8211; 17h30min- 19h30min 27\/11 Sess\u00e3o de comunica\u00e7\u00f5es orais &#8211; SECITEC 2025 &#8211; 19h30min-21h30min *A distribui\u00e7\u00e3o dos trabalhos <a class=\"more-link\" href=\"https:\/\/eventos.ifg.edu.br\/secitecitumbiara\/datas-importantes\/\">Leia mais&#8230; &raquo;<\/a><\/p>\n","protected":false},"author":23,"featured_media":0,"parent":0,"menu_order":0,"comment_status":"closed","ping_status":"closed","template":"","meta":{"ngg_post_thumbnail":0,"footnotes":""},"class_list":["post-648","page","type-page","status-publish","hentry"],"_links":{"self":[{"href":"https:\/\/eventos.ifg.edu.br\/secitecitumbiara\/wp-json\/wp\/v2\/pages\/648"}],"collection":[{"href":"https:\/\/eventos.ifg.edu.br\/secitecitumbiara\/wp-json\/wp\/v2\/pages"}],"about":[{"href":"https:\/\/eventos.ifg.edu.br\/secitecitumbiara\/wp-json\/wp\/v2\/types\/page"}],"author":[{"embeddable":true,"href":"https:\/\/eventos.ifg.edu.br\/secitecitumbiara\/wp-json\/wp\/v2\/users\/23"}],"replies":[{"embeddable":true,"href":"https:\/\/eventos.ifg.edu.br\/secitecitumbiara\/wp-json\/wp\/v2\/comments?post=648"}],"version-history":[{"count":15,"href":"https:\/\/eventos.ifg.edu.br\/secitecitumbiara\/wp-json\/wp\/v2\/pages\/648\/revisions"}],"predecessor-version":[{"id":2111,"href":"https:\/\/eventos.ifg.edu.br\/secitecitumbiara\/wp-json\/wp\/v2\/pages\/648\/revisions\/2111"}],"wp:attachment":[{"href":"https:\/\/eventos.ifg.edu.br\/secitecitumbiara\/wp-json\/wp\/v2\/media?parent=648"}],"curies":[{"name":"wp","href":"https:\/\/api.w.org\/{rel}","templated":true}]}}