{"id":620,"date":"2017-08-24T16:44:15","date_gmt":"2017-08-24T19:44:15","guid":{"rendered":"http:\/\/eventos.ifg.edu.br\/secitecitumbiara\/?page_id=620"},"modified":"2019-08-12T14:54:38","modified_gmt":"2019-08-12T17:54:38","slug":"edicao-2017","status":"publish","type":"page","link":"https:\/\/eventos.ifg.edu.br\/secitecitumbiara\/edicao-2017\/","title":{"rendered":"Edi\u00e7\u00e3o 2017"},"content":{"rendered":"<p style=\"text-align: justify\">A Semana de Educa\u00e7\u00e3o, Ci\u00eancia e Tecnologia (SECITEC) do Instituto Federal de Goi\u00e1s \u2013 C\u00e2mpus Itumbiara em 2017 tem como tema central o mesmo escolhido pela Semana Nacional de Ci\u00eancia e Tecnologia \u2013 SNCT \u201cA Matem\u00e1tica est\u00e1 em Tudo\u201d. A SECITEC \u2013 2017 do IFG \u2013 C\u00e2mpus Itumbiara engloba a 4\u00aa Semana da Licenciatura em Qu\u00edmica, 5\u00aa Semana da Engenharia e a 4\u00aa Semana do Livro e da Biblioteca.<br \/>\nNo escopo de atividades est\u00e3o programadas 03 palestras, 06 oficinas, 31 minicursos, que abordar\u00e3o al\u00e9m das tem\u00e1ticas de sustentabilidade e ensino de matem\u00e1tica, a aplica\u00e7\u00e3o da matem\u00e1tica nas \u00e1reas de qu\u00edmica e engenharia.<br \/>\nOutras a\u00e7\u00f5es realizadas concomitantemente ser\u00e3o a feira de troca de livros, sess\u00e3o de p\u00f4steres e comunica\u00e7\u00e3o oral, exposi\u00e7\u00e3o de trabalhos e as atividades culturais.<br \/>\nAs atividades visam atender aos diferentes p\u00fablicos dos variados n\u00edveis de ensino ofertados na institui\u00e7\u00e3o (t\u00e9cnico n\u00edvel m\u00e9dio, ensino superior e educa\u00e7\u00e3o de jovens e adultos), al\u00e9m de alunos e professores da rede estadual e municipal de educa\u00e7\u00e3o, empresas e comunidade em geral, alcan\u00e7ando a participa\u00e7\u00e3o de um p\u00fablico de oito cidades da regi\u00e3o.<br \/>\nDentre as a\u00e7\u00f5es que s\u00e3o realizadas e que tem ganhado destaque no evento, est\u00e3o as atividades itinerantes nas escolas p\u00fablicas da cidade. Neste ano a programa\u00e7\u00e3o envolve a realiza\u00e7\u00e3o de palestras e oficinas em escolas de Itumbiara, Buriti Alegre e Cachoeira Dourada. Essas a\u00e7\u00f5es t\u00eam por objetivo consolidar e ampliar parcerias entre o IFG e as institui\u00e7\u00f5es da regi\u00e3o e promover a populariza\u00e7\u00e3o da ci\u00eancia e tecnologia, e ampliar a participa\u00e7\u00e3o das escolas nas diversas atividades programadas para todo o evento.<\/p>\n<p style=\"text-align: justify\">Com o objetivo de garantir a participa\u00e7\u00e3o de toda a comunidade acad\u00eamica do IFG-C\u00e2mpus Itumbiara, bem como a comunidade externa, a submiss\u00e3o de resumos de trabalhos foi aberta para apresenta\u00e7\u00e3o de trabalhos de todas as \u00e1reas do conhecimento, caracterizando o evento como multidisciplinar.<\/p>\n<p style=\"text-align: justify\">Observa\u00e7\u00e3o:<\/p>\n<div><span style=\"font-family: 'Times New Roman', serif;font-size: medium\">As inscri\u00e7\u00f5es nas atividades ser\u00e3o de 11\/09 a 16\/10.<\/span><\/div>\n<div><span style=\"font-family: 'Times New Roman', serif;font-size: medium\">A programa\u00e7\u00e3o est\u00e1 em constru\u00e7\u00e3o.<\/span><\/div>\n","protected":false},"excerpt":{"rendered":"<p>A Semana de Educa\u00e7\u00e3o, Ci\u00eancia e Tecnologia (SECITEC) do Instituto Federal de Goi\u00e1s \u2013 C\u00e2mpus Itumbiara em 2017 tem como tema central o mesmo escolhido pela Semana Nacional de Ci\u00eancia e Tecnologia \u2013 SNCT \u201cA Matem\u00e1tica est\u00e1 em Tudo\u201d. A SECITEC \u2013 2017 do IFG \u2013 C\u00e2mpus Itumbiara engloba a 4\u00aa Semana da Licenciatura em <a class=\"more-link\" href=\"https:\/\/eventos.ifg.edu.br\/secitecitumbiara\/edicao-2017\/\">Leia mais&#8230; &raquo;<\/a><\/p>\n","protected":false},"author":23,"featured_media":0,"parent":0,"menu_order":0,"comment_status":"closed","ping_status":"closed","template":"","meta":{"ngg_post_thumbnail":0,"footnotes":""},"class_list":["post-620","page","type-page","status-publish","hentry"],"_links":{"self":[{"href":"https:\/\/eventos.ifg.edu.br\/secitecitumbiara\/wp-json\/wp\/v2\/pages\/620"}],"collection":[{"href":"https:\/\/eventos.ifg.edu.br\/secitecitumbiara\/wp-json\/wp\/v2\/pages"}],"about":[{"href":"https:\/\/eventos.ifg.edu.br\/secitecitumbiara\/wp-json\/wp\/v2\/types\/page"}],"author":[{"embeddable":true,"href":"https:\/\/eventos.ifg.edu.br\/secitecitumbiara\/wp-json\/wp\/v2\/users\/23"}],"replies":[{"embeddable":true,"href":"https:\/\/eventos.ifg.edu.br\/secitecitumbiara\/wp-json\/wp\/v2\/comments?post=620"}],"version-history":[{"count":5,"href":"https:\/\/eventos.ifg.edu.br\/secitecitumbiara\/wp-json\/wp\/v2\/pages\/620\/revisions"}],"predecessor-version":[{"id":1483,"href":"https:\/\/eventos.ifg.edu.br\/secitecitumbiara\/wp-json\/wp\/v2\/pages\/620\/revisions\/1483"}],"wp:attachment":[{"href":"https:\/\/eventos.ifg.edu.br\/secitecitumbiara\/wp-json\/wp\/v2\/media?parent=620"}],"curies":[{"name":"wp","href":"https:\/\/api.w.org\/{rel}","templated":true}]}}