{"id":52,"date":"2017-03-03T10:28:40","date_gmt":"2017-03-03T13:28:40","guid":{"rendered":"http:\/\/eventos.ifg.edu.br\/secitecitumbiara\/?page_id=52"},"modified":"2017-08-24T17:44:48","modified_gmt":"2017-08-24T20:44:48","slug":"edicao-2016","status":"publish","type":"page","link":"https:\/\/eventos.ifg.edu.br\/secitecitumbiara\/edicao-2016\/","title":{"rendered":"Edi\u00e7\u00e3o 2016"},"content":{"rendered":"<p>Em 2016, a SECITEC do IFG-C\u00e2mpus Itumbiara tem como tema central \u201cCi\u00eancia Alimentando o Brasil\u201d, em conson\u00e2ncia com o tema geral proposto para a Semana Nacional de Ci\u00eancia e Tecnologia (SNCT). Deste modo, as atividades propostas para a SECITEC v\u00eam ao encontro dos anseios da SNCT de discutir o papel da ci\u00eancia na melhoria da qualidade da alimenta\u00e7\u00e3o do brasileiro, al\u00e9m de ampliar esse conceito a partir da discuss\u00e3o e apresenta\u00e7\u00e3o da ci\u00eancia e das tecnologias desenvolvidas nas institui\u00e7\u00f5es de ensino e pesquisa e que alimentam o desenvolvimento cient\u00edfico no pa\u00eds.<\/p>\n<p>Com o objetivo de garantir a participa\u00e7\u00e3o de toda a comunidade acad\u00eamica do IFG-C\u00e2mpus Itumbiara, bem como a comunidade externa, a submiss\u00e3o de resumos de trabalhos foi aberta para apresenta\u00e7\u00e3o de trabalhos de todas as \u00e1reas do conhecimento, caracterizando o evento como multidisciplinar.<\/p>\n<table style=\"width: auto;vertical-align: middle;border: none\">\n<tbody>\n<tr style=\"vertical-align: middle;border: none\">\n<td style=\"vertical-align: middle;border: none\"><img decoding=\"async\" src=\"http:\/\/eventos.ifg.edu.br\/secitecitumbiara2016\/wp-content\/uploads\/sites\/9\/2016\/09\/seta01.jpg\" alt=\"\" \/><\/td>\n<td style=\"vertical-align: middle;border: none\"><a href=\"http:\/\/eventos.ifg.edu.br\/secitecitumbiara2016\/wp-content\/uploads\/sites\/9\/2016\/09\/Modelo-de-Apresentacao-Oral-SECITEC-2016-IFG-Campus-Itumbiara.pptx\">Modelo de Apresenta\u00e7\u00e3o Oral<\/a><\/td>\n<td style=\"vertical-align: middle;border: none\"><img decoding=\"async\" src=\"http:\/\/eventos.ifg.edu.br\/secitecitumbiara2016\/wp-content\/uploads\/sites\/9\/2016\/09\/seta02.jpg\" alt=\"\" \/><\/td>\n<td style=\"vertical-align: middle;border: none\"><a href=\"http:\/\/eventos.ifg.edu.br\/secitecitumbiara2016\/wp-content\/uploads\/sites\/9\/2016\/09\/Modelo-de-Poster-SECITEC-2016-IFG-Campus-Itumbiara.pptx\">Modelo de Poster<\/a><\/td>\n<\/tr>\n<tr style=\"vertical-align: middle;border: none\">\n<td style=\"vertical-align: middle;border: none\"><img decoding=\"async\" src=\"http:\/\/eventos.ifg.edu.br\/secitecitumbiara2016\/wp-content\/uploads\/sites\/9\/2016\/09\/seta03.jpg\" alt=\"\" \/><\/td>\n<td style=\"vertical-align: middle;border: none\"><a href=\"http:\/\/eventos.ifg.edu.br\/secitecitumbiara2016\/wp-content\/uploads\/sites\/9\/2016\/09\/Resumos-de-trabalhos-aceitos-para-apresentacao-na-forma-de-poster-SECITEC-2016-IFG-Campus-Itumbiara.pdf\">Resumos de trabalhos aceitos &#8211; Posters<\/a><\/td>\n<td style=\"vertical-align: middle;border: none\"><img decoding=\"async\" src=\"http:\/\/eventos.ifg.edu.br\/secitecitumbiara2016\/wp-content\/uploads\/sites\/9\/2016\/09\/seta04.jpg\" alt=\"\" \/><\/td>\n<td style=\"vertical-align: middle;border: none\"><a href=\"http:\/\/eventos.ifg.edu.br\/secitecitumbiara2016\/wp-content\/uploads\/sites\/9\/2016\/09\/Trabalhos-selecionados-para-Comunicacao-Oral-SECITEC-2016-IFG-Campus-Itumbiara.pdf\">Trabalhos aceitos &#8211; Apresenta\u00e7\u00e3o Oral<\/a><\/td>\n<\/tr>\n<tr style=\"vertical-align: middle;border: none\">\n<td style=\"vertical-align: middle;border: none\"><img decoding=\"async\" src=\"http:\/\/eventos.ifg.edu.br\/secitecitumbiara2016\/wp-content\/uploads\/sites\/9\/2016\/09\/seta05.jpg\" alt=\"\" \/><\/td>\n<td style=\"vertical-align: middle;border: none\"><a href=\"http:\/\/eventos.ifg.edu.br\/secitecitumbiara2016\/programacao-geral\/\">Programa\u00e7\u00e3o Geral<\/a><\/td>\n<td style=\"vertical-align: middle;border: none\"><img decoding=\"async\" src=\"http:\/\/eventos.ifg.edu.br\/secitecitumbiara2016\/wp-content\/uploads\/sites\/9\/2016\/09\/seta06.jpg\" alt=\"\" \/><\/td>\n<td style=\"vertical-align: middle;border: none\"><a href=\"http:\/\/eventos.ifg.edu.br\/secitecitumbiara\/wp-content\/uploads\/sites\/9\/2017\/03\/Instrucoes-gerais-para-elaboracao-de-resumos-de-trabalhos-SECITEC-2016-IFG-Itumbiara.pdf\">Instru\u00e7\u00f5es gerais para elabora\u00e7\u00e3o de resumos<\/a><\/td>\n<\/tr>\n<\/tbody>\n<\/table>\n","protected":false},"excerpt":{"rendered":"<p>Em 2016, a SECITEC do IFG-C\u00e2mpus Itumbiara tem como tema central \u201cCi\u00eancia Alimentando o Brasil\u201d, em conson\u00e2ncia com o tema geral proposto para a Semana Nacional de Ci\u00eancia e Tecnologia (SNCT). Deste modo, as atividades propostas para a SECITEC v\u00eam ao encontro dos anseios da SNCT de discutir o papel da ci\u00eancia na melhoria da <a class=\"more-link\" href=\"https:\/\/eventos.ifg.edu.br\/secitecitumbiara\/edicao-2016\/\">Leia mais&#8230; &raquo;<\/a><\/p>\n","protected":false},"author":23,"featured_media":9,"parent":0,"menu_order":0,"comment_status":"closed","ping_status":"closed","template":"","meta":{"ngg_post_thumbnail":0,"footnotes":""},"class_list":["post-52","page","type-page","status-publish","has-post-thumbnail","hentry"],"_links":{"self":[{"href":"https:\/\/eventos.ifg.edu.br\/secitecitumbiara\/wp-json\/wp\/v2\/pages\/52"}],"collection":[{"href":"https:\/\/eventos.ifg.edu.br\/secitecitumbiara\/wp-json\/wp\/v2\/pages"}],"about":[{"href":"https:\/\/eventos.ifg.edu.br\/secitecitumbiara\/wp-json\/wp\/v2\/types\/page"}],"author":[{"embeddable":true,"href":"https:\/\/eventos.ifg.edu.br\/secitecitumbiara\/wp-json\/wp\/v2\/users\/23"}],"replies":[{"embeddable":true,"href":"https:\/\/eventos.ifg.edu.br\/secitecitumbiara\/wp-json\/wp\/v2\/comments?post=52"}],"version-history":[{"count":3,"href":"https:\/\/eventos.ifg.edu.br\/secitecitumbiara\/wp-json\/wp\/v2\/pages\/52\/revisions"}],"predecessor-version":[{"id":626,"href":"https:\/\/eventos.ifg.edu.br\/secitecitumbiara\/wp-json\/wp\/v2\/pages\/52\/revisions\/626"}],"wp:featuredmedia":[{"embeddable":true,"href":"https:\/\/eventos.ifg.edu.br\/secitecitumbiara\/wp-json\/wp\/v2\/media\/9"}],"wp:attachment":[{"href":"https:\/\/eventos.ifg.edu.br\/secitecitumbiara\/wp-json\/wp\/v2\/media?parent=52"}],"curies":[{"name":"wp","href":"https:\/\/api.w.org\/{rel}","templated":true}]}}