{"id":936,"date":"2024-10-10T09:58:52","date_gmt":"2024-10-10T12:58:52","guid":{"rendered":"http:\/\/eventos.ifg.edu.br\/secitecgoiania\/?page_id=936"},"modified":"2025-10-02T21:06:36","modified_gmt":"2025-10-03T00:06:36","slug":"edicao-2024","status":"publish","type":"page","link":"https:\/\/eventos.ifg.edu.br\/secitecgoiania\/edicoes-anteriores\/edicao-2024\/","title":{"rendered":"Edi\u00e7\u00e3o 2024"},"content":{"rendered":"<p>Tema de 2024: <strong>Biomas do Brasil: diversidade, saberes e tecnologias sociais<\/strong>. A&nbsp; VI Semana de Letras e a Semana Nacional do Livro e da Biblioteca tamb\u00e9m integraram o evento. Na edi\u00e7\u00e3o de 2024, a Secitec do C\u00e2mpus Goi\u00e2nia antecedeu as atividades da Semana Nacional de Ci\u00eancia, Tecnologia e Inova\u00e7\u00e3o (SNCT) executada no \u00e2mbito da Reitoria do IFG. Veja fotos do evento aqui (em breve). Confira as not\u00edcias sobre o evento local:<\/p>\n<hr>\n<p><span style=\"color: #ff0000\">18.11.2024<\/span> &#8211; <a href=\"https:\/\/ifg.edu.br\/ultimas-noticias-campus-goiania\/40184-encerramento-21-snct\" target=\"_blank\" rel=\"noopener\">Produ\u00e7\u00e3o cient\u00edfica e tecnol\u00f3gica \u00e9 tema de debate na encerramento da 21\u00aa SNCT<\/a><\/p>\n<p><em>A 21\u00aa Semana Nacional de Ci\u00eancia e Tecnologia (SNCT) do IFG e o 17\u00ba Semin\u00e1rio de Inicia\u00e7\u00e3o Cient\u00edfica e Tecnol\u00f3gica (SICT) foram encerrados na tarde desta quinta-feira, 14, com palestras, debates e apresenta\u00e7\u00f5es de trabalhos, al\u00e9m de jogos, competi\u00e7\u00f5es e atra\u00e7\u00f5es culturais. Os dois eventos reuniram servidores e estudantes do IFG durante tr\u00eas dias, com uma programa\u00e7\u00e3o extensa e diversificada, mas sempre com foco na pesquisa cient\u00edfica e tecnol\u00f3gica e na inova\u00e7\u00e3o.<\/em><\/p>\n<hr>\n<p><span style=\"color: #ff0000\">14.11.2024<\/span> &#8211; <a href=\"https:\/\/ifg.edu.br\/ultimas-noticias-campus-goiania\/40165-21-snct\" target=\"_blank\" rel=\"noopener\">Reflex\u00f5es sobre a p\u00f3s-gradua\u00e7\u00e3o, lan\u00e7amento de livros e apresenta\u00e7\u00e3o de pesquisas marcam o segundo dia da 21\u00aa SNCT<\/a><\/p>\n<p><em>O segundo dia da 21\u00aa Semana Nacional de Ci\u00eancia e Tecnologia (SNCT) foi marcado por importantes discuss\u00f5es sobre a p\u00f3s-gradua\u00e7\u00e3o, al\u00e9m do lan\u00e7amento de obras da Editora IFG e diversas apresenta\u00e7\u00f5es de trabalhos de pesquisa, tanto do&nbsp;<a href=\"https:\/\/mincac-top2.my.canva.site\/sict24\" rel=\"alternate\">17\u00ba Semin\u00e1rio de Inicia\u00e7\u00e3o Cient\u00edfica e Tecnol\u00f3gica<\/a>, quanto da Mostra Epex. O evento, que \u00e9 realizado pelo Instituto Federal de Goi\u00e1s (IFG), por meio das suas Pr\u00f3-Reitorias de Ensino (Proen), Pesquisa e P\u00f3s-Gradua\u00e7\u00e3o (PROPPG) e Extens\u00e3o (Proex), foi aberto nesta ter\u00e7a-feira, 12 de novembro, no rec\u00e9m-inaugurado Polo Criar, e termina nesta quinta-feira, 14.<\/em><\/p>\n<hr>\n<p><span style=\"color: #ff0000\">13.11.2024<\/span> &#8211; <a href=\"https:\/\/ifg.edu.br\/ultimas-noticias-campus-goiania\/40145-snct-abertura\" target=\"_blank\" rel=\"noopener\">Sustentabilidade e investimento cient\u00edfico s\u00e3o pautas da abertura da SNCT<\/a><\/p>\n<p><em>Sustentabilidade, investimentos na \u00e1rea da ci\u00eancia e necessidade de superar desafios para pesquisa foram algumas das pautas levantadas na abertura da 21\u00aa Semana de Ci\u00eancia e Tecnologia do Instituto Federal de Goi\u00e1s (IFG). O evento, que \u00e9 realizado pela Institui\u00e7\u00e3o por meio das suas Pr\u00f3-Reitorias de Ensino (Proen), Pesquisa e P\u00f3s-Gradua\u00e7\u00e3o (PROPPG) e Extens\u00e3o (Proex), foi aberto nesta ter\u00e7a-feira, 12 de novembro, no&nbsp;<a href=\"https:\/\/ifg.edu.br\/component\/content\/article\/17-ifg\/ultimas-noticias\/40119-inauguracao-criar\">rec\u00e9m-inaugurado Polo Criar<\/a>.<\/em><\/p>\n<hr>\n<p><span style=\"color: #ff0000\">11.11.2024<\/span> &#8211; <a href=\"https:\/\/ifg.edu.br\/ultimas-noticias-campus-goiania\/40077-snct-ifg-24\" target=\"_blank\" rel=\"noopener\">Semana Nacional de Ci\u00eancia e Tecnologia come\u00e7a na ter\u00e7a-feira, 12<\/a><\/p>\n<p><em>O Instituto Federal de Goi\u00e1s (IFG), por meio das suas Pr\u00f3-Reitorias de Ensino (Proen), Pesquisa e P\u00f3s-Gradua\u00e7\u00e3o (PROPPG) e Extens\u00e3o (Proex), realizar\u00e1 a partir de ter\u00e7a-feira, 12, a Semana Nacional de Ci\u00eancia, Tecnologia e Inova\u00e7\u00e3o (SNCT) 2024. Est\u00e3o programadas para o evento diversas atividades de ensino, pesquisa, inova\u00e7\u00e3o e extens\u00e3o, e todas elas acontecer\u00e3o no Criar \u2013 Polo de Inova\u00e7\u00e3o do IFG, que ser\u00e1 inaugurado durante a Semana. Os interessados em participar das atividades presentes na programa\u00e7\u00e3o podem se inscrever pelo link:&nbsp;<a href=\"https:\/\/www.even3.com.br\/ifgsnct2024\/\">https:\/\/www.even3.com.br\/ifgsnct2024\/<\/a>.<\/em><\/p>\n<hr>\n<p><span style=\"color: #ff0000\">18.10.2024<\/span> &#8211; <a href=\"https:\/\/ifg.edu.br\/ultimas-noticias-campus-goiania\/39680-secitec-fecigyn-conhecendoifg\" target=\"_blank\" rel=\"noopener\">Integra\u00e7\u00e3o com a comunidade e apresenta\u00e7\u00e3o de trabalhos de rob\u00f3tica movimentam a Secitec 2024<\/a><\/p>\n<p><em>A Semana de Educa\u00e7\u00e3o, Ci\u00eancia, Tecnologia e Cultura (Secitec) do C\u00e2mpus Goi\u00e2nia recebeu mais de 1,3 mil estudantes de escolas p\u00fablica e privadas de Goi\u00e2nia e regi\u00e3o durante mais uma edi\u00e7\u00e3o da maratona do projeto Conhecendo o IFG. Cerca de 30 institui\u00e7\u00f5es participaram do projeto que visa abrir as portas do C\u00e2mpus Goi\u00e2nia do Instituto Federal de Goi\u00e1s aos estudantes para mostrar a estrutura f\u00edsica, os cursos, projetos de ensino, pesquisa e extens\u00e3o desenvolvidos, al\u00e9m das oportunidades de ingresso, perman\u00eancia e \u00eaxito.<\/em><\/p>\n<hr>\n<p><span style=\"color: #ff0000\">14.10.2024<\/span> &#8211; <a href=\"https:\/\/ifg.edu.br\/ultimas-noticias-campus-goiania\/39604-secitec-24-abertura\" target=\"_blank\" rel=\"noopener\">Semana Nacional do Livro e da Biblioteca abre atividades da Secitec 2024<\/a><\/p>\n<p><em>Com m\u00fasica e poesia, o C\u00e2mpus Goi\u00e2nia do Instituto Federal de Goi\u00e1s (IFG) iniciou a programa\u00e7\u00e3o da Semana Nacional do Livro e da Biblioteca, evento que integra a Semana de Educa\u00e7\u00e3o, Ci\u00eancia, Tecnologia e Cultura, a Secitec. O Grupo de Viol\u00f5es do IFG, composto por estudantes do curso t\u00e9cnico em Instrumento Musical, foi o respons\u00e1vel por levar melodia para a sala de estudos da Biblioteca Professor Jorge F\u00e9lix. Em seguida, houve declama\u00e7\u00e3o de poesia. As atividades da Semana Nacional do Livro e da Biblioteca do c\u00e2mpus seguem at\u00e9 o dia 31 de outubro e os interessados podem se inscrever na p\u00e1gina do evento.<\/em><\/p>\n<hr>\n<p><span style=\"color: #ff0000\">11.10.2024<\/span> &#8211; <a href=\"https:\/\/ifg.edu.br\/ultimas-noticias-campus-goiania\/39584-secitec25gyn\" target=\"_blank\" rel=\"noopener\">C\u00e2mpus Goi\u00e2nia realiza Secitec 2024 entre os dias 14 e 18 de outubro<\/a><\/p>\n<p><em>Entre os dias 14 e 18 de outubro, o C\u00e2mpus Goi\u00e2nia dos Instituto Federal de Goi\u00e1s realiza a edi\u00e7\u00e3o 2024 da Semana de Educa\u00e7\u00e3o, Ci\u00eancia, Tecnologia e Cultura (Secitec). O evento segue o tema da Semana Nacional da Ci\u00eancia e Tecnologia:&nbsp;Biomas do Brasil: diversidade, saberes e tecnologias sociais, proposto pelo&nbsp;Minist\u00e9rio da Ci\u00eancia, Tecnologia e Inova\u00e7\u00e3o&nbsp;(MCTI).&nbsp;A a\u00e7\u00e3o ofertar\u00e1 \u00e0s comunidades interna e externa atividades de divulga\u00e7\u00e3o de projetos de ensino, pesquisa e extens\u00e3o realizados pelo c\u00e2mpus. Todas as atividades s\u00e3o gratuitas.<\/em><\/p>\n<hr>\n<p><span style=\"color: #ff0000\">07.10.2024<\/span> &#8211; <a href=\"https:\/\/ifg.edu.br\/ultimas-noticias-campus-goiania\/39513-1-feira-de-economia-solidaria\" target=\"_blank\" rel=\"noopener\">Semana Nacional de Ci\u00eancia e Tecnologia ter\u00e1 ampla programa\u00e7\u00e3o, 1\u00aa Feira de Economia Solid\u00e1ria ser\u00e1 novidade<\/a><\/p>\n<p><em>\u201cBiomas do Brasil: diversidade, saberes e tecnologias sociais\u201d. Este \u00e9 o tema da 21\u00aa Semana Nacional de Ci\u00eancia e Tecnologia (SNCT), que, no Instituto Federal de Goi\u00e1s (IFG), ser\u00e1 realizada no m\u00eas de novembro. Ser\u00e3o diversas atividades de ensino, pesquisa e extens\u00e3o, reunidas em um s\u00f3 lugar, no Criar \u2013 Polo de Inova\u00e7\u00e3o do IFG. Exposi\u00e7\u00e3o de p\u00f4steres, apresenta\u00e7\u00e3o de trabalhos, palestras, tenda de jogos anal\u00f3gicos e digitais, mostra e oficinas, al\u00e9m de apresenta\u00e7\u00f5es culturais v\u00e3o compor a ampla programa\u00e7\u00e3o. Tamb\u00e9m ser\u00e1 realizada a 1\u00aa Feira de Economia Solid\u00e1ria, cujo edital de expositores foi publicado essa semana.<\/em><\/p>\n<hr>\n<p><span style=\"color: #ff0000\">02.10.2024<\/span>&nbsp;&#8211; <a href=\"https:\/\/ifg.edu.br\/component\/content\/article\/273-ifg\/campus\/goiania\/eventos-campus-goiania\/proximos-eventos-campus-goiania\/39446-secitec-2024\" target=\"_blank\" rel=\"noopener\">Secitec 2024<\/a><\/p>\n<p><em>Entre os dias 14 e 18 de outubro o C\u00e2mpus Goi\u00e2nia dos Instituto Federal de Goi\u00e1s realiza a edi\u00e7\u00e3o 2024 da Semana de Educa\u00e7\u00e3o, Ci\u00eancia, Tecnologia e Cultura (Secitec). O evento segue o tema da Semana Nacional da Ci\u00eancia e Tecnologia do Minist\u00e9rio da Ci\u00eancia, Tecnologia e Inova\u00e7\u00e3o que \u00e9 Biomas do Brasil: diversidade, saberes e tecnologias sociais. Durante o evento, ser\u00e3o ofertados \u00e0s comunidades interna e externa atividades de divulga\u00e7\u00e3o de projetos de ensino, pesquisa e extens\u00e3o realizados pelo c\u00e2mpus. Todas as atividades s\u00e3o gratuitas.<\/em><\/p>\n","protected":false},"excerpt":{"rendered":"<p>Tema de 2024: Biomas do Brasil: diversidade, saberes e tecnologias sociais. A&nbsp; VI Semana de Letras e a Semana Nacional do Livro e da Biblioteca tamb\u00e9m integraram o evento. Na edi\u00e7\u00e3o de 2024, a Secitec do C\u00e2mpus Goi\u00e2nia antecedeu as atividades da Semana Nacional de Ci\u00eancia, Tecnologia e Inova\u00e7\u00e3o (SNCT) executada no \u00e2mbito da Reitoria<a href=\"https:\/\/eventos.ifg.edu.br\/secitecgoiania\/edicoes-anteriores\/edicao-2024\/\">[&#8230;]<\/a><\/p>\n","protected":false},"author":58,"featured_media":0,"parent":640,"menu_order":10,"comment_status":"closed","ping_status":"closed","template":"","meta":{"ngg_post_thumbnail":0,"footnotes":""},"class_list":["post-936","page","type-page","status-publish","hentry"],"_links":{"self":[{"href":"https:\/\/eventos.ifg.edu.br\/secitecgoiania\/wp-json\/wp\/v2\/pages\/936"}],"collection":[{"href":"https:\/\/eventos.ifg.edu.br\/secitecgoiania\/wp-json\/wp\/v2\/pages"}],"about":[{"href":"https:\/\/eventos.ifg.edu.br\/secitecgoiania\/wp-json\/wp\/v2\/types\/page"}],"author":[{"embeddable":true,"href":"https:\/\/eventos.ifg.edu.br\/secitecgoiania\/wp-json\/wp\/v2\/users\/58"}],"replies":[{"embeddable":true,"href":"https:\/\/eventos.ifg.edu.br\/secitecgoiania\/wp-json\/wp\/v2\/comments?post=936"}],"version-history":[{"count":3,"href":"https:\/\/eventos.ifg.edu.br\/secitecgoiania\/wp-json\/wp\/v2\/pages\/936\/revisions"}],"predecessor-version":[{"id":976,"href":"https:\/\/eventos.ifg.edu.br\/secitecgoiania\/wp-json\/wp\/v2\/pages\/936\/revisions\/976"}],"up":[{"embeddable":true,"href":"https:\/\/eventos.ifg.edu.br\/secitecgoiania\/wp-json\/wp\/v2\/pages\/640"}],"wp:attachment":[{"href":"https:\/\/eventos.ifg.edu.br\/secitecgoiania\/wp-json\/wp\/v2\/media?parent=936"}],"curies":[{"name":"wp","href":"https:\/\/api.w.org\/{rel}","templated":true}]}}