{"id":74,"date":"2017-08-17T16:49:48","date_gmt":"2017-08-17T19:49:48","guid":{"rendered":"http:\/\/eventos.ifg.edu.br\/secitecgoiania\/?page_id=74"},"modified":"2025-10-07T11:22:39","modified_gmt":"2025-10-07T14:22:39","slug":"localizacao","status":"publish","type":"page","link":"https:\/\/eventos.ifg.edu.br\/secitecgoiania\/localizacao\/","title":{"rendered":"Local e contato"},"content":{"rendered":"<p><strong>Local<br \/>\n<\/strong>A Secitec 2025 ser\u00e1 realizada no C\u00e2mpus Goi\u00e2nia do Instituto Federal de Goi\u00e1s (IFG), localizado na Rua 75, n\u00ba 46, Setor Central. Veja a <a href=\"https:\/\/www.google.com.br\/maps\/place\/IFG+-+C%C3%A2mpus+Goi%C3%A2nia\/@-16.6655732,-49.2573312,17z\/data=!3m1!4b1!4m5!3m4!1s0x935ef3da89431569:0x7730244ce193aa44!8m2!3d-16.6655732!4d-49.2551425\" target=\"_blank\" rel=\"noopener\">localiza\u00e7\u00e3o no mapa<\/a>!<br \/>\nConfira o <a href=\"http:\/\/www.ifg.edu.br\/attachments\/article\/625\/Mapa%20C%C3%A2mpus%20Goi%C3%A2nia%20-%20panfleto_Espa%C3%A7os_18cmX21cm_CURVAS.pdf\">mapa dos espa\u00e7os do C\u00e2mpus Goi\u00e2nia<\/a> onde v\u00e3o acontecer as atividades da Secitec.<\/p>\n<hr>\n<p><strong>Contato<br \/>\n<\/strong><\/p>\n<p>A comiss\u00e3o que organiza a Secitec 2025 \u00e9 composta por diversos servidores docentes e t\u00e9cnico-administrativos do C\u00e2mpus Goi\u00e2nia, sendo presidida pela professora Lidiaine Maria dos Santos.<strong><br \/>\n<\/strong>Contato da Comiss\u00e3o Organizadora: <span style=\"text-decoration: underline\">secitec.goiania@ifg.edu.br<\/span><br \/>\nSecretaria da Secitec | Coordena\u00e7\u00e3o de Eventos &#8211; 62 3227-2704 (telefone e whatsapp)<br \/>\nComunica\u00e7\u00e3o Social | Contato com a Imprensa &#8211; (62) 3227-2759<\/p>\n<p>Confira os <a href=\"https:\/\/ifg.edu.br\/attachments\/article\/16747\/CIRCULAR_55_2025_Designar_servidores_Comiss%C3%A3o_SECITEC.pdf\" target=\"_blank\" rel=\"noopener\">membros da Comiss\u00e3o Geral<\/a><br \/>\nConfira os <a href=\"https:\/\/ifg.edu.br\/attachments\/article\/16747\/CIRCULAR_81_2025_Retificar_CIRCULAR_73.pdf\" target=\"_blank\" rel=\"noopener\">membros das Comiss\u00f5es de Trabalho&nbsp;<\/a><\/p>\n<p>&nbsp;<\/p>\n","protected":false},"excerpt":{"rendered":"<p>Local A Secitec 2025 ser\u00e1 realizada no C\u00e2mpus Goi\u00e2nia do Instituto Federal de Goi\u00e1s (IFG), localizado na Rua 75, n\u00ba 46, Setor Central. Veja a localiza\u00e7\u00e3o no mapa! Confira o mapa dos espa\u00e7os do C\u00e2mpus Goi\u00e2nia onde v\u00e3o acontecer as atividades da Secitec. Contato A comiss\u00e3o que organiza a Secitec 2025 \u00e9 composta por diversos<a href=\"https:\/\/eventos.ifg.edu.br\/secitecgoiania\/localizacao\/\">[&#8230;]<\/a><\/p>\n","protected":false},"author":58,"featured_media":0,"parent":0,"menu_order":9,"comment_status":"closed","ping_status":"closed","template":"","meta":{"ngg_post_thumbnail":0,"footnotes":""},"class_list":["post-74","page","type-page","status-publish","hentry"],"_links":{"self":[{"href":"https:\/\/eventos.ifg.edu.br\/secitecgoiania\/wp-json\/wp\/v2\/pages\/74"}],"collection":[{"href":"https:\/\/eventos.ifg.edu.br\/secitecgoiania\/wp-json\/wp\/v2\/pages"}],"about":[{"href":"https:\/\/eventos.ifg.edu.br\/secitecgoiania\/wp-json\/wp\/v2\/types\/page"}],"author":[{"embeddable":true,"href":"https:\/\/eventos.ifg.edu.br\/secitecgoiania\/wp-json\/wp\/v2\/users\/58"}],"replies":[{"embeddable":true,"href":"https:\/\/eventos.ifg.edu.br\/secitecgoiania\/wp-json\/wp\/v2\/comments?post=74"}],"version-history":[{"count":20,"href":"https:\/\/eventos.ifg.edu.br\/secitecgoiania\/wp-json\/wp\/v2\/pages\/74\/revisions"}],"predecessor-version":[{"id":1004,"href":"https:\/\/eventos.ifg.edu.br\/secitecgoiania\/wp-json\/wp\/v2\/pages\/74\/revisions\/1004"}],"wp:attachment":[{"href":"https:\/\/eventos.ifg.edu.br\/secitecgoiania\/wp-json\/wp\/v2\/media?parent=74"}],"curies":[{"name":"wp","href":"https:\/\/api.w.org\/{rel}","templated":true}]}}