{"id":41,"date":"2016-08-18T18:27:17","date_gmt":"2016-08-18T21:27:17","guid":{"rendered":"http:\/\/blogs.ifg.edu.br\/visecitecfsa\/?page_id=41"},"modified":"2017-09-06T15:23:15","modified_gmt":"2017-09-06T18:23:15","slug":"conhecendo-o-ifg","status":"publish","type":"page","link":"https:\/\/eventos.ifg.edu.br\/secitecfsa\/conhecendo-o-ifg\/","title":{"rendered":"Conhecendo o IFG &#8211; 2016"},"content":{"rendered":"<p><img fetchpriority=\"high\" decoding=\"async\" class=\"alignnone size-full wp-image-646 aligncenter\" src=\"http:\/\/eventos.ifg.edu.br\/secitecfsa\/wp-content\/uploads\/sites\/8\/2016\/08\/Capa-para-matteria-blog-eventojpg.png\" alt=\"capa-para-matteria-blog-eventojpg\" width=\"1201\" height=\"453\" \/><\/p>\n<p style=\"text-align: justify\">O \u201cConhecendo o IFG\u201d \u00e9 um evento institucional, elaborado a partir da Reitoria e disseminado por diversos c\u00e2mpus do Instituto Federal de Educa\u00e7\u00e3o, Ci\u00eancia e Tecnologia de Goi\u00e1s (IFG). No C\u00e2mpus Formosa acontece desde 2010, durante as edi\u00e7\u00f5es locais da Semana Nacional de Ci\u00eancia e Tecnologia (SECITEC).<\/p>\n<p style=\"text-align: justify\">\u00a0\u00a0\u00a0\u00a0\u00a0\u00a0\u00a0\u00a0\u00a0\u00a0\u00a0\u00a0\u00a0\u00a0\u00a0\u00a0\u00a0 Tem por objetivo principal dar a conhecer \u00e0 comunidade de Formosa, sobretudo \u00e0s escolares, a nossa institui\u00e7\u00e3o. Na ocasi\u00e3o, os docentes e discentes dos diversos cursos organizam Salas Tem\u00e1ticas, abrem os Laborat\u00f3rios e recebem diversos estudantes do munic\u00edpio, apresentando seus cursos, infraestrutura, proposta pedag\u00f3gica e tamb\u00e9m divulgando e popularizando diversas tecnologias e conhecimentos cient\u00edficos.<\/p>\n<p>\u00a0\u00a0\u00a0\u00a0\u00a0\u00a0\u00a0\u00a0\u00a0\u00a0\u00a0\u00a0\u00a0\u00a0\u00a0\u00a0\u00a0\u00a0\u00a0 Em 2016, o Conhecendo o IFG receber\u00e1 estudantes das diversas escolas do munic\u00edpio e regi\u00e3o, bem como todos os interessados em conhecer nossa institui\u00e7\u00e3o, nos dias <strong>20 e 21 de Outubro.<\/strong><\/p>\n<p>&nbsp;<\/p>\n<p style=\"text-align: left\"><strong>INSTRU\u00c7\u00d5ES<\/strong><\/p>\n<p style=\"text-align: justify\">Enquanto permanecerem na institui\u00e7\u00e3o, as escolas ser\u00e3o acompanhadas por servidores e estudantes do IFG. O <b>Conhecendo o IFG <\/b>acontecer\u00e1 em tr\u00eas momentos distintos, a fim de atender a todos os grupos de acordo com a disponibilidade de hor\u00e1rio:<\/p>\n<table border=\"1\" cellspacing=\"0\" cellpadding=\"0\">\n<tbody>\n<tr>\n<td valign=\"top\" width=\"198\">\n<p align=\"center\">Dia 20\/10\/16 \u2013 quinta-feira<\/p>\n<\/td>\n<td valign=\"top\" width=\"208\">\n<p align=\"center\">Turno Matutino<\/p>\n<\/td>\n<td valign=\"top\" width=\"180\">\n<p align=\"center\">Das 8h \u00e0s 12h<\/p>\n<\/td>\n<\/tr>\n<tr>\n<td valign=\"top\" width=\"198\">\n<p align=\"center\">Dia 20\/10\/16 \u2013 quinta-feira<\/p>\n<\/td>\n<td valign=\"top\" width=\"208\">\n<p align=\"center\">Turno Noturno<\/p>\n<\/td>\n<td valign=\"top\" width=\"180\">\n<p align=\"center\">Das 19h \u00e0s 22h<\/p>\n<\/td>\n<\/tr>\n<tr>\n<td valign=\"top\" width=\"198\">\n<p align=\"center\">Dia 21\/10\/16 \u2013 sexta-feira<\/p>\n<\/td>\n<td valign=\"top\" width=\"208\">\n<p align=\"center\">Turno Matutino<\/p>\n<\/td>\n<td valign=\"top\" width=\"180\">\n<p align=\"center\">Das 8h \u00e0s 12h<\/p>\n<\/td>\n<\/tr>\n<\/tbody>\n<\/table>\n<div>\n<p style=\"text-align: justify\">\u00a0 O evento \u00e9 aberto a toda a comunidade formosense, sendo necess\u00e1rio realizar inscri\u00e7\u00e3o apenas para grupos acima de cinco pessoas. O p\u00fablico-alvo priorit\u00e1rio s\u00e3o os estudantes do 9\u00ba ano do Ensino Fundamental e 3\u00ba ano do Ensino M\u00e9dio, mas todos podem participar, at\u00e9 o limite de vagas a ser estipulado pela Comiss\u00e3o Organizadora.<\/p>\n<p style=\"text-align: justify\">Caso a escola\/col\u00e9gio p\u00fablico n\u00e3o disponha de ve\u00edculo ou verba para o transporte de seus alunos e alunas, o interessado poder\u00e1 solicitar, no ato da inscri\u00e7\u00e3o, transporte ofertado pelo evento. Ser\u00e3o atendidas \u00e0s solicita\u00e7\u00f5es de inscri\u00e7\u00e3o, com ou sem transporte, por ordem de recebimento das mesmas, at\u00e9 o limite de vagas.<\/p>\n<p style=\"text-align: justify\">Para realizar a <strong>inscri\u00e7\u00e3o<\/strong>, preencha o formul\u00e1rio online, que estar\u00e1 dispon\u00edvel <strong>at\u00e9 14 de outubro<\/strong> de 2016. \u00c9 necess\u00e1rio aguardar o retorno dos organizadores, que ir\u00e3o confirmar a participa\u00e7\u00e3o no evento e realizar o acompanhamento e agendamento da visita. A inscri\u00e7\u00e3o ser\u00e1 deferida somente ap\u00f3s este contato.<\/p>\n<p style=\"text-align: justify\">Inscri\u00e7\u00e3o no <a href=\"http:\/\/s2.vc\/inscricaoescolas\">Conhecendo o IFG<\/a>.<\/p>\n<p style=\"text-align: justify\">Contato: <a href=\"mailto:conhecerifg@gmail.com\">conhecerifg@gmail.com<\/a><\/p>\n<p style=\"text-align: justify\">\n<\/div>\n<hr \/>\n<p dir=\"ltr\"><strong>INSCRI\u00c7\u00d5ES PARA PARTICIPAR DA ORGANIZA\u00c7\u00c3O DO EVENTO<br \/>\n<\/strong><\/p>\n<p dir=\"ltr\">Se voc\u00ea \u00e9 aluno do IFG e deseja participar da organiza\u00e7\u00e3o do evento, inscreva-se acessando um dos formul\u00e1rios abaixo:<\/p>\n<p dir=\"ltr\">Inscri\u00e7\u00e3o para Monitores de Laborat\u00f3rios e Salas Tem\u00e1ticas: <a href=\"http:\/\/s2.vc\/monitoresdelaboratorios\" target=\"_blank\">http:\/\/s2.vc\/monitoresdelaboratorios<\/a><\/p>\n<p dir=\"ltr\">Inscri\u00e7\u00e3o para Guias, Monitores de Transporte e Credenciais da Recep\u00e7\u00e3o: <a href=\"http:\/\/s2.vc\/monitoriaconhecendooifg\">http:\/\/s2.vc\/monitoriaconhecendooifg<\/a><\/p>\n<p>&nbsp;<\/p>\n","protected":false},"excerpt":{"rendered":"<p>O \u201cConhecendo o IFG\u201d \u00e9 um evento institucional, elaborado a partir da Reitoria e disseminado por diversos c\u00e2mpus do Instituto Federal de Educa\u00e7\u00e3o, Ci\u00eancia e Tecnologia de Goi\u00e1s (IFG). No C\u00e2mpus Formosa acontece desde 2010, durante as edi\u00e7\u00f5es locais da Semana Nacional de Ci\u00eancia e Tecnologia (SECITEC). \u00a0\u00a0\u00a0\u00a0\u00a0\u00a0\u00a0\u00a0\u00a0\u00a0\u00a0\u00a0\u00a0\u00a0\u00a0\u00a0\u00a0 Tem por objetivo principal dar a conhecer &#8230; <a title=\"Conhecendo o IFG &#8211; 2016\" class=\"read-more\" href=\"https:\/\/eventos.ifg.edu.br\/secitecfsa\/conhecendo-o-ifg\/\" aria-label=\"Read more about Conhecendo o IFG &#8211; 2016\">Ler mais<\/a><\/p>\n","protected":false},"author":17,"featured_media":0,"parent":0,"menu_order":0,"comment_status":"closed","ping_status":"closed","template":"","meta":{"ngg_post_thumbnail":0,"footnotes":""},"class_list":["post-41","page","type-page","status-publish"],"_links":{"self":[{"href":"https:\/\/eventos.ifg.edu.br\/secitecfsa\/wp-json\/wp\/v2\/pages\/41"}],"collection":[{"href":"https:\/\/eventos.ifg.edu.br\/secitecfsa\/wp-json\/wp\/v2\/pages"}],"about":[{"href":"https:\/\/eventos.ifg.edu.br\/secitecfsa\/wp-json\/wp\/v2\/types\/page"}],"author":[{"embeddable":true,"href":"https:\/\/eventos.ifg.edu.br\/secitecfsa\/wp-json\/wp\/v2\/users\/17"}],"replies":[{"embeddable":true,"href":"https:\/\/eventos.ifg.edu.br\/secitecfsa\/wp-json\/wp\/v2\/comments?post=41"}],"version-history":[{"count":16,"href":"https:\/\/eventos.ifg.edu.br\/secitecfsa\/wp-json\/wp\/v2\/pages\/41\/revisions"}],"predecessor-version":[{"id":741,"href":"https:\/\/eventos.ifg.edu.br\/secitecfsa\/wp-json\/wp\/v2\/pages\/41\/revisions\/741"}],"wp:attachment":[{"href":"https:\/\/eventos.ifg.edu.br\/secitecfsa\/wp-json\/wp\/v2\/media?parent=41"}],"curies":[{"name":"wp","href":"https:\/\/api.w.org\/{rel}","templated":true}]}}