{"id":1186,"date":"2023-09-29T12:01:30","date_gmt":"2023-09-29T15:01:30","guid":{"rendered":"http:\/\/eventos.ifg.edu.br\/secitecfsa\/?page_id=1186"},"modified":"2023-09-29T12:03:20","modified_gmt":"2023-09-29T15:03:20","slug":"hospedagem-e-alimentacao","status":"publish","type":"page","link":"https:\/\/eventos.ifg.edu.br\/secitecfsa\/hospedagem-e-alimentacao\/","title":{"rendered":"Hospedagem e Alimenta\u00e7\u00e3o"},"content":{"rendered":"<p>Deixamos algumas recomenda\u00e7\u00f5es de hospedagem e alimenta\u00e7\u00e3o pr\u00f3ximo ao local do evento.<\/p>\n<h3>Hospedagem<\/h3>\n<p><img decoding=\"async\" class=\"alignnone wp-image-332 size-full\" src=\"http:\/\/eventos.ifg.edu.br\/fecin\/wp-content\/uploads\/sites\/79\/2023\/09\/f07af3dd-9744-43d7-9b78-e9cf77b0f9fb.jpg\" alt=\"Hospedagem\" width=\"500\"><\/p>\n<p>Para&nbsp;mais op\u00e7\u00f5es, podem&nbsp;<a href=\"https:\/\/www.google.com\/maps\/search\/Hot%C3%A9is\/@-16.66563,-49.3043564,11.92z\/data=!4m4!2m3!5m2!5m1!1s2023-10-18?entry=ttu\">ver diretamente pelo Google Maps<\/a>.<\/p>\n<h3>Alimenta\u00e7\u00e3o<\/h3>\n<p>Em constru\u00e7\u00e3o.<\/p>\n","protected":false},"excerpt":{"rendered":"<p>Deixamos algumas recomenda\u00e7\u00f5es de hospedagem e alimenta\u00e7\u00e3o pr\u00f3ximo ao local do evento. Hospedagem Para&nbsp;mais op\u00e7\u00f5es, podem&nbsp;ver diretamente pelo Google Maps. Alimenta\u00e7\u00e3o Em constru\u00e7\u00e3o.<\/p>\n","protected":false},"author":175,"featured_media":0,"parent":0,"menu_order":0,"comment_status":"closed","ping_status":"closed","template":"","meta":{"ngg_post_thumbnail":0,"footnotes":""},"class_list":["post-1186","page","type-page","status-publish"],"_links":{"self":[{"href":"https:\/\/eventos.ifg.edu.br\/secitecfsa\/wp-json\/wp\/v2\/pages\/1186"}],"collection":[{"href":"https:\/\/eventos.ifg.edu.br\/secitecfsa\/wp-json\/wp\/v2\/pages"}],"about":[{"href":"https:\/\/eventos.ifg.edu.br\/secitecfsa\/wp-json\/wp\/v2\/types\/page"}],"author":[{"embeddable":true,"href":"https:\/\/eventos.ifg.edu.br\/secitecfsa\/wp-json\/wp\/v2\/users\/175"}],"replies":[{"embeddable":true,"href":"https:\/\/eventos.ifg.edu.br\/secitecfsa\/wp-json\/wp\/v2\/comments?post=1186"}],"version-history":[{"count":3,"href":"https:\/\/eventos.ifg.edu.br\/secitecfsa\/wp-json\/wp\/v2\/pages\/1186\/revisions"}],"predecessor-version":[{"id":1190,"href":"https:\/\/eventos.ifg.edu.br\/secitecfsa\/wp-json\/wp\/v2\/pages\/1186\/revisions\/1190"}],"wp:attachment":[{"href":"https:\/\/eventos.ifg.edu.br\/secitecfsa\/wp-json\/wp\/v2\/media?parent=1186"}],"curies":[{"name":"wp","href":"https:\/\/api.w.org\/{rel}","templated":true}]}}