{"id":13,"date":"2017-07-28T15:40:14","date_gmt":"2017-07-28T18:40:14","guid":{"rendered":"http:\/\/eventos.ifg.edu.br\/secitec\/?page_id=13"},"modified":"2017-11-17T16:18:19","modified_gmt":"2017-11-17T18:18:19","slug":"programacao","status":"publish","type":"page","link":"https:\/\/eventos.ifg.edu.br\/secitec\/programacao\/","title":{"rendered":"Programa\u00e7\u00e3o"},"content":{"rendered":"<table width=\"948\">\n<tbody>\n<tr>\n<td width=\"94\"><\/td>\n<td width=\"265\"><strong>\u00a0<\/strong><\/p>\n<p><span style=\"color: #ffcc00\"><strong>Manh\u00e3<\/strong><\/span><\/td>\n<td width=\"283\"><strong>\u00a0<\/strong><\/p>\n<p><span style=\"color: #ffcc00\"><strong>Tarde<\/strong><\/span><\/td>\n<td width=\"306\"><strong>\u00a0<\/strong><\/p>\n<p><span style=\"color: #ffcc00\"><strong>Noite<\/strong><\/span><\/td>\n<\/tr>\n<tr>\n<td width=\"94\"><span style=\"color: #ffcc00\"><strong>Quinta-feira<\/strong><\/span><\/p>\n<p><span style=\"color: #ffcc00\"><strong>(16\/11)<\/strong><\/span><\/td>\n<td width=\"265\"><strong>08:00 \u00e0s 09:00<\/strong> &#8211; Acolhimento e credenciamento (<strong>P\u00e1tio<\/strong>)<\/p>\n<p>&nbsp;<\/p>\n<p><strong>09:30 \u00e0s 10:00<\/strong> &#8211; Cerim\u00f4nia de abertura (<strong>P\u00e1tio<\/strong>)<\/p>\n<p>&nbsp;<\/p>\n<p><strong>10:00 \u00e0s 12:00<\/strong> &#8211; Palestra de abertura: \u201cMatem\u00e1tica, Educa\u00e7\u00e3o Cient\u00edfica e forma\u00e7\u00e3o cidad\u00e3\/humana\u201d<\/p>\n<p>Prof. Me. Jos\u00e9 Carlos \u2013 Proad\/IFG.<br \/>\n(<strong>Sala A<\/strong>)<\/p>\n<p>&nbsp;<\/p>\n<p><strong>\u00a0<\/strong><\/p>\n<p>&nbsp;<\/p>\n<p>&nbsp;<\/td>\n<td width=\"283\"><strong>14:00 \u00e0s 16:30<\/strong> \u2013 Palestra:<\/p>\n<p>\u201cProdutivismo acad\u00eamico x forma\u00e7\u00e3o humana: Os\u00a0\u00a0 caminhos da educa\u00e7\u00e3o cient\u00edfica nos IF\u2019s\u201d.<\/p>\n<p>Prof. Me. Marcos Frizzarini e Prof. Esp. Dirceu Hermann, media\u00e7\u00e3o do Prof. Dr. Rafael de Melo Monteiro (IFG-c\u00e2mpus \u00c1guas Lindas)<br \/>\n(<strong>Sala A<\/strong>)<\/p>\n<p>&nbsp;<\/p>\n<p><strong>16:45 \u00e0s 19:00<\/strong> &#8211; Cine debate (6 Sess\u00f5es tem\u00e1ticas)<\/p>\n<p>\u00b7\u00a0\u00a0\u00a0\u00a0\u00a0\u00a0\u00a0\u00a0 Sala A &#8211; O homem que viu o infinito<\/p>\n<p>\u00b7\u00a0\u00a0\u00a0\u00a0\u00a0\u00a0\u00a0\u00a0 Sala B &#8211; Quebrando a banca<\/p>\n<p>\u00b7\u00a0\u00a0\u00a0\u00a0\u00a0\u00a0\u00a0\u00a0 Sala C &#8211; O jogo da imita\u00e7\u00e3o<\/p>\n<p>\u00b7\u00a0\u00a0\u00a0\u00a0\u00a0\u00a0\u00a0\u00a0 Sala D &#8211; Uma mente brilhante<\/p>\n<p>\u00b7\u00a0\u00a0\u00a0\u00a0\u00a0\u00a0\u00a0\u00a0 Sala E &#8211; Estrelas al\u00e9m do tempo<\/p>\n<p>\u00b7\u00a0\u00a0\u00a0\u00a0\u00a0\u00a0\u00a0\u00a0 Sala F \u2013 Sociedade dos poetas Mortos<\/p>\n<p>&nbsp;<\/p>\n<p>&nbsp;<\/p>\n<p><strong>17:00 \u00e0s 20:00<\/strong> \u2013 II Feira de Livros do IFG- C\u00e2mpus \u00c1guas Lindas (<strong>P\u00e1tio<\/strong>)<\/p>\n<p>&nbsp;<\/td>\n<td width=\"306\"><strong>18:30 \u00e0s 20:00 &#8211;<\/strong>\u00a0 Acolhimento e credenciamento<\/p>\n<p>&nbsp;<\/p>\n<p><strong>19:00 \u00e0s 20:00<\/strong> &#8211;\u00a0 Apresenta\u00e7\u00e3o art\u00edstica (<strong>Audit\u00f3rio<\/strong>)<\/p>\n<p>&nbsp;<\/p>\n<p><strong>20:00 \u00e0s 22:00 &#8211; <\/strong>\u00a0Mesa-redonda: \u201cMatem\u00e1tica e Sa\u00fade\u201d.\u00a0 Prof. Me. Gustavo de Melo, Prof. Dr. F\u00e1bio Kuhn e Prof. \u00aa Mariana N\u00f3brega (IFG\/C\u00e2mpus \u00c1guas Lindas)<br \/>\n(<strong>Sala A<\/strong>)<\/p>\n<p>&nbsp;<\/p>\n<p>&nbsp;<\/p>\n<p>&nbsp;<\/p>\n<p>&nbsp;<\/p>\n<p>&nbsp;<\/p>\n<p>&nbsp;<\/p>\n<p>&nbsp;<\/p>\n<p>&nbsp;<\/p>\n<p>&nbsp;<\/p>\n<p>&nbsp;<\/p>\n<p>&nbsp;<\/td>\n<\/tr>\n<\/tbody>\n<\/table>\n<p>&nbsp;<\/p>\n<table width=\"948\">\n<tbody>\n<tr>\n<td width=\"94\"><\/td>\n<td width=\"265\"><strong>\u00a0<\/strong><\/p>\n<p><span style=\"color: #ffcc00\"><strong>Manh\u00e3<\/strong><\/span><\/td>\n<td width=\"283\"><strong>\u00a0<\/strong><\/p>\n<p><span style=\"color: #ffcc00\"><strong>Tarde<\/strong><\/span><\/td>\n<td width=\"306\"><strong>\u00a0<\/strong><\/p>\n<p><span style=\"color: #ffcc00\"><strong>Noite<\/strong><\/span><\/td>\n<\/tr>\n<tr>\n<td width=\"94\"><span style=\"color: #ffcc00\"><strong>Sexta-feira<\/strong><\/span><\/p>\n<p><span style=\"color: #ffcc00\"><strong>(17\/11)<\/strong><\/span><\/td>\n<td width=\"265\"><strong>08:00 \u00e0s 09:30<\/strong> &#8211; Abertura do II Sempic (Semin\u00e1rio de Pesquisa e Inicia\u00e7\u00e3o Cient\u00edfica): \u201cA inicia\u00e7\u00e3o cient\u00edfica no IFG C\u00e2mpus \u00c1guas Lindas\u201d<\/p>\n<p>Prof. Me. William Batista dos Santos (Gepex\/IFG-C\u00e2mpus \u00c1guas Lindas) e depoimento dos estudantes dos projetos de pesquisa conclu\u00eddos at\u00e9 ent\u00e3o!<\/p>\n<p>&nbsp;<\/p>\n<p><strong>10:00 \u00e0s 12:00<\/strong> &#8211; Comunica\u00e7\u00f5es orais (<strong><a href=\"http:\/\/eventos.ifg.edu.br\/secitec\/wp-content\/uploads\/sites\/22\/2017\/07\/Apresenta\u00e7\u00f5es-Orais-hor\u00e1rios-.pdf\">Salas<\/a><\/strong>)<\/td>\n<td width=\"283\"><strong>14:00 \u00e0s 15:30<\/strong> &#8211; \u00a0II SEMPIC<\/p>\n<p>Comunica\u00e7\u00f5es orais (<strong><a href=\"http:\/\/eventos.ifg.edu.br\/secitec\/wp-content\/uploads\/sites\/22\/2017\/07\/Apresenta\u00e7\u00f5es-Orais-hor\u00e1rios-.pdf\">Salas<\/a><\/strong>)<\/p>\n<p>&nbsp;<\/p>\n<p><strong>15:30 \u00e0s 16:00<\/strong> &#8211; Intervalo<\/p>\n<p>&nbsp;<\/p>\n<p><strong>16:00 \u00e0s 17:00<\/strong> &#8211;<br \/>\nII SEMPIC<\/p>\n<p>Propostas de Pesquisas (<strong><a href=\"http:\/\/eventos.ifg.edu.br\/secitec\/wp-content\/uploads\/sites\/22\/2017\/07\/Propostas-de-Pesquisa-horarios.pdf\">Audit\u00f3rio<\/a><\/strong>)<\/p>\n<p>&nbsp;<\/p>\n<p><strong>16:00 \u00e0s 18:00 &#8211; <\/strong>Exposi\u00e7\u00f5es<\/p>\n<p>Figuras s\u00f3lidas geom\u00e9tricas art\u00edsticas \u2013 Prof. Dr. Bruno C\u00e9sar Rodrigues Lima (<strong>Sala A<\/strong>)<\/p>\n<p><strong><\/p>\n<p>17:00 \u00e0s 19:00<\/strong><\/p>\n<p>\u00b7\u00a0\u00a0\u00a0\u00a0\u00a0\u00a0\u00a0\u00a0 II Feira de Troca de Livros do IFG- c\u00e2mpus \u00c1guas Lindas<br \/>\n(<strong>P\u00e1tio<\/strong>)<\/p>\n<p>\u00b7\u00a0\u00a0\u00a0\u00a0\u00a0\u00a0\u00a0\u00a0 Apresenta\u00e7\u00f5es art\u00edsticas (<strong>Audit\u00f3rio<\/strong>)<\/p>\n<p>&nbsp;<\/td>\n<td width=\"306\"><strong>\u00a0<\/strong><\/p>\n<p>&nbsp;<\/p>\n<p><strong>19:00 \u00e0s 22:00<\/strong> &#8211; Painel interativo: \u201cA matem\u00e1tica e suas contribui\u00e7\u00f5es para os estudos do meio ambiente e sa\u00fade\u201d<\/p>\n<p>(<strong><a href=\"http:\/\/eventos.ifg.edu.br\/secitec\/wp-content\/uploads\/sites\/22\/2017\/07\/Paineis-interativos-hor\u00e1rios.pdf\">Pain\u00e9is<\/a><\/strong>)<\/p>\n<p>Pain\u00e9is propostos por:<\/p>\n<p>&#8211; Prof.\u00aa Ma. Patr\u00edcia Silva Nunes (<strong>Sala E<\/strong>)<\/p>\n<p>&#8211; Prof.a Dra. Fernanda Keley Silva Pereira Navarro (<strong>Sala D<\/strong>)<\/p>\n<p><strong><br \/>\n19:30 \u00e0s 21:30<\/strong><br \/>\n&#8211; Palestra<br \/>\n&#8220;SEM PR\u00c9 CONCEITOS&#8221;<br \/>\nProf. Leandro Nery Fernandes<\/p>\n<p>&nbsp;<\/td>\n<\/tr>\n<\/tbody>\n<\/table>\n<p>&nbsp;<\/p>\n<table width=\"968\">\n<tbody>\n<tr>\n<td width=\"96\"><\/td>\n<td width=\"270\"><strong>\u00a0<\/strong><\/p>\n<p><span style=\"color: #ffcc00\"><strong>Manh\u00e3<\/strong><\/span><\/td>\n<td width=\"290\"><strong>\u00a0<\/strong><\/p>\n<p><span style=\"color: #ffcc00\"><strong>Tarde<\/strong><\/span><\/td>\n<td width=\"312\"><strong>\u00a0<\/strong><\/p>\n<p><span style=\"color: #ffcc00\"><strong>Noite<\/strong><\/span><\/td>\n<\/tr>\n<tr>\n<td width=\"96\"><span style=\"color: #ffcc00\"><strong>S\u00e1bado<\/strong><\/span><\/p>\n<p><span style=\"color: #ffcc00\"><strong>(18\/11)<\/strong><\/span><\/p>\n<p><strong>\u00a0<\/strong><\/p>\n<p><strong>\u00a0<\/strong><\/p>\n<p><strong>\u00a0<\/strong><\/p>\n<p>&nbsp;<\/td>\n<td width=\"270\"><strong>09:00 \u00e0s 12:00<\/strong> \u2013 Oficinas<\/p>\n<p>1. Metodologia do Trabalho Cient\u00edfico.<br \/>\n<em> Prof.\u00aa Dra. Fl\u00e1via Aparecida Vieira de Ara\u00fajo <\/em>(<strong>Sala A<\/strong>)<em><br \/>\n<\/em><\/p>\n<p>&nbsp;<\/p>\n<p>2.\u00a0Conhecendo os principais animais pe\u00e7onhentos: quais cuidados devemos tomar?<br \/>\n<em>Prof.Dr.Jos\u00e9 Renato Chagas Barbosa <\/em>(<strong>Sala B<\/strong>)<em><br \/>\n<\/em><\/p>\n<p>&nbsp;<\/p>\n<p>3.\u00a0Bioinform\u00e1tica e sua interface com a sa\u00fade.<br \/>\n<em>Prof. Dra.Mariana Magalh\u00e3es N\u00f3brega e Prof.Dr.Fernando Campos de Assis Fonseca<br \/>\n<\/em>(<strong>Lab. Inform\u00e1tica II<\/strong>)<\/p>\n<p>&nbsp;<\/p>\n<p>4.\u00a0Softwares e aplicativos de astronomia<br \/>\n<em> Prof. Me. Nilson Tavares Filho<\/em><br \/>\n(<strong>Sala D<\/strong>)<\/p>\n<p>&nbsp;<\/p>\n<p>5. Transmiss\u00e3o de sinais digitais por controles remotos: Aplica\u00e7\u00f5es de ondulat\u00f3ria<br \/>\n<em>Prof.Me. Sergio Daniel Carvalho Canuto, Prof. Thiago Anuncia\u00e7\u00e3o Rezende e Prof. Me. Pedro Bonfim de Assun\u00e7\u00e3o Filho <\/em>(<strong>Sala E<\/strong>)<em><br \/>\n<\/em><\/p>\n<p>&nbsp;<\/p>\n<p>6. Controle de glicemia e pr\u00e1tica de insulinoterapia<br \/>\n<em> Prof.\u00aa Ma. Thatiane Marques Torquato. Monitoras: Erika Barbosa da Silva, Aparecida Pereira de Sena Barros e Eliene Pereira da Rocha<br \/>\n<\/em>(<strong>Sala F<\/strong>)<em><br \/>\n<\/em><\/p>\n<p>&nbsp;<\/p>\n<p>7. Antropologia da sa\u00fade e os processos de adoecimento e sofrimento humanos. <em>Prof.\u00aa Ma. Krislane de Andrade Matias <\/em>(<strong>Sala C<\/strong>)<em><br \/>\n<\/em><\/p>\n<p>&nbsp;<\/p>\n<p><strong>12:00 \u00e0s 12:30<\/strong> \u2013 Cerim\u00f4nia de Encerramento<\/td>\n<td width=\"290\"><\/td>\n<td width=\"312\">&nbsp;<\/p>\n<p>&nbsp;<\/p>\n<p>&nbsp;<\/p>\n<p>&nbsp;<\/p>\n<p>&nbsp;<\/p>\n<p>&nbsp;<\/p>\n<p>&nbsp;<\/p>\n<p>&nbsp;<\/p>\n<p>&nbsp;<\/td>\n<\/tr>\n<\/tbody>\n<\/table>\n<p>&nbsp;<\/p>\n<p>&nbsp;<\/p>\n<p>&nbsp;<\/p>\n<p>&nbsp;<\/p>\n<p>&nbsp;<\/p>\n","protected":false},"excerpt":{"rendered":"<p>\u00a0 Manh\u00e3 \u00a0 Tarde \u00a0 Noite Quinta-feira (16\/11) 08:00 \u00e0s 09:00 &#8211; Acolhimento e credenciamento (P\u00e1tio) &nbsp; 09:30 \u00e0s 10:00 &#8211; Cerim\u00f4nia de abertura (P\u00e1tio) &nbsp; 10:00 \u00e0s 12:00 &#8211; Palestra de abertura: \u201cMatem\u00e1tica, Educa\u00e7\u00e3o Cient\u00edfica e forma\u00e7\u00e3o cidad\u00e3\/humana\u201d Prof. Me. Jos\u00e9 Carlos \u2013 Proad\/IFG. (Sala A) &nbsp; \u00a0 &nbsp; &nbsp; 14:00 \u00e0s 16:30 \u2013 [&hellip;]<\/p>\n","protected":false},"author":48,"featured_media":0,"parent":0,"menu_order":0,"comment_status":"closed","ping_status":"closed","template":"","meta":{"ngg_post_thumbnail":0,"footnotes":""},"class_list":["post-13","page","type-page","status-publish","hentry"],"_links":{"self":[{"href":"https:\/\/eventos.ifg.edu.br\/secitec\/wp-json\/wp\/v2\/pages\/13"}],"collection":[{"href":"https:\/\/eventos.ifg.edu.br\/secitec\/wp-json\/wp\/v2\/pages"}],"about":[{"href":"https:\/\/eventos.ifg.edu.br\/secitec\/wp-json\/wp\/v2\/types\/page"}],"author":[{"embeddable":true,"href":"https:\/\/eventos.ifg.edu.br\/secitec\/wp-json\/wp\/v2\/users\/48"}],"replies":[{"embeddable":true,"href":"https:\/\/eventos.ifg.edu.br\/secitec\/wp-json\/wp\/v2\/comments?post=13"}],"version-history":[{"count":25,"href":"https:\/\/eventos.ifg.edu.br\/secitec\/wp-json\/wp\/v2\/pages\/13\/revisions"}],"predecessor-version":[{"id":62,"href":"https:\/\/eventos.ifg.edu.br\/secitec\/wp-json\/wp\/v2\/pages\/13\/revisions\/62"}],"wp:attachment":[{"href":"https:\/\/eventos.ifg.edu.br\/secitec\/wp-json\/wp\/v2\/media?parent=13"}],"curies":[{"name":"wp","href":"https:\/\/api.w.org\/{rel}","templated":true}]}}