{"id":13,"date":"2017-05-09T17:27:03","date_gmt":"2017-05-09T20:27:03","guid":{"rendered":"http:\/\/eventos.ifg.edu.br\/scratchday\/?page_id=13"},"modified":"2018-03-21T18:31:50","modified_gmt":"2018-03-21T21:31:50","slug":"inscricoes","status":"publish","type":"page","link":"https:\/\/eventos.ifg.edu.br\/scratchday\/inscricoes\/","title":{"rendered":"Inscri\u00e7\u00f5es"},"content":{"rendered":"<p><strong>Em breve as inscri\u00e7\u00f5es ser\u00e3o abertas.<\/strong><\/p>\n","protected":false},"excerpt":{"rendered":"<p>Em breve as inscri\u00e7\u00f5es ser\u00e3o abertas.<\/p>\n","protected":false},"author":50,"featured_media":0,"parent":0,"menu_order":2,"comment_status":"closed","ping_status":"closed","template":"","meta":{"ngg_post_thumbnail":0,"footnotes":""},"class_list":["post-13","page","type-page","status-publish","hentry"],"_links":{"self":[{"href":"https:\/\/eventos.ifg.edu.br\/scratchday\/wp-json\/wp\/v2\/pages\/13"}],"collection":[{"href":"https:\/\/eventos.ifg.edu.br\/scratchday\/wp-json\/wp\/v2\/pages"}],"about":[{"href":"https:\/\/eventos.ifg.edu.br\/scratchday\/wp-json\/wp\/v2\/types\/page"}],"author":[{"embeddable":true,"href":"https:\/\/eventos.ifg.edu.br\/scratchday\/wp-json\/wp\/v2\/users\/50"}],"replies":[{"embeddable":true,"href":"https:\/\/eventos.ifg.edu.br\/scratchday\/wp-json\/wp\/v2\/comments?post=13"}],"version-history":[{"count":6,"href":"https:\/\/eventos.ifg.edu.br\/scratchday\/wp-json\/wp\/v2\/pages\/13\/revisions"}],"predecessor-version":[{"id":37,"href":"https:\/\/eventos.ifg.edu.br\/scratchday\/wp-json\/wp\/v2\/pages\/13\/revisions\/37"}],"wp:attachment":[{"href":"https:\/\/eventos.ifg.edu.br\/scratchday\/wp-json\/wp\/v2\/media?parent=13"}],"curies":[{"name":"wp","href":"https:\/\/api.w.org\/{rel}","templated":true}]}}