{"id":12,"date":"2017-04-07T09:31:51","date_gmt":"2017-04-07T12:31:51","guid":{"rendered":"http:\/\/eventos.ifg.edu.br\/scdi\/?page_id=12"},"modified":"2017-08-14T11:47:32","modified_gmt":"2017-08-14T14:47:32","slug":"inscricoes","status":"publish","type":"page","link":"https:\/\/eventos.ifg.edu.br\/scdi\/inscricoes\/","title":{"rendered":"Inscri\u00e7\u00f5es"},"content":{"rendered":"<p style=\"text-align: justify\">As inscri\u00e7\u00f5es podem ser realizadas de<strong> 06\/08\/2017 a <del>13\/08\/2017<\/del><span style=\"color: #ff0000\"> (16\/08\/2017)<\/span>, <\/strong>por meio do SUGEP &#8211; Sistema Unificado de Gest\u00e3o de Extens\u00e3o e Pesquisa do Instituto Federal de Goi\u00e1s<\/p>\n<h2 class=\"dark-text textwidget\"><a href=\"https:\/\/sugep.ifg.edu.br\/eventos\/administracao\/inscricoes.html?q12we34rt56yu78io90p=bb98f5cd-ec87-44a6-9451-0b244896ed6c\">Fa\u00e7a sua inscri\u00e7\u00e3o aqui.<\/a><\/h2>\n","protected":false},"excerpt":{"rendered":"<p>As inscri\u00e7\u00f5es podem ser realizadas de 06\/08\/2017 a 13\/08\/2017 (16\/08\/2017), por meio do SUGEP &#8211; Sistema Unificado de Gest\u00e3o de Extens\u00e3o e Pesquisa do Instituto Federal de Goi\u00e1s Fa\u00e7a sua inscri\u00e7\u00e3o aqui.<\/p>\n","protected":false},"author":13,"featured_media":0,"parent":0,"menu_order":0,"comment_status":"closed","ping_status":"closed","template":"","meta":{"ngg_post_thumbnail":0,"footnotes":""},"class_list":["post-12","page","type-page","status-publish","hentry"],"_links":{"self":[{"href":"https:\/\/eventos.ifg.edu.br\/scdi\/wp-json\/wp\/v2\/pages\/12"}],"collection":[{"href":"https:\/\/eventos.ifg.edu.br\/scdi\/wp-json\/wp\/v2\/pages"}],"about":[{"href":"https:\/\/eventos.ifg.edu.br\/scdi\/wp-json\/wp\/v2\/types\/page"}],"author":[{"embeddable":true,"href":"https:\/\/eventos.ifg.edu.br\/scdi\/wp-json\/wp\/v2\/users\/13"}],"replies":[{"embeddable":true,"href":"https:\/\/eventos.ifg.edu.br\/scdi\/wp-json\/wp\/v2\/comments?post=12"}],"version-history":[{"count":6,"href":"https:\/\/eventos.ifg.edu.br\/scdi\/wp-json\/wp\/v2\/pages\/12\/revisions"}],"predecessor-version":[{"id":501,"href":"https:\/\/eventos.ifg.edu.br\/scdi\/wp-json\/wp\/v2\/pages\/12\/revisions\/501"}],"wp:attachment":[{"href":"https:\/\/eventos.ifg.edu.br\/scdi\/wp-json\/wp\/v2\/media?parent=12"}],"curies":[{"name":"wp","href":"https:\/\/api.w.org\/{rel}","templated":true}]}}