{"id":64,"date":"2020-03-30T10:33:39","date_gmt":"2020-03-30T13:33:39","guid":{"rendered":"http:\/\/eventos.ifg.edu.br\/lapassion\/?page_id=64"},"modified":"2020-03-30T10:33:39","modified_gmt":"2020-03-30T13:33:39","slug":"propositos-e-objetivos","status":"publish","type":"page","link":"https:\/\/eventos.ifg.edu.br\/lapassion\/propositos-e-objetivos\/","title":{"rendered":"Prop\u00f3sitos e objetivos"},"content":{"rendered":"<p><span style=\"font-weight: 400\">O objetivo do LAPASSION \u00e9 aumentar a cultura de inova\u00e7\u00e3o das IES e a conex\u00e3o com empresas \/ organiza\u00e7\u00f5es (E\/O) com impacto na empregabilidade e internacionaliza\u00e7\u00e3o. Este objetivo \u00e9 perseguido atrav\u00e9s da implementa\u00e7\u00e3o de projetos \/ est\u00e1gios multidisciplinares (MP\/I) para cria\u00e7\u00e3o conjunta, desenvolvimento conjunto e acelera\u00e7\u00e3o de ideias inovadoras, integradas no projeto educacional das institui\u00e7\u00f5es envolvidas. Os MP\/I ser\u00e3o implementados por meio de equipas de alunos que envolvam outros alunos com diferentes experi\u00eancias anteriores, diferentes n\u00edveis educacionais e de diferentes pa\u00edses, e que resolvam os desafios impostos pela E\/O.<\/span><\/p>\n<p><span style=\"font-weight: 400\">Os objetivos espec\u00edficos do LAPASSION s\u00e3o os seguintes:<\/span><\/p>\n<ul>\n<li style=\"font-weight: 400\"><span style=\"font-weight: 400\">Consciencializa\u00e7\u00e3o dos Diretores de programas educacionais e administra\u00e7\u00e3o institucional;<\/span><\/li>\n<li style=\"font-weight: 400\"><span style=\"font-weight: 400\">Treino de supervisores;<\/span><\/li>\n<li style=\"font-weight: 400\"><span style=\"font-weight: 400\">Cria\u00e7\u00e3o de MP\/I em institui\u00e7\u00f5es associadas para permitir a atribui\u00e7\u00e3o de cr\u00e9ditos;<\/span><\/li>\n<li style=\"font-weight: 400\"><span style=\"font-weight: 400\">Participa\u00e7\u00e3o de estudantes de outras institui\u00e7\u00f5es nos MP\/I;<\/span><\/li>\n<li style=\"font-weight: 400\"><span style=\"font-weight: 400\">Monitoramento e procedimentos de controle de qualidade dos MP\/I;<\/span><\/li>\n<li style=\"font-weight: 400\"><span style=\"font-weight: 400\">Divulga\u00e7\u00e3o para outras IES e explora\u00e7\u00e3o dos resultados do LAPASSION.<\/span><\/li>\n<\/ul>\n","protected":false},"excerpt":{"rendered":"<p>O objetivo do LAPASSION \u00e9 aumentar a cultura de inova\u00e7\u00e3o das IES e a conex\u00e3o com empresas \/ organiza\u00e7\u00f5es (E\/O) com impacto na empregabilidade e internacionaliza\u00e7\u00e3o. Este objetivo \u00e9 perseguido atrav\u00e9s da implementa\u00e7\u00e3o de projetos \/ est\u00e1gios multidisciplinares (MP\/I) para &hellip;<\/p>\n<p class=\"read-more\"> <a class=\"more-link\" href=\"https:\/\/eventos.ifg.edu.br\/lapassion\/propositos-e-objetivos\/\"> <span class=\"screen-reader-text\">Prop\u00f3sitos e objetivos<\/span> Read More &raquo;<\/a><\/p>\n","protected":false},"author":54,"featured_media":0,"parent":0,"menu_order":0,"comment_status":"closed","ping_status":"closed","template":"","meta":{"ngg_post_thumbnail":0,"footnotes":""},"class_list":["post-64","page","type-page","status-publish","hentry"],"_links":{"self":[{"href":"https:\/\/eventos.ifg.edu.br\/lapassion\/wp-json\/wp\/v2\/pages\/64"}],"collection":[{"href":"https:\/\/eventos.ifg.edu.br\/lapassion\/wp-json\/wp\/v2\/pages"}],"about":[{"href":"https:\/\/eventos.ifg.edu.br\/lapassion\/wp-json\/wp\/v2\/types\/page"}],"author":[{"embeddable":true,"href":"https:\/\/eventos.ifg.edu.br\/lapassion\/wp-json\/wp\/v2\/users\/54"}],"replies":[{"embeddable":true,"href":"https:\/\/eventos.ifg.edu.br\/lapassion\/wp-json\/wp\/v2\/comments?post=64"}],"version-history":[{"count":1,"href":"https:\/\/eventos.ifg.edu.br\/lapassion\/wp-json\/wp\/v2\/pages\/64\/revisions"}],"predecessor-version":[{"id":65,"href":"https:\/\/eventos.ifg.edu.br\/lapassion\/wp-json\/wp\/v2\/pages\/64\/revisions\/65"}],"wp:attachment":[{"href":"https:\/\/eventos.ifg.edu.br\/lapassion\/wp-json\/wp\/v2\/media?parent=64"}],"curies":[{"name":"wp","href":"https:\/\/api.w.org\/{rel}","templated":true}]}}