{"id":512,"date":"2026-04-14T17:05:21","date_gmt":"2026-04-14T20:05:21","guid":{"rendered":"https:\/\/eventos.ifg.edu.br\/jifgoias\/?page_id=512"},"modified":"2026-04-22T17:50:56","modified_gmt":"2026-04-22T20:50:56","slug":"regulamentos","status":"publish","type":"page","link":"https:\/\/eventos.ifg.edu.br\/jifgoias\/regulamentos\/","title":{"rendered":"Regulamentos"},"content":{"rendered":"\n<p class=\"has-text-align-left\"><a href=\"http:\/\/eventos.ifg.edu.br\/jifgoias\/wp-content\/uploads\/sites\/95\/2026\/04\/REGULAMENTO-JIF-IFG-2011.pdf\">Regulamento Geral 2011 &#8211; 1\u00ba edi\u00e7\u00e3o JIF Goi\u00e1s<\/a><\/p>\n\n\n\n<p class=\"has-text-align-left\"><\/p>\n\n\n\n<p class=\"has-text-align-left\"><a href=\"http:\/\/eventos.ifg.edu.br\/jifgoias\/wp-content\/uploads\/sites\/95\/2026\/04\/REGULAMENTO-JIF-IFG-2012.pdf\">Regulamento Geral 2012 &#8211; 2\u00ba edi\u00e7\u00e3o JIF Goi\u00e1s<\/a><\/p>\n\n\n\n<p class=\"has-text-align-left\"><\/p>\n\n\n\n<p class=\"has-text-align-left\"><a href=\"http:\/\/eventos.ifg.edu.br\/jifgoias\/wp-content\/uploads\/sites\/95\/2026\/04\/REGULAMENTO-JIF-IFG-2018.pdf\">Regulamento Geral 2018 &#8211; 7\u00ba edi\u00e7\u00e3o JIF Goi\u00e1s<\/a><\/p>\n\n\n\n<p class=\"has-text-align-left\"><\/p>\n\n\n\n<p class=\"has-text-align-left\"><a href=\"http:\/\/eventos.ifg.edu.br\/jifgoias\/wp-content\/uploads\/sites\/95\/2026\/04\/REGULAMENTO-JIF-IFG-2019.pdf\">Regulamento Geral 2019 &#8211; 8\u00ba edi\u00e7\u00e3o JIF Goi\u00e1s<\/a><\/p>\n\n\n\n<p class=\"has-text-align-left\"><\/p>\n\n\n\n<p class=\"has-text-align-left\"><a href=\"http:\/\/eventos.ifg.edu.br\/jifgoias\/wp-content\/uploads\/sites\/95\/2026\/04\/REGULAMENTO-JIF-IFG-2023.pdf\">Regulamento Geral 2023 &#8211; 9\u00ba edi\u00e7\u00e3o JIF Goi\u00e1s<\/a><\/p>\n\n\n\n<p class=\"has-text-align-left\"><\/p>\n\n\n\n<p class=\"has-text-align-left\"><a href=\"http:\/\/eventos.ifg.edu.br\/jifgoias\/wp-content\/uploads\/sites\/95\/2026\/04\/REGULAMENTO-JIF-IFG-2024.pdf\">Regulamento Geral 2024 &#8211; 10\u00ba edi\u00e7\u00e3o JIF Goi\u00e1s<\/a><\/p>\n\n\n\n<p class=\"has-text-align-left\"><\/p>\n\n\n\n<p class=\"has-text-align-left\"><a href=\"http:\/\/eventos.ifg.edu.br\/jifgoias\/wp-content\/uploads\/sites\/95\/2026\/04\/REGULAMENTO-JIF-IFG-2025.pdf\">Regulamento Geral 2025 &#8211; 11\u00ba edi\u00e7\u00e3o JIF Goi\u00e1s<\/a><\/p>\n\n\n\n<p><\/p>\n\n\n\n<p><\/p>\n","protected":false},"excerpt":{"rendered":"<p>Regulamento Geral 2011 &#8211; 1\u00ba edi\u00e7\u00e3o JIF Goi\u00e1s Regulamento Geral 2012 &#8211; 2\u00ba edi\u00e7\u00e3o JIF Goi\u00e1s Regulamento Geral 2018 &#8211; 7\u00ba edi\u00e7\u00e3o JIF Goi\u00e1s Regulamento Geral 2019 &#8211; 8\u00ba edi\u00e7\u00e3o JIF Goi\u00e1s Regulamento Geral 2023 &#8211; 9\u00ba edi\u00e7\u00e3o JIF Goi\u00e1s Regulamento Geral 2024 &#8211; 10\u00ba edi\u00e7\u00e3o JIF Goi\u00e1s Regulamento Geral 2025 &#8211; 11\u00ba edi\u00e7\u00e3o JIF [&hellip;]<\/p>\n","protected":false},"author":134,"featured_media":0,"parent":0,"menu_order":0,"comment_status":"closed","ping_status":"closed","template":"","meta":{"ngg_post_thumbnail":0,"footnotes":""},"class_list":["post-512","page","type-page","status-publish","hentry"],"_links":{"self":[{"href":"https:\/\/eventos.ifg.edu.br\/jifgoias\/wp-json\/wp\/v2\/pages\/512"}],"collection":[{"href":"https:\/\/eventos.ifg.edu.br\/jifgoias\/wp-json\/wp\/v2\/pages"}],"about":[{"href":"https:\/\/eventos.ifg.edu.br\/jifgoias\/wp-json\/wp\/v2\/types\/page"}],"author":[{"embeddable":true,"href":"https:\/\/eventos.ifg.edu.br\/jifgoias\/wp-json\/wp\/v2\/users\/134"}],"replies":[{"embeddable":true,"href":"https:\/\/eventos.ifg.edu.br\/jifgoias\/wp-json\/wp\/v2\/comments?post=512"}],"version-history":[{"count":4,"href":"https:\/\/eventos.ifg.edu.br\/jifgoias\/wp-json\/wp\/v2\/pages\/512\/revisions"}],"predecessor-version":[{"id":526,"href":"https:\/\/eventos.ifg.edu.br\/jifgoias\/wp-json\/wp\/v2\/pages\/512\/revisions\/526"}],"wp:attachment":[{"href":"https:\/\/eventos.ifg.edu.br\/jifgoias\/wp-json\/wp\/v2\/media?parent=512"}],"curies":[{"name":"wp","href":"https:\/\/api.w.org\/{rel}","templated":true}]}}