{"id":69,"date":"2023-11-08T11:40:35","date_gmt":"2023-11-08T14:40:35","guid":{"rendered":"http:\/\/eventos.ifg.edu.br\/jedi\/?page_id=69"},"modified":"2023-12-06T11:04:34","modified_gmt":"2023-12-06T14:04:34","slug":"protocolos-seguranca","status":"publish","type":"page","link":"https:\/\/eventos.ifg.edu.br\/jedi\/paineis\/painel-seguranca-da-informacao\/protocolos-seguranca\/","title":{"rendered":"Protocolos de Seguran\u00e7a"},"content":{"rendered":"<h3>Protocolos de Seguran\u00e7a<\/h3>\n<hr \/>\n<h4>Seguran\u00e7a para usu\u00e1rios Android:<\/h4>\n<p>Acessar PDF:<\/p>\n<p><a href=\"http:\/\/eventos.ifg.edu.br\/jedi\/wp-content\/uploads\/sites\/84\/2023\/12\/Android-Controle-de-Seguranca.pdf\" target=\"_blank\">Android-Controle-de-Seguranca<\/a><\/p>\n<p>Acesse a narra\u00e7\u00e3o (audio) do PDF:<\/p>\n<!--[if lt IE 9]><script>document.createElement('audio');<\/script><![endif]-->\n<audio class=\"wp-audio-shortcode\" id=\"audio-69-1\" preload=\"none\" style=\"width: 100%;\" controls=\"controls\"><source type=\"audio\/mpeg\" src=\"http:\/\/eventos.ifg.edu.br\/jedi\/wp-content\/uploads\/sites\/84\/2023\/12\/Audio.mp3?_=1\" \/><a href=\"http:\/\/eventos.ifg.edu.br\/jedi\/wp-content\/uploads\/sites\/84\/2023\/12\/Audio.mp3\">http:\/\/eventos.ifg.edu.br\/jedi\/wp-content\/uploads\/sites\/84\/2023\/12\/Audio.mp3<\/a><\/audio>\n<hr \/>\n<h4>Redes sociais (Twitter):<\/h4>\n<p>Acessar PDF:<\/p>\n<p><a href=\"http:\/\/eventos.ifg.edu.br\/jedi\/wp-content\/uploads\/sites\/84\/2023\/12\/Redes-sociais.pdf\">Protocolo de seguran\u00e7a para Redes sociais &#8211; Twitter<\/a><\/p>\n<p>Acesse a narra\u00e7\u00e3o (audio) do PDF:<\/p>\n<audio class=\"wp-audio-shortcode\" id=\"audio-69-2\" preload=\"none\" style=\"width: 100%;\" controls=\"controls\"><source type=\"audio\/mpeg\" src=\"http:\/\/eventos.ifg.edu.br\/jedi\/wp-content\/uploads\/sites\/84\/2023\/12\/X.mp3?_=2\" \/><a href=\"http:\/\/eventos.ifg.edu.br\/jedi\/wp-content\/uploads\/sites\/84\/2023\/12\/X.mp3\">http:\/\/eventos.ifg.edu.br\/jedi\/wp-content\/uploads\/sites\/84\/2023\/12\/X.mp3<\/a><\/audio>\n<hr \/>\n<h4>Sistema Operacional (Windows):<\/h4>\n<p>Acessar PDF:<\/p>\n<p><a href=\"http:\/\/eventos.ifg.edu.br\/jedi\/wp-content\/uploads\/sites\/84\/2023\/12\/Protocolos-de-Seguran\u00e7a-Windows.pdf\">Protocolos de Seguran\u00e7a Windows<\/a><\/p>\n<p>Acesse a narra\u00e7\u00e3o (audio) do PDF:<\/p>\n<audio class=\"wp-audio-shortcode\" id=\"audio-69-3\" preload=\"none\" style=\"width: 100%;\" controls=\"controls\"><source type=\"audio\/mpeg\" src=\"http:\/\/eventos.ifg.edu.br\/jedi\/wp-content\/uploads\/sites\/84\/2023\/12\/ttsmaker-protocolo-de-seguran\u00e7a-Windows.mp3?_=3\" \/><a href=\"http:\/\/eventos.ifg.edu.br\/jedi\/wp-content\/uploads\/sites\/84\/2023\/12\/ttsmaker-protocolo-de-seguran\u00e7a-Windows.mp3\">http:\/\/eventos.ifg.edu.br\/jedi\/wp-content\/uploads\/sites\/84\/2023\/12\/ttsmaker-protocolo-de-seguran\u00e7a-Windows.mp3<\/a><\/audio>\n<p>&nbsp;<\/p>\n","protected":false},"excerpt":{"rendered":"<p>Protocolos de Seguran\u00e7a Seguran\u00e7a para usu\u00e1rios Android: Acessar PDF: Android-Controle-de-Seguranca Acesse a narra\u00e7\u00e3o (audio) do PDF: Redes sociais (Twitter): Acessar PDF: Protocolo de seguran\u00e7a para Redes sociais &#8211; Twitter Acesse a narra\u00e7\u00e3o (audio) do PDF: Sistema Operacional (Windows): Acessar PDF:<\/p>\n","protected":false},"author":209,"featured_media":0,"parent":62,"menu_order":0,"comment_status":"closed","ping_status":"closed","template":"","meta":{"footnotes":""},"class_list":["post-69","page","type-page","status-publish","hentry"],"_links":{"self":[{"href":"https:\/\/eventos.ifg.edu.br\/jedi\/wp-json\/wp\/v2\/pages\/69"}],"collection":[{"href":"https:\/\/eventos.ifg.edu.br\/jedi\/wp-json\/wp\/v2\/pages"}],"about":[{"href":"https:\/\/eventos.ifg.edu.br\/jedi\/wp-json\/wp\/v2\/types\/page"}],"author":[{"embeddable":true,"href":"https:\/\/eventos.ifg.edu.br\/jedi\/wp-json\/wp\/v2\/users\/209"}],"replies":[{"embeddable":true,"href":"https:\/\/eventos.ifg.edu.br\/jedi\/wp-json\/wp\/v2\/comments?post=69"}],"version-history":[{"count":12,"href":"https:\/\/eventos.ifg.edu.br\/jedi\/wp-json\/wp\/v2\/pages\/69\/revisions"}],"predecessor-version":[{"id":103,"href":"https:\/\/eventos.ifg.edu.br\/jedi\/wp-json\/wp\/v2\/pages\/69\/revisions\/103"}],"up":[{"embeddable":true,"href":"https:\/\/eventos.ifg.edu.br\/jedi\/wp-json\/wp\/v2\/pages\/62"}],"wp:attachment":[{"href":"https:\/\/eventos.ifg.edu.br\/jedi\/wp-json\/wp\/v2\/media?parent=69"}],"curies":[{"name":"wp","href":"https:\/\/api.w.org\/{rel}","templated":true}]}}