{"id":62,"date":"2023-11-08T11:18:25","date_gmt":"2023-11-08T14:18:25","guid":{"rendered":"http:\/\/eventos.ifg.edu.br\/jedi\/?page_id=62"},"modified":"2023-12-06T10:18:37","modified_gmt":"2023-12-06T13:18:37","slug":"painel-seguranca-da-informacao","status":"publish","type":"page","link":"https:\/\/eventos.ifg.edu.br\/jedi\/paineis\/painel-seguranca-da-informacao\/","title":{"rendered":"Painel &#8211; Seguran\u00e7a da Informa\u00e7\u00e3o"},"content":{"rendered":"<h2>Protocolos de seguran\u00e7a:<\/h2>\n<p><a href=\"https:\/\/eventos.ifg.edu.br\/jedi\/paineis\/painel-seguranca-da-informacao\/protocolos-seguranca\/\">Clique para abrir.<\/a><\/p>\n<hr \/>\n<h2>Principais amea\u00e7as \u00e0 seguran\u00e7a da informa\u00e7\u00e3o<\/h2>\n<ul>\n<li>Arquivo em pdf para leitura: <a href=\"https:\/\/drive.google.com\/file\/d\/1geP14-svzvwr5lEK1bIFtqpoar4elsoh\/view?usp=drive_link\" target=\"_blank\">clique para abrir.<\/a><\/li>\n<li>Acessibilidade: escolha e clique para acessar os t\u00f3picos em \u00e1udio:\n<ul>\n<li><a href=\"https:\/\/drive.google.com\/file\/d\/1_SqJOwY84VEE-piP1a9qCygUw94_EnLH\/view?usp=drive_link\" target=\"_blank\">Clique para ouvir<\/a><\/li>\n<\/ul>\n<\/li>\n<\/ul>\n<h2>Conceitos e Defini\u00e7\u00f5es: disponibilidade, integridade e autenticidade<\/h2>\n<ul>\n<li>Arquivo em pdf para leitura: <a href=\"https:\/\/drive.google.com\/file\/d\/1F4YzvR-Lrmt_tRWzfm88pDh0VixWYNHC\/view?usp=drive_link\" target=\"_blank\">clique para abrir.<\/a><\/li>\n<li>Acessibilidade: escolha e clique para acessar os t\u00f3picos em \u00e1udio:\n<ul>\n<li>Autenticidade: <a href=\"https:\/\/drive.google.com\/file\/d\/1TqRChr4MTG3bcVOVQtdrL9zewzwMD7hD\/view?usp=drive_link\" target=\"_blank\">Clique para ouvir<\/a><\/li>\n<li>Como se proteger: <a href=\"https:\/\/drive.google.com\/file\/d\/1ePmEYqvRpJCm9CFOcyROxsAX-YUKzDzH\/view?usp=drive_link\" target=\"_blank\">Clique para ouvir<\/a><\/li>\n<li>Princ\u00edpios fundamentais: <a href=\"https:\/\/drive.google.com\/file\/d\/1FQ5jBF4b750K7XOpgQ4kELxiL84STD6B\/view?usp=drive_link\" target=\"_blank\">Clique para ouvir<\/a><\/li>\n<li>Disponibilidade: <a href=\"https:\/\/drive.google.com\/file\/d\/1j-QiUlZ2PGq-7wjYemub1puMlTv2J3cS\/view?usp=drive_link\" target=\"_blank\">Clique para ouvir<\/a><\/li>\n<li>Integridade: <a href=\"https:\/\/drive.google.com\/file\/d\/1ZmnBefVxnySCgWoR2yh2yS5lgD8DgGaQ\/view?usp=drive_link\" target=\"_blank\">Clique para ouvir<\/a><\/li>\n<li><\/li>\n<\/ul>\n<\/li>\n<\/ul>\n<h2>Vulnerabilidades<\/h2>\n<ul>\n<li>Arquivo em pdf para leitura: <a href=\"https:\/\/drive.google.com\/file\/d\/1OKbW6kiMn7EhFA7P-qpFQghqOb_D0JSi\/view?usp=drive_link\" target=\"_blank\">clique para abrir.<\/a><\/li>\n<li>Acessibilidade: escolha e clique para acessar os t\u00f3picos em \u00e1udio:\n<ul>\n<li>Vulnerabilidade: <a href=\"https:\/\/drive.google.com\/file\/d\/10FtMx3vOhf7eEBLScRm9mDqO2WiPhwAw\/view?usp=drive_link\" target=\"_blank\">Clique para ouvir<\/a><\/li>\n<li>Redes: <a href=\"https:\/\/drive.google.com\/file\/d\/1irtt1_XzUwL89BVCARNENj44CFHcUwHU\/view?usp=drive_link\" target=\"_blank\">Clique para ouvir<\/a><\/li>\n<li>Software: <a href=\"https:\/\/drive.google.com\/file\/d\/10-FEPgm4h4nWYevkLuhm-iJ9psvRq7W4\/view?usp=drive_link\" target=\"_blank\">Clique para ouvir<\/a><\/li>\n<li>Peopleware \/ pessoas \/ engenharia social: <a href=\"https:\/\/drive.google.com\/file\/d\/1r9pm6z4eRY3jvr6mmys04o4-6xJ0vO10\/view?usp=drive_link\" target=\"_blank\">Clique para ouvir<\/a><\/li>\n<li>Pol\u00edticas de seguran\u00e7a: <a href=\"https:\/\/drive.google.com\/file\/d\/1AqS12si41XeEyDQxZDEzuDoMQdfzaTsq\/view?usp=drive_link\" target=\"_blank\">Clique para ouvir<\/a><\/li>\n<\/ul>\n<\/li>\n<\/ul>\n<h2>Amea\u00e7as e vulnerabilidades em dispositivos m\u00f3veis<\/h2>\n<ul>\n<li>Arquivo em pdf para leitura: clique para abrir.<\/li>\n<li>Acessibilidade: escolha e clique para acessar os t\u00f3picos em \u00e1udio:\n<ul>\n<li><a href=\"https:\/\/drive.google.com\/file\/d\/1ahUENgyb4z9hhhJiC8cSx9SlsdhW1nEI\/view?usp=drive_link\" target=\"_blank\">Clique para ouvir<\/a><\/li>\n<\/ul>\n<\/li>\n<\/ul>\n<h2>Casos reais de amea\u00e7as e vulnerabilidades reportados na m\u00eddia<\/h2>\n<ul>\n<li>Arquivo em pdf para leitura: <a href=\"https:\/\/drive.google.com\/file\/d\/1fhaUmXYKS6gm9YOkzRgg4X45PQ6Nzdru\/view?usp=drive_link\" target=\"_blank\">clique para abrir.<\/a><\/li>\n<li>Acessibilidade: escolha e clique para acessar os t\u00f3picos em \u00e1udio:\n<ul>\n<li><a href=\"https:\/\/drive.google.com\/file\/d\/13TPsdYQ4ZOQpHZrQmsfIUSSDKHGftwYC\/view?usp=sharing\" target=\"_blank\">Clique para abrir<\/a><\/li>\n<\/ul>\n<\/li>\n<li>V\u00eddeos sobre os casos: Clique para ver.<\/li>\n<\/ul>\n","protected":false},"excerpt":{"rendered":"<p>Protocolos de seguran\u00e7a: Clique para abrir. Principais amea\u00e7as \u00e0 seguran\u00e7a da informa\u00e7\u00e3o Arquivo em pdf para leitura: clique para abrir. Acessibilidade: escolha e clique para acessar os t\u00f3picos em \u00e1udio: Clique para ouvir Conceitos e Defini\u00e7\u00f5es: disponibilidade, integridade e autenticidade<\/p>\n","protected":false},"author":209,"featured_media":0,"parent":58,"menu_order":0,"comment_status":"closed","ping_status":"closed","template":"","meta":{"footnotes":""},"class_list":["post-62","page","type-page","status-publish","hentry"],"_links":{"self":[{"href":"https:\/\/eventos.ifg.edu.br\/jedi\/wp-json\/wp\/v2\/pages\/62"}],"collection":[{"href":"https:\/\/eventos.ifg.edu.br\/jedi\/wp-json\/wp\/v2\/pages"}],"about":[{"href":"https:\/\/eventos.ifg.edu.br\/jedi\/wp-json\/wp\/v2\/types\/page"}],"author":[{"embeddable":true,"href":"https:\/\/eventos.ifg.edu.br\/jedi\/wp-json\/wp\/v2\/users\/209"}],"replies":[{"embeddable":true,"href":"https:\/\/eventos.ifg.edu.br\/jedi\/wp-json\/wp\/v2\/comments?post=62"}],"version-history":[{"count":20,"href":"https:\/\/eventos.ifg.edu.br\/jedi\/wp-json\/wp\/v2\/pages\/62\/revisions"}],"predecessor-version":[{"id":92,"href":"https:\/\/eventos.ifg.edu.br\/jedi\/wp-json\/wp\/v2\/pages\/62\/revisions\/92"}],"up":[{"embeddable":true,"href":"https:\/\/eventos.ifg.edu.br\/jedi\/wp-json\/wp\/v2\/pages\/58"}],"wp:attachment":[{"href":"https:\/\/eventos.ifg.edu.br\/jedi\/wp-json\/wp\/v2\/media?parent=62"}],"curies":[{"name":"wp","href":"https:\/\/api.w.org\/{rel}","templated":true}]}}